{"id":1638,"date":"2019-02-26T15:09:49","date_gmt":"2019-02-26T19:09:49","guid":{"rendered":"https:\/\/humanidades.uprrp.edu\/magac\/?page_id=1638"},"modified":"2019-02-26T15:12:36","modified_gmt":"2019-02-26T19:12:36","slug":"tasacion-de-arte-y-bienes-culturales","status":"publish","type":"page","link":"https:\/\/humanidades.uprrp.edu\/magac\/?page_id=1638","title":{"rendered":"Tasaci\u00f3n de arte y bienes culturales"},"content":{"rendered":"<p>Curso que explora desde la perspectiva de las artes visuales, la tasaci\u00f3n de bienes culturales en Puerto Rico y en los mercados internacionales. Se enfocar\u00e1 principalmente en c\u00f3mo se deben realizar investigaciones apropiadas para llegar a una opini\u00f3n de valor, como redactar reportes y la \u00e9tica en la profesi\u00f3n del tasador. Tambi\u00e9n se har\u00e1 un acercamiento a los procesos pr\u00e1cticos y te\u00f3ricos, as\u00ed como a los aspectos esenciales del manejo de colecciones de arte, registro, inventario y catalogaci\u00f3n de bienes culturales.<\/p>\n","protected":false},"excerpt":{"rendered":"<p>Curso que explora desde la perspectiva de las artes visuales, la tasaci\u00f3n de bienes culturales en Puerto Rico y en los mercados internacionales. Se enfocar\u00e1 principalmente en c\u00f3mo se deben realizar investigaciones apropiadas para llegar a una opini\u00f3n de valor, como redactar reportes y la \u00e9tica en la profesi\u00f3n del &#8230;<\/p>\n","protected":false},"author":6,"featured_media":0,"parent":0,"menu_order":0,"comment_status":"closed","ping_status":"closed","template":"","meta":{"footnotes":""},"class_list":["post-1638","page","type-page","status-publish","hentry","column","twocol"],"_links":{"self":[{"href":"https:\/\/humanidades.uprrp.edu\/magac\/index.php?rest_route=\/wp\/v2\/pages\/1638","targetHints":{"allow":["GET"]}}],"collection":[{"href":"https:\/\/humanidades.uprrp.edu\/magac\/index.php?rest_route=\/wp\/v2\/pages"}],"about":[{"href":"https:\/\/humanidades.uprrp.edu\/magac\/index.php?rest_route=\/wp\/v2\/types\/page"}],"author":[{"embeddable":true,"href":"https:\/\/humanidades.uprrp.edu\/magac\/index.php?rest_route=\/wp\/v2\/users\/6"}],"replies":[{"embeddable":true,"href":"https:\/\/humanidades.uprrp.edu\/magac\/index.php?rest_route=%2Fwp%2Fv2%2Fcomments&post=1638"}],"version-history":[{"count":2,"href":"https:\/\/humanidades.uprrp.edu\/magac\/index.php?rest_route=\/wp\/v2\/pages\/1638\/revisions"}],"predecessor-version":[{"id":1641,"href":"https:\/\/humanidades.uprrp.edu\/magac\/index.php?rest_route=\/wp\/v2\/pages\/1638\/revisions\/1641"}],"wp:attachment":[{"href":"https:\/\/humanidades.uprrp.edu\/magac\/index.php?rest_route=%2Fwp%2Fv2%2Fmedia&parent=1638"}],"curies":[{"name":"wp","href":"https:\/\/api.w.org\/{rel}","templated":true}]}}

Tasación de arte y bienes culturales

<p>Curso que explora desde la perspectiva de las artes visuales, la tasación de bienes culturales en Puerto Rico y en los mercados internacionales. Se enfocará principalmente en cómo se deben realizar investigaciones apropiadas para llegar a una opinión de valor, como redactar reportes y la ética en la profesión del tasador. También se hará un acercamiento a los procesos prácticos y teóricos, así como a los aspectos esenciales del manejo de colecciones de arte, registro, inventario y catalogación de bienes culturales.</p>

<p>Curso que explora desde la perspectiva de las artes visuales, la tasación de bienes culturales en Puerto Rico y en los mercados internacionales. Se enfocará principalmente en cómo se deben realizar investigaciones apropiadas para llegar a una opinión de valor, como redactar reportes y la ética en la profesión del &#8230;</p>
