{"id":1270,"date":"2016-05-05T10:45:48","date_gmt":"2016-05-05T14:45:48","guid":{"rendered":"https:\/\/humanidades.uprrp.edu\/magac\/?page_id=1270"},"modified":"2016-05-05T10:45:56","modified_gmt":"2016-05-05T14:45:56","slug":"temas-en-gestion-de-proyectos-culturales-pensamiento-de-diseno-y-gestion-cultural","status":"publish","type":"page","link":"https:\/\/humanidades.uprrp.edu\/magac\/?page_id=1270","title":{"rendered":"Temas en gesti\u00f3n de proyectos culturales:  Pensamiento de dise\u00f1o y gesti\u00f3n cultural"},"content":{"rendered":"<p>El curso es seminario\/taller que combina el teorizar y el hacer desde el Pensamiento de dise\u00f1o (<em>Design Thinking<\/em>) los conceptos, procesos, herramientas y modelos para ser implementado creativamente y producir cambios en una organizaci\u00f3n cultural. Se explora la relaci\u00f3n de arte-cultura y los aspectos de negocio, sus conflictos y contradicciones, para poder desarrollar proyectos dentro de las oportunidades de nuevas micro econom\u00edas. La metodolog\u00eda de Pensamiento de dise\u00f1o permite combinar los aspectos de intuici\u00f3n, la exploraci\u00f3n creativa con pensamiento anal\u00edtico y sistem\u00e1tico para poder identificar valor a\u00f1adido en servicios, ofertas y productos culturales y replicar resultados positivos en el negocio cultural. El curso aborda adem\u00e1s la cultura del dise\u00f1o, y sus distintos aspectos, industrial, comunicaci\u00f3n visual, estrat\u00e9gico y de experiencia, entre otros. La intenci\u00f3n del curso es que los gestores culturales puedan comprender como se puede abordar los problemas de gesti\u00f3n cultural adapt\u00e1ndose a los m\u00e9todos que usan los dise\u00f1adores para resolver problemas creativos.<\/p>\n","protected":false},"excerpt":{"rendered":"<p>El curso es seminario\/taller que combina el teorizar y el hacer desde el Pensamiento de dise\u00f1o (Design Thinking) los conceptos, procesos, herramientas y modelos para ser implementado creativamente y producir cambios en una organizaci\u00f3n cultural. Se explora la relaci\u00f3n de arte-cultura y los aspectos de negocio, sus conflictos y contradicciones, &#8230;<\/p>\n","protected":false},"author":3,"featured_media":0,"parent":0,"menu_order":0,"comment_status":"closed","ping_status":"closed","template":"","meta":{"footnotes":""},"class_list":["post-1270","page","type-page","status-publish","hentry","column","twocol"],"_links":{"self":[{"href":"https:\/\/humanidades.uprrp.edu\/magac\/index.php?rest_route=\/wp\/v2\/pages\/1270","targetHints":{"allow":["GET"]}}],"collection":[{"href":"https:\/\/humanidades.uprrp.edu\/magac\/index.php?rest_route=\/wp\/v2\/pages"}],"about":[{"href":"https:\/\/humanidades.uprrp.edu\/magac\/index.php?rest_route=\/wp\/v2\/types\/page"}],"author":[{"embeddable":true,"href":"https:\/\/humanidades.uprrp.edu\/magac\/index.php?rest_route=\/wp\/v2\/users\/3"}],"replies":[{"embeddable":true,"href":"https:\/\/humanidades.uprrp.edu\/magac\/index.php?rest_route=%2Fwp%2Fv2%2Fcomments&post=1270"}],"version-history":[{"count":1,"href":"https:\/\/humanidades.uprrp.edu\/magac\/index.php?rest_route=\/wp\/v2\/pages\/1270\/revisions"}],"predecessor-version":[{"id":1271,"href":"https:\/\/humanidades.uprrp.edu\/magac\/index.php?rest_route=\/wp\/v2\/pages\/1270\/revisions\/1271"}],"wp:attachment":[{"href":"https:\/\/humanidades.uprrp.edu\/magac\/index.php?rest_route=%2Fwp%2Fv2%2Fmedia&parent=1270"}],"curies":[{"name":"wp","href":"https:\/\/api.w.org\/{rel}","templated":true}]}}