{"id":1118,"date":"2016-02-05T16:57:11","date_gmt":"2016-02-05T20:57:11","guid":{"rendered":"https:\/\/humanidades.uprrp.edu\/magac\/?page_id=1118"},"modified":"2016-02-05T16:57:11","modified_gmt":"2016-02-05T20:57:11","slug":"politicas-culturales","status":"publish","type":"page","link":"https:\/\/humanidades.uprrp.edu\/magac\/?page_id=1118","title":{"rendered":"Pol\u00edticas Culturales"},"content":{"rendered":"<p>Estudio e investigaci\u00f3n sobre la cultura, las identidades y el arte en el Caribe. Se analizan las aportaciones de intelectuales de la regi\u00f3n como Frantz Fanon, Jean Casimir, Stuart Hall, Arcadio D\u00edaz Qui\u00f1ones y Shalini Puri, entre otros, al desarrollo de la teor\u00eda social y la cr\u00edtica cultural. Presta atenci\u00f3n especial a las formas en que las artes en la regi\u00f3n han participado, desde sus propios lenguajes, en las configuraciones de lo pol\u00edtico<\/p>\n","protected":false},"excerpt":{"rendered":"<p>Estudio e investigaci\u00f3n sobre la cultura, las identidades y el arte en el Caribe. Se analizan las aportaciones de intelectuales de la regi\u00f3n como Frantz Fanon, Jean Casimir, Stuart Hall, Arcadio D\u00edaz Qui\u00f1ones y Shalini Puri, entre otros, al desarrollo de la teor\u00eda social y la cr\u00edtica cultural. Presta atenci\u00f3n &#8230;<\/p>\n","protected":false},"author":3,"featured_media":0,"parent":0,"menu_order":0,"comment_status":"closed","ping_status":"closed","template":"","meta":{"footnotes":""},"class_list":["post-1118","page","type-page","status-publish","hentry","column","twocol"],"_links":{"self":[{"href":"https:\/\/humanidades.uprrp.edu\/magac\/index.php?rest_route=\/wp\/v2\/pages\/1118","targetHints":{"allow":["GET"]}}],"collection":[{"href":"https:\/\/humanidades.uprrp.edu\/magac\/index.php?rest_route=\/wp\/v2\/pages"}],"about":[{"href":"https:\/\/humanidades.uprrp.edu\/magac\/index.php?rest_route=\/wp\/v2\/types\/page"}],"author":[{"embeddable":true,"href":"https:\/\/humanidades.uprrp.edu\/magac\/index.php?rest_route=\/wp\/v2\/users\/3"}],"replies":[{"embeddable":true,"href":"https:\/\/humanidades.uprrp.edu\/magac\/index.php?rest_route=%2Fwp%2Fv2%2Fcomments&post=1118"}],"version-history":[{"count":1,"href":"https:\/\/humanidades.uprrp.edu\/magac\/index.php?rest_route=\/wp\/v2\/pages\/1118\/revisions"}],"predecessor-version":[{"id":1119,"href":"https:\/\/humanidades.uprrp.edu\/magac\/index.php?rest_route=\/wp\/v2\/pages\/1118\/revisions\/1119"}],"wp:attachment":[{"href":"https:\/\/humanidades.uprrp.edu\/magac\/index.php?rest_route=%2Fwp%2Fv2%2Fmedia&parent=1118"}],"curies":[{"name":"wp","href":"https:\/\/api.w.org\/{rel}","templated":true}]}}

Políticas Culturales

<p>Estudio e investigación sobre la cultura, las identidades y el arte en el Caribe. Se analizan las aportaciones de intelectuales de la región como Frantz Fanon, Jean Casimir, Stuart Hall, Arcadio Díaz Quiñones y Shalini Puri, entre otros, al desarrollo de la teoría social y la crítica cultural. Presta atención especial a las formas en que las artes en la región han participado, desde sus propios lenguajes, en las configuraciones de lo político</p>

<p>Estudio e investigación sobre la cultura, las identidades y el arte en el Caribe. Se analizan las aportaciones de intelectuales de la región como Frantz Fanon, Jean Casimir, Stuart Hall, Arcadio Díaz Quiñones y Shalini Puri, entre otros, al desarrollo de la teoría social y la crítica cultural. Presta atención &#8230;</p>
