{"id":86,"date":"2025-04-07T15:14:24","date_gmt":"2025-04-07T19:14:24","guid":{"rendered":"https:\/\/humanidades.uprrp.edu\/lspr\/?page_id=86"},"modified":"2025-05-15T13:44:55","modified_gmt":"2025-05-15T17:44:55","slug":"lista-de-vocabulario-swadesh","status":"publish","type":"page","link":"https:\/\/humanidades.uprrp.edu\/lspr\/lista-de-vocabulario-swadesh\/","title":{"rendered":"Lista de vocabulario Swadesh"},"content":{"rendered":"\n<figure class=\"wp-block-table has-small-font-size\"><table><tbody><tr><td><strong>Tiempo<\/strong><strong><\/strong><\/td><td><strong>Colores<\/strong><strong><\/strong><\/td><td><strong>Partes del cuerpo<\/strong><strong><\/strong><\/td><td><strong>Nombres uso com\u00fan 1<\/strong><strong><\/strong><\/td><td><strong>Nombre uso com\u00fan 2<\/strong><strong><\/strong><\/td><td><strong>Verbos uso com\u00fan<\/strong><strong><\/strong><\/td><td><strong>Adjetivos uso com\u00fan<\/strong><strong><\/strong><\/td><td><strong>Pronombres<\/strong><strong><\/strong><\/td><td><strong>Adverbios uso com\u00fan<\/strong><strong><\/strong><\/td><td><strong>N\u00fameros<\/strong><strong><\/strong><\/td><\/tr><tr><td><a href=\"https:\/\/humanidades.uprrp.edu\/lspr\/wp-content\/uploads\/sites\/14\/2025\/04\/Atardecer.mp4\">atardecer<\/a><\/td><td><a href=\"https:\/\/humanidades.uprrp.edu\/lspr\/wp-content\/uploads\/sites\/14\/2025\/05\/Amarillo.mp4\">amarillo<\/a><\/td><td><a href=\"https:\/\/humanidades.uprrp.edu\/lspr\/wp-content\/uploads\/sites\/14\/2025\/04\/Cara.mp4\">cara<\/a><\/td><td><a href=\"https:\/\/humanidades.uprrp.edu\/lspr\/wp-content\/uploads\/sites\/14\/2025\/04\/Aran\u0303a.mp4\">ara\u00f1a<\/a><\/td><td><strong>&nbsp;<\/strong><\/td><td><a href=\"https:\/\/humanidades.uprrp.edu\/lspr\/wp-content\/uploads\/sites\/14\/2025\/05\/Abrir.mp4\">abrir<\/a><\/td><td><a href=\"https:\/\/humanidades.uprrp.edu\/lspr\/wp-content\/uploads\/sites\/14\/2025\/04\/Cuadrado.mp4\">cuadrado<\/a><\/td><td><a href=\"https:\/\/humanidades.uprrp.edu\/lspr\/wp-content\/uploads\/sites\/14\/2025\/05\/Eso.mp4\">ese\/eso<\/a><\/td><td><a href=\"https:\/\/humanidades.uprrp.edu\/lspr\/wp-content\/uploads\/sites\/14\/2025\/05\/Antes.mp4\">antes<\/a><\/td><td><a href=\"https:\/\/humanidades.uprrp.edu\/lspr\/wp-content\/uploads\/sites\/14\/2025\/05\/Cuatro.mp4\">cuatro<\/a><\/td><\/tr><tr><td><strong>&nbsp;<\/strong><\/td><td><a href=\"https:\/\/humanidades.uprrp.edu\/lspr\/wp-content\/uploads\/sites\/14\/2025\/05\/Rojo.mp4\">rojo<\/a><\/td><td><a href=\"https:\/\/humanidades.uprrp.edu\/lspr\/wp-content\/uploads\/sites\/14\/2025\/05\/Ojosforma.mp4\">ojos (forma)<\/a><\/td><td><a href=\"https:\/\/humanidades.uprrp.edu\/lspr\/wp-content\/uploads\/sites\/14\/2025\/05\/A\u0301rbol.mp4\">\u00e1rbol<\/a><\/td><td><strong>&nbsp;<\/strong><\/td><td><a href=\"https:\/\/humanidades.uprrp.edu\/lspr\/wp-content\/uploads\/sites\/14\/2025\/05\/Bailar.mp4\">bailar<\/a><\/td><td><a href=\"https:\/\/humanidades.uprrp.edu\/lspr\/wp-content\/uploads\/sites\/14\/2025\/05\/Grande.mp4\">grande<\/a><\/td><td><a href=\"https:\/\/humanidades.uprrp.edu\/lspr\/wp-content\/uploads\/sites\/14\/2025\/05\/Yoo.mp4\">yo<\/a><\/td><td><a href=\"https:\/\/humanidades.uprrp.edu\/lspr\/wp-content\/uploads\/sites\/14\/2025\/05\/Bien.mp4\">bien<\/a><\/td><td>dos<\/td><\/tr><tr><td><strong>&nbsp;<\/strong><\/td><td><strong>&nbsp;<\/strong><\/td><td><strong>&nbsp;<\/strong><\/td><td><a href=\"https:\/\/humanidades.uprrp.edu\/lspr\/wp-content\/uploads\/sites\/14\/2025\/04\/Barbero.mp4\">barbero<\/a><\/td><td><strong>&nbsp;<\/strong><\/td><td><a href=\"https:\/\/humanidades.uprrp.edu\/lspr\/wp-content\/uploads\/sites\/14\/2025\/04\/Cepillarsedientes.mp4\">cepillarse (dientes)<\/a><\/td><td><a href=\"https:\/\/humanidades.uprrp.edu\/lspr\/wp-content\/uploads\/sites\/14\/2025\/05\/Largo.mp4\">largo<\/a><\/td><td><strong>&nbsp;<\/strong><\/td><td><a href=\"https:\/\/humanidades.uprrp.edu\/lspr\/wp-content\/uploads\/sites\/14\/2025\/05\/Gracias.mp4\">gracias<\/a><\/td><td><a href=\"https:\/\/humanidades.uprrp.edu\/lspr\/wp-content\/uploads\/sites\/14\/2025\/05\/Uno-CL.mp4\">uno<\/a><\/td><\/tr><tr><td><strong>&nbsp;<\/strong><\/td><td><strong>&nbsp;<\/strong><\/td><td><strong>&nbsp;<\/strong><\/td><td><a href=\"https:\/\/humanidades.uprrp.edu\/lspr\/wp-content\/uploads\/sites\/14\/2025\/04\/Bebe\u0301.mp4\">beb\u00e9<\/a><\/td><td><strong>&nbsp;<\/strong><\/td><td><a href=\"https:\/\/humanidades.uprrp.edu\/lspr\/wp-content\/uploads\/sites\/14\/2025\/04\/Figura-2-Cepillo-para-peinarse.png\">cepillo (cabello)<\/a><\/td><td><a href=\"https:\/\/humanidades.uprrp.edu\/lspr\/wp-content\/uploads\/sites\/14\/2025\/04\/Mucho.mp4\">muchos<\/a><\/td><td><strong>&nbsp;<\/strong><\/td><td><a href=\"https:\/\/humanidades.uprrp.edu\/lspr\/wp-content\/uploads\/sites\/14\/2025\/04\/Ya.mp4\">ya<\/a><\/td><td><strong>&nbsp;<\/strong><\/td><\/tr><tr><td><strong>&nbsp;<\/strong><\/td><td><strong>&nbsp;<\/strong><\/td><td><strong>&nbsp;<\/strong><\/td><td><a href=\"https:\/\/humanidades.uprrp.edu\/lspr\/wp-content\/uploads\/sites\/14\/2025\/04\/Bosque.mp4\">bosque<\/a><\/td><td><strong>&nbsp;<\/strong><\/td><td><a href=\"https:\/\/humanidades.uprrp.edu\/lspr\/wp-content\/uploads\/sites\/14\/2025\/04\/Comer-.mp4\">comer<\/a><\/td><td><a href=\"https:\/\/humanidades.uprrp.edu\/lspr\/wp-content\/uploads\/sites\/14\/2025\/05\/Pequen\u0303o.mp4\">peque\u00f1o<\/a><\/td><td><strong>&nbsp;<\/strong><\/td><td><strong>&nbsp;<\/strong><\/td><td><strong>&nbsp;<\/strong><\/td><\/tr><tr><td><strong>&nbsp;<\/strong><\/td><td><strong>&nbsp;<\/strong><\/td><td>&nbsp;<\/td><td><a href=\"https:\/\/humanidades.uprrp.edu\/lspr\/wp-content\/uploads\/sites\/14\/2025\/04\/Caballo.mp4\">caballo<\/a><\/td><td>&nbsp;<\/td><td><a href=\"https:\/\/humanidades.uprrp.edu\/lspr\/wp-content\/uploads\/sites\/14\/2025\/04\/Contruiredificio.mp4\">construir (edificio)<\/a><\/td><td><a href=\"https:\/\/humanidades.uprrp.edu\/lspr\/wp-content\/uploads\/sites\/14\/2025\/04\/Redondo-reloj.mp4\">redondo (reloj)<\/a><\/td><td><strong>&nbsp;<\/strong><\/td><td><strong>&nbsp;<\/strong><\/td><td><strong>&nbsp;<\/strong><\/td><\/tr><tr><td><strong>&nbsp;<\/strong><\/td><td><strong>&nbsp;<\/strong><\/td><td><strong>&nbsp;<\/strong><\/td><td><a href=\"https:\/\/humanidades.uprrp.edu\/lspr\/wp-content\/uploads\/sites\/14\/2025\/04\/Cama.mp4\">cama<\/a><\/td><td><strong>&nbsp;<\/strong><\/td><td><a href=\"https:\/\/humanidades.uprrp.edu\/lspr\/wp-content\/uploads\/sites\/14\/2025\/05\/Dormir.mp4\">dormir<\/a><\/td><td><a href=\"https:\/\/humanidades.uprrp.edu\/lspr\/wp-content\/uploads\/sites\/14\/2025\/05\/Viejo.mp4\">viejo<\/a><\/td><td><strong>&nbsp;<\/strong><\/td><td><strong>&nbsp;<\/strong><\/td><td><strong>&nbsp;<\/strong><\/td><\/tr><tr><td><strong>&nbsp;<\/strong><\/td><td><strong>&nbsp;<\/strong><\/td><td><strong>&nbsp;<\/strong><\/td><td><a href=\"https:\/\/humanidades.uprrp.edu\/lspr\/wp-content\/uploads\/sites\/14\/2025\/04\/Casa.mp4\">casa<\/a><\/td><td><strong>&nbsp;<\/strong><\/td><td>est\u00e1 bien<\/td><td><strong>&nbsp;<\/strong><\/td><td><strong>&nbsp;<\/strong><\/td><td><strong>&nbsp;<\/strong><\/td><td><strong>&nbsp;<\/strong><\/td><\/tr><tr><td><strong>&nbsp;<\/strong><\/td><td><strong>&nbsp;<\/strong><\/td><td><strong>&nbsp;<\/strong><\/td><td><a href=\"https:\/\/humanidades.uprrp.edu\/lspr\/wp-content\/uploads\/sites\/14\/2025\/04\/Celular.mp4\">celular<\/a><\/td><td><strong>&nbsp;<\/strong><\/td><td><a href=\"https:\/\/humanidades.uprrp.edu\/lspr\/wp-content\/uploads\/sites\/14\/2025\/05\/Estar-de-pie.mp4\">estar de pie<\/a><\/td><td><strong>&nbsp;<\/strong><\/td><td><strong>&nbsp;<\/strong><\/td><td><strong>&nbsp;<\/strong><\/td><td><strong>&nbsp;<\/strong><\/td><\/tr><tr><td><strong>&nbsp;<\/strong><\/td><td><strong>&nbsp;<\/strong><\/td><td><strong>&nbsp;<\/strong><\/td><td><a href=\"https:\/\/humanidades.uprrp.edu\/lspr\/wp-content\/uploads\/sites\/14\/2025\/04\/Cirugi\u0301aoperacio\u0301n.mp4\">cirug\u00eda<\/a><\/td><td>&nbsp;<\/td><td><a href=\"https:\/\/humanidades.uprrp.edu\/lspr\/wp-content\/uploads\/sites\/14\/2025\/05\/Guiar-carro.mp4\">guiar carro<\/a><\/td><td><strong>&nbsp;<\/strong><\/td><td><strong>&nbsp;<\/strong><\/td><td><strong>&nbsp;<\/strong><\/td><td><strong>&nbsp;<\/strong><\/td><\/tr><tr><td><strong>&nbsp;<\/strong><\/td><td><strong>&nbsp;<\/strong><\/td><td><strong>&nbsp;<\/strong><\/td><td><a href=\"https:\/\/humanidades.uprrp.edu\/lspr\/wp-content\/uploads\/sites\/14\/2025\/04\/Cucarachaparticipante-2.mp4\">cucaracha<\/a><\/td><td><\/td><td><a href=\"https:\/\/humanidades.uprrp.edu\/lspr\/wp-content\/uploads\/sites\/14\/2025\/05\/Hablar-por-video-llamada.mp4\">hablar por video llamada<\/a><\/td><td><strong>&nbsp;<\/strong><\/td><td><strong>&nbsp;<\/strong><\/td><td><strong>&nbsp;<\/strong><\/td><td><strong>&nbsp;<\/strong><\/td><\/tr><tr><td><strong>&nbsp;<\/strong><\/td><td><strong>&nbsp;<\/strong><\/td><td><strong>&nbsp;<\/strong><\/td><td><a href=\"https:\/\/humanidades.uprrp.edu\/lspr\/wp-content\/uploads\/sites\/14\/2025\/04\/Cucharaparticipante-4.mp4\">cuchara<\/a><\/td><td><strong>&nbsp;<\/strong><\/td><td><a href=\"https:\/\/humanidades.uprrp.edu\/lspr\/wp-content\/uploads\/sites\/14\/2025\/05\/Limpiar.mp4\">limpiar<\/a><\/td><td>&nbsp;<\/td><td><strong>&nbsp;<\/strong><\/td><td><strong>&nbsp;<\/strong><\/td><td><strong>&nbsp;<\/strong><\/td><\/tr><tr><td><strong>&nbsp;<\/strong><\/td><td><strong>&nbsp;<\/strong><\/td><td><strong>&nbsp;<\/strong><\/td><td><a href=\"https:\/\/humanidades.uprrp.edu\/lspr\/wp-content\/uploads\/sites\/14\/2025\/04\/Cuchillo.mp4\">cuchillo<\/a><\/td><td><strong>&nbsp;<\/strong><\/td><td><a href=\"https:\/\/humanidades.uprrp.edu\/lspr\/wp-content\/uploads\/sites\/14\/2025\/05\/Mirarr.mp4\">mirar<\/a><\/td><td><strong>&nbsp;<\/strong><\/td><td><strong>&nbsp;<\/strong><\/td><td><strong>&nbsp;<\/strong><\/td><td><strong>&nbsp;<\/strong><\/td><\/tr><tr><td><strong>&nbsp;<\/strong><\/td><td><strong>&nbsp;<\/strong><\/td><td><strong>&nbsp;<\/strong><\/td><td><a href=\"https:\/\/humanidades.uprrp.edu\/lspr\/wp-content\/uploads\/sites\/14\/2025\/04\/Culebraserpiente.mp4\">culebra<\/a><\/td><td><strong>&nbsp;<\/strong><\/td><td><a href=\"https:\/\/humanidades.uprrp.edu\/lspr\/wp-content\/uploads\/sites\/14\/2025\/04\/Morir.mp4\">morir<\/a><\/td><td><strong>&nbsp;<\/strong><\/td><td><strong>&nbsp;<\/strong><\/td><td><strong>&nbsp;<\/strong><\/td><td><strong>&nbsp;<\/strong><\/td><\/tr><tr><td><strong>&nbsp;<\/strong><\/td><td><strong>&nbsp;<\/strong><\/td><td><strong>&nbsp;<\/strong><\/td><td><a href=\"https:\/\/humanidades.uprrp.edu\/lspr\/wp-content\/uploads\/sites\/14\/2025\/04\/Edificio.mp4\">edificio<\/a><\/td><td><strong>&nbsp;<\/strong><\/td><td><a href=\"https:\/\/humanidades.uprrp.edu\/lspr\/wp-content\/uploads\/sites\/14\/2025\/05\/Peinarse.mp4\">peinarse<\/a><\/td><td><strong>&nbsp;<\/strong><\/td><td><strong>&nbsp;<\/strong><\/td><td><strong>&nbsp;<\/strong><\/td><td><strong>&nbsp;<\/strong><\/td><\/tr><tr><td><strong>&nbsp;<\/strong><\/td><td><strong>&nbsp;<\/strong><\/td><td><strong>&nbsp;<\/strong><\/td><td><a href=\"https:\/\/humanidades.uprrp.edu\/lspr\/wp-content\/uploads\/sites\/14\/2025\/04\/Gato.mp4\">gato<\/a><\/td><td><strong>&nbsp;<\/strong><\/td><td><a href=\"https:\/\/humanidades.uprrp.edu\/lspr\/wp-content\/uploads\/sites\/14\/2025\/04\/Recortartijera.mp4\">recortar (con tijera)<\/a><\/td><td><strong>&nbsp;<\/strong><\/td><td><strong>&nbsp;<\/strong><\/td><td><strong>&nbsp;<\/strong><\/td><td><strong>&nbsp;<\/strong><\/td><\/tr><tr><td><strong>&nbsp;<\/strong><\/td><td><strong>&nbsp;<\/strong><\/td><td><strong>&nbsp;<\/strong><\/td><td><a href=\"https:\/\/humanidades.uprrp.edu\/lspr\/wp-content\/uploads\/sites\/14\/2025\/05\/Gusano.mp4\">gusano<\/a><\/td><td><strong>&nbsp;<\/strong><\/td><td><a href=\"https:\/\/humanidades.uprrp.edu\/lspr\/wp-content\/uploads\/sites\/14\/2025\/04\/Recortarma\u0301quina.mp4\">recortar (con m\u00e1quina)<\/a><\/td><td><strong>&nbsp;<\/strong><\/td><td><strong>&nbsp;<\/strong><\/td><td><strong>&nbsp;<\/strong><\/td><td><strong>&nbsp;<\/strong><\/td><\/tr><tr><td><strong>&nbsp;<\/strong><\/td><td><strong>&nbsp;<\/strong><\/td><td><strong>&nbsp;<\/strong><\/td><td><a href=\"https:\/\/humanidades.uprrp.edu\/lspr\/wp-content\/uploads\/sites\/14\/2025\/05\/Libro.mp4\">libro<\/a><\/td><td><strong>&nbsp;<\/strong><\/td><td><a href=\"https:\/\/humanidades.uprrp.edu\/lspr\/wp-content\/uploads\/sites\/14\/2025\/04\/Sentarse.mp4\">sentarse<\/a><\/td><td><strong>&nbsp;<\/strong><\/td><td><strong>&nbsp;<\/strong><\/td><td><strong>&nbsp;<\/strong><\/td><td><strong>&nbsp;<\/strong><\/td><\/tr><tr><td><strong>&nbsp;<\/strong><\/td><td><strong>&nbsp;<\/strong><\/td><td><strong>&nbsp;<\/strong><\/td><td><a href=\"https:\/\/humanidades.uprrp.edu\/lspr\/wp-content\/uploads\/sites\/14\/2025\/04\/Mujer.mp4\">mujer<\/a><\/td><td><strong>&nbsp;<\/strong><\/td><td><a href=\"https:\/\/humanidades.uprrp.edu\/lspr\/wp-content\/uploads\/sites\/14\/2025\/05\/Trabajar.mp4\">trabajar<\/a><\/td><td><strong>&nbsp;<\/strong><\/td><td><strong>&nbsp;<\/strong><\/td><td><strong>&nbsp;<\/strong><\/td><td><strong>&nbsp;<\/strong><\/td><\/tr><tr><td><strong>&nbsp;<\/strong><\/td><td><strong>&nbsp;<\/strong><\/td><td><strong>&nbsp;<\/strong><\/td><td><a href=\"https:\/\/humanidades.uprrp.edu\/lspr\/wp-content\/uploads\/sites\/14\/2025\/04\/Pajaro.mp4\">p\u00e1jaro<\/a><\/td><td><strong>&nbsp;<\/strong><\/td><td><a href=\"https:\/\/humanidades.uprrp.edu\/lspr\/wp-content\/uploads\/sites\/14\/2025\/05\/Volar-Pa\u0301jaro.mp4\">volar<\/a><\/td><td><strong>&nbsp;<\/strong><\/td><td><strong>&nbsp;<\/strong><\/td><td><strong>&nbsp;<\/strong><\/td><td><strong>&nbsp;<\/strong><\/td><\/tr><tr><td><strong>&nbsp;<\/strong><\/td><td><strong>&nbsp;<\/strong><\/td><td><strong>&nbsp;<\/strong><\/td><td><a href=\"https:\/\/humanidades.uprrp.edu\/lspr\/wp-content\/uploads\/sites\/14\/2025\/04\/Perro.mp4\">perro<\/a><\/td><td><strong>&nbsp;<\/strong><\/td><td><strong>&nbsp;<\/strong><\/td><td><strong>&nbsp;<\/strong><\/td><td><strong>&nbsp;<\/strong><\/td><td><strong>&nbsp;<\/strong><\/td><td><strong>&nbsp;<\/strong><\/td><\/tr><tr><td><strong>&nbsp;<\/strong><\/td><td><strong>&nbsp;<\/strong><\/td><td><strong>&nbsp;<\/strong><\/td><td><a href=\"https:\/\/humanidades.uprrp.edu\/lspr\/wp-content\/uploads\/sites\/14\/2025\/04\/Pez.mp4\">pez<\/a><\/td><td><strong>&nbsp;<\/strong><\/td><td>&nbsp;<\/td><td><strong>&nbsp;<\/strong><\/td><td><strong>&nbsp;<\/strong><\/td><td><strong>&nbsp;<\/strong><\/td><td><strong>&nbsp;<\/strong><\/td><\/tr><tr><td><strong>&nbsp;<\/strong><\/td><td><strong>&nbsp;<\/strong><\/td><td><strong>&nbsp;<\/strong><\/td><td><a href=\"https:\/\/humanidades.uprrp.edu\/lspr\/wp-content\/uploads\/sites\/14\/2025\/05\/Sapoo.mp4\">sapo<\/a><\/td><td><strong>&nbsp;<\/strong><\/td><td><strong>&nbsp;<\/strong><\/td><td><strong>&nbsp;<\/strong><\/td><td><strong>&nbsp;<\/strong><\/td><td><strong>&nbsp;<\/strong><\/td><td><strong>&nbsp;<\/strong><\/td><\/tr><tr><td><strong>&nbsp;<\/strong><\/td><td><strong>&nbsp;<\/strong><\/td><td><strong>&nbsp;<\/strong><\/td><td><a href=\"https:\/\/humanidades.uprrp.edu\/lspr\/wp-content\/uploads\/sites\/14\/2025\/05\/Sopa.mp4\">sopa<\/a><\/td><td><strong>&nbsp;<\/strong><\/td><td><strong>&nbsp;<\/strong><\/td><td><strong>&nbsp;<\/strong><\/td><td><strong>&nbsp;<\/strong><\/td><td><strong>&nbsp;<\/strong><\/td><td><strong>&nbsp;<\/strong><\/td><\/tr><tr><td><strong>&nbsp;<\/strong><\/td><td><strong>&nbsp;<\/strong><\/td><td><strong>&nbsp;<\/strong><\/td><td><a href=\"https:\/\/humanidades.uprrp.edu\/lspr\/wp-content\/uploads\/sites\/14\/2025\/04\/Tele\u0301fono-de-base.mp4\">tel\u00e9fono de base<\/a><\/td><td>&nbsp;<\/td><td><strong>&nbsp;<\/strong><\/td><td><strong>&nbsp;<\/strong><\/td><td><strong>&nbsp;<\/strong><\/td><td><strong>&nbsp;<\/strong><\/td><td><strong>&nbsp;<\/strong><\/td><\/tr><tr><td><strong>&nbsp;<\/strong><\/td><td><strong>&nbsp;<\/strong><\/td><td><strong>&nbsp;<\/strong><\/td><td><a href=\"https:\/\/humanidades.uprrp.edu\/lspr\/wp-content\/uploads\/sites\/14\/2025\/04\/Tierra.mp4\">tierra<\/a><\/td><td>&nbsp;<\/td><td>&nbsp;<\/td><td><strong>&nbsp;<\/strong><\/td><td><strong>&nbsp;<\/strong><\/td><td><strong>&nbsp;<\/strong><\/td><td><strong>&nbsp;<\/strong><\/td><\/tr><tr><td><strong>&nbsp;<\/strong><\/td><td><strong>&nbsp;<\/strong><\/td><td><strong>&nbsp;<\/strong><\/td><td><a href=\"https:\/\/humanidades.uprrp.edu\/lspr\/wp-content\/uploads\/sites\/14\/2025\/04\/Tijera.mp4\">tijera<\/a><\/td><td><strong>&nbsp;<\/strong><\/td><td>&nbsp;<\/td><td><strong>&nbsp;<\/strong><\/td><td><strong>&nbsp;<\/strong><\/td><td><strong>&nbsp;<\/strong><\/td><td><strong>&nbsp;<\/strong><\/td><\/tr><tr><td><strong>&nbsp;<\/strong><\/td><td><strong>&nbsp;<\/strong><\/td><td><strong>&nbsp;<\/strong><\/td><td><a href=\"https:\/\/humanidades.uprrp.edu\/lspr\/wp-content\/uploads\/sites\/14\/2025\/04\/Video-2-Vehiculo.mp4\">veh\u00edculo (todo-terreno)<\/a><\/td><td><strong>&nbsp;<\/strong><\/td><td>&nbsp;<\/td><td><strong>&nbsp;<\/strong><\/td><td><strong>&nbsp;<\/strong><\/td><td><strong>&nbsp;<\/strong><\/td><td><strong>&nbsp;<\/strong><\/td><\/tr><\/tbody><\/table><\/figure>\n\n\n\n<div class=\"wp-block-columns is-layout-flex wp-container-core-columns-is-layout-9d6595d7 wp-block-columns-is-layout-flex\">\n<div class=\"wp-block-column is-layout-flow wp-block-column-is-layout-flow\">\n<figure class=\"wp-block-embed is-type-video is-provider-youtube wp-block-embed-youtube wp-embed-aspect-16-9 wp-has-aspect-ratio\"><div class=\"wp-block-embed__wrapper\">\n<iframe title=\"Lista Swadesh 1\" width=\"785\" height=\"442\" src=\"https:\/\/www.youtube.com\/embed\/hykCO8LYWlw?feature=oembed\" frameborder=\"0\" allow=\"accelerometer; autoplay; clipboard-write; encrypted-media; gyroscope; picture-in-picture; web-share\" referrerpolicy=\"strict-origin-when-cross-origin\" allowfullscreen><\/iframe>\n<\/div><\/figure>\n<\/div>\n\n\n\n<div class=\"wp-block-column is-layout-flow wp-block-column-is-layout-flow\">\n<figure class=\"wp-block-embed is-type-video is-provider-youtube wp-block-embed-youtube wp-embed-aspect-16-9 wp-has-aspect-ratio\"><div class=\"wp-block-embed__wrapper\">\n<iframe title=\"Lista Swadesh 2\" width=\"785\" height=\"442\" src=\"https:\/\/www.youtube.com\/embed\/TGK78iGl7Uk?feature=oembed\" frameborder=\"0\" allow=\"accelerometer; autoplay; clipboard-write; encrypted-media; gyroscope; picture-in-picture; web-share\" referrerpolicy=\"strict-origin-when-cross-origin\" allowfullscreen><\/iframe>\n<\/div><\/figure>\n<\/div>\n<\/div>\n","protected":false},"excerpt":{"rendered":"<p>Tiempo Colores Partes del cuerpo Nombres uso com\u00fan 1 Nombre uso com\u00fan 2 Verbos uso com\u00fan Adjetivos uso com\u00fan Pronombres Adverbios uso com\u00fan N\u00fameros atardecer amarillo cara ara\u00f1a &nbsp; abrir cuadrado ese\/eso antes cuatro &nbsp; rojo ojos (forma) \u00e1rbol &nbsp; bailar grande yo bien dos &nbsp; &nbsp; &nbsp; barbero &nbsp; cepillarse (dientes) largo &nbsp; gracias uno &nbsp; &nbsp; &nbsp; beb\u00e9 &nbsp; cepillo (cabello) muchos &nbsp; ya &nbsp; &nbsp; &nbsp; &nbsp; bosque &nbsp; comer peque\u00f1o &nbsp; &nbsp; &nbsp; &nbsp; &nbsp; &nbsp;<\/p>\n","protected":false},"author":2,"featured_media":0,"parent":0,"menu_order":0,"comment_status":"closed","ping_status":"closed","template":"template-fullwidth.php","meta":{"_eb_attr":"","_monsterinsights_skip_tracking":false,"_monsterinsights_sitenote_active":false,"_monsterinsights_sitenote_note":"","_monsterinsights_sitenote_category":0,"footnotes":""},"class_list":["post-86","page","type-page","status-publish","hentry"],"_links":{"self":[{"href":"https:\/\/humanidades.uprrp.edu\/lspr\/wp-json\/wp\/v2\/pages\/86","targetHints":{"allow":["GET"]}}],"collection":[{"href":"https:\/\/humanidades.uprrp.edu\/lspr\/wp-json\/wp\/v2\/pages"}],"about":[{"href":"https:\/\/humanidades.uprrp.edu\/lspr\/wp-json\/wp\/v2\/types\/page"}],"author":[{"embeddable":true,"href":"https:\/\/humanidades.uprrp.edu\/lspr\/wp-json\/wp\/v2\/users\/2"}],"replies":[{"embeddable":true,"href":"https:\/\/humanidades.uprrp.edu\/lspr\/wp-json\/wp\/v2\/comments?post=86"}],"version-history":[{"count":11,"href":"https:\/\/humanidades.uprrp.edu\/lspr\/wp-json\/wp\/v2\/pages\/86\/revisions"}],"predecessor-version":[{"id":474,"href":"https:\/\/humanidades.uprrp.edu\/lspr\/wp-json\/wp\/v2\/pages\/86\/revisions\/474"}],"wp:attachment":[{"href":"https:\/\/humanidades.uprrp.edu\/lspr\/wp-json\/wp\/v2\/media?parent=86"}],"curies":[{"name":"wp","href":"https:\/\/api.w.org\/{rel}","templated":true}]}}