{"id":88,"date":"2024-09-10T16:19:44","date_gmt":"2024-09-10T20:19:44","guid":{"rendered":"https:\/\/humanidades.uprrp.edu\/literaturacomparada\/?page_id=88"},"modified":"2024-09-10T16:19:45","modified_gmt":"2024-09-10T20:19:45","slug":"perspectivas-de-empleo","status":"publish","type":"page","link":"https:\/\/humanidades.uprrp.edu\/literaturacomparada\/perspectivas-de-empleo\/","title":{"rendered":"Perspectivas de Empleo"},"content":{"rendered":"\n<p>Se prepara a los estudiantes para entrar directamente al mundo laboral o para proseguir estudios postgraduados o profesionales al equipar a sus egresados con destrezas anal\u00edticas, conceptuales, de redacci\u00f3n y de manejo de recursos investigativos. Sus egresados se desempe\u00f1an en campos tan variados como: la ense\u00f1anza y la investigaci\u00f3n a diferentes niveles, las comunicaciones, las relaciones internacionales, el derecho, la traducci\u00f3n, las ciencias y tecnolog\u00edas de la informaci\u00f3n, la escritura creativa, el trabajo social, el periodismo, trabajo en casas editoriales, agencias de viaje, publicidad y otros.<\/p>\n","protected":false},"excerpt":{"rendered":"<p>Se prepara a los estudiantes para entrar directamente al mundo laboral o para proseguir estudios postgraduados o profesionales al equipar a sus egresados con destrezas anal\u00edticas, conceptuales, de redacci\u00f3n y de manejo de recursos investigativos. Sus egresados se desempe\u00f1an en campos tan variados como: la ense\u00f1anza y la investigaci\u00f3n a &#8230;<\/p>\n","protected":false},"author":2,"featured_media":0,"parent":0,"menu_order":0,"comment_status":"closed","ping_status":"closed","template":"","meta":{"_eb_attr":"","_monsterinsights_skip_tracking":false,"_monsterinsights_sitenote_active":false,"_monsterinsights_sitenote_note":"","_monsterinsights_sitenote_category":0,"footnotes":""},"class_list":["post-88","page","type-page","status-publish","hentry","column","twocol"],"_links":{"self":[{"href":"https:\/\/humanidades.uprrp.edu\/literaturacomparada\/wp-json\/wp\/v2\/pages\/88","targetHints":{"allow":["GET"]}}],"collection":[{"href":"https:\/\/humanidades.uprrp.edu\/literaturacomparada\/wp-json\/wp\/v2\/pages"}],"about":[{"href":"https:\/\/humanidades.uprrp.edu\/literaturacomparada\/wp-json\/wp\/v2\/types\/page"}],"author":[{"embeddable":true,"href":"https:\/\/humanidades.uprrp.edu\/literaturacomparada\/wp-json\/wp\/v2\/users\/2"}],"replies":[{"embeddable":true,"href":"https:\/\/humanidades.uprrp.edu\/literaturacomparada\/wp-json\/wp\/v2\/comments?post=88"}],"version-history":[{"count":1,"href":"https:\/\/humanidades.uprrp.edu\/literaturacomparada\/wp-json\/wp\/v2\/pages\/88\/revisions"}],"predecessor-version":[{"id":89,"href":"https:\/\/humanidades.uprrp.edu\/literaturacomparada\/wp-json\/wp\/v2\/pages\/88\/revisions\/89"}],"wp:attachment":[{"href":"https:\/\/humanidades.uprrp.edu\/literaturacomparada\/wp-json\/wp\/v2\/media?parent=88"}],"curies":[{"name":"wp","href":"https:\/\/api.w.org\/{rel}","templated":true}]}}