{"id":35,"date":"2024-09-10T11:33:30","date_gmt":"2024-09-10T15:33:30","guid":{"rendered":"https:\/\/humanidades.uprrp.edu\/literaturacomparada\/?page_id=35"},"modified":"2025-10-08T10:15:15","modified_gmt":"2025-10-08T14:15:15","slug":"contactenos","status":"publish","type":"page","link":"https:\/\/humanidades.uprrp.edu\/literaturacomparada\/contactenos\/","title":{"rendered":"Cont\u00e1ctenos"},"content":{"rendered":"\n<h3 class=\"wp-block-heading\">Para m\u00e1s informaci\u00f3n puede acudir a nuestra oficina en:<\/h3>\n\n\n\n<p><strong>Facultad de Humanidades<\/strong><br>Edificio Sebasti\u00e1n Gonz\u00e1lez Garc\u00eda (tercer piso)<br>Facultad de Humanidades<br>email:&nbsp;<a href=\"mailto:literatura.rrp@upr.edu\">literatura.rrp@upr.edu<\/a><\/p>\n\n\n\n<h2 class=\"wp-block-heading\">Administraci\u00f3n<\/h2>\n\n\n\n<p><strong>Dra. Marian E. Polhill, Directora interina<\/strong><br>Email:&nbsp;<a href=\"mailto:marian.polhill1@upr.edu\">marian.polhill1@upr.edu<\/a><br>Tel\u00e9fono: (787) 764-0000<a href=\"https:\/\/sites.google.com\/site\/uprliteraturacomparada\/contactenos#\"><\/a><br>Ext. 89739, 89725<\/p>\n\n\n\n<p><strong>Dr. Antoine Philippe, Coordinador del Programa Graduado<\/strong><br>Email:\u00a0<a href=\"mailto:antoine.philippe@upr.edu\">antoine.philippe@upr.edu<\/a><br>Tel\u00e9fono: (787) 764-0000<br>Ext. 89699, 89739, 89725<\/p>\n\n\n\n<p><strong>Sally Rodr\u00edguez L\u00f3pez<\/strong><br>Asistente Administrativa IV<br>Email:&nbsp;<a href=\"mailto:sally.rodriguez@upr.edu\">sally.rodriguez@upr.edu<\/a> <br>Tel\u00e9fono: (787) 764-0000<br>Ext. 89471<\/p>\n\n\n\n<p>Universidad de Puerto Rico<br>Recinto de R\u00edo Piedras<br>Facultad de Humanidades<br>Departamento de Literatura Comparada<br>13 Ave. Universidad, Ste. 1301<br>San Juan, Puerto Rico 00925-2533<\/p>\n","protected":false},"excerpt":{"rendered":"<p>Para m\u00e1s informaci\u00f3n puede acudir a nuestra oficina en: Facultad de HumanidadesEdificio Sebasti\u00e1n Gonz\u00e1lez Garc\u00eda (tercer piso)Facultad de Humanidadesemail:&nbsp;literatura.rrp@upr.edu Administraci\u00f3n Dra. Marian E. Polhill, Directora interinaEmail:&nbsp;marian.polhill1@upr.eduTel\u00e9fono: (787) 764-0000Ext. 89739, 89725 Dr. Antoine Philippe, Coordinador del Programa GraduadoEmail:\u00a0antoine.philippe@upr.eduTel\u00e9fono: (787) 764-0000Ext. 89699, 89739, 89725 Sally Rodr\u00edguez L\u00f3pezAsistente Administrativa IVEmail:&nbsp;sally.rodriguez@upr.edu Tel\u00e9fono: (787) 764-0000Ext. &#8230;<\/p>\n","protected":false},"author":2,"featured_media":0,"parent":0,"menu_order":0,"comment_status":"closed","ping_status":"closed","template":"","meta":{"_eb_attr":"","_monsterinsights_skip_tracking":false,"_monsterinsights_sitenote_active":false,"_monsterinsights_sitenote_note":"","_monsterinsights_sitenote_category":0,"footnotes":""},"class_list":["post-35","page","type-page","status-publish","hentry","column","twocol"],"_links":{"self":[{"href":"https:\/\/humanidades.uprrp.edu\/literaturacomparada\/wp-json\/wp\/v2\/pages\/35","targetHints":{"allow":["GET"]}}],"collection":[{"href":"https:\/\/humanidades.uprrp.edu\/literaturacomparada\/wp-json\/wp\/v2\/pages"}],"about":[{"href":"https:\/\/humanidades.uprrp.edu\/literaturacomparada\/wp-json\/wp\/v2\/types\/page"}],"author":[{"embeddable":true,"href":"https:\/\/humanidades.uprrp.edu\/literaturacomparada\/wp-json\/wp\/v2\/users\/2"}],"replies":[{"embeddable":true,"href":"https:\/\/humanidades.uprrp.edu\/literaturacomparada\/wp-json\/wp\/v2\/comments?post=35"}],"version-history":[{"count":3,"href":"https:\/\/humanidades.uprrp.edu\/literaturacomparada\/wp-json\/wp\/v2\/pages\/35\/revisions"}],"predecessor-version":[{"id":281,"href":"https:\/\/humanidades.uprrp.edu\/literaturacomparada\/wp-json\/wp\/v2\/pages\/35\/revisions\/281"}],"wp:attachment":[{"href":"https:\/\/humanidades.uprrp.edu\/literaturacomparada\/wp-json\/wp\/v2\/media?parent=35"}],"curies":[{"name":"wp","href":"https:\/\/api.w.org\/{rel}","templated":true}]}}