{"id":32,"date":"2014-09-18T04:33:52","date_gmt":"2014-09-18T03:33:52","guid":{"rendered":"http:\/\/lenguasuprrp.wordpress.com\/?page_id=32"},"modified":"2017-01-26T14:38:13","modified_gmt":"2017-01-26T14:38:13","slug":"sociedad-de-honor-frances","status":"publish","type":"page","link":"https:\/\/humanidades.uprrp.edu\/lenguas\/index.php\/estudiantes-2\/sociedad-de-honor-frances\/","title":{"rendered":"Sociedad de Honor de franc\u00e9s Pi Delta Phi-Omicron Alpha"},"content":{"rendered":"<p>El Departamento de Lenguas Extranjeras ha creado un cap\u00edtulo puertorrique\u00f1o de la Sociedad de Honor de franc\u00e9s <strong>PI DELTA PHI <\/strong>bajo el nombre<strong> PI DELTA PHI-OMICRON ALPHA<\/strong>. La ceremonia de instalaci\u00f3n de <strong>PI DELTA PHI-OMICRON ALPHA<\/strong> se dio el 19 de abril de 2012. Dieciocho estudiantes fueron iniciados en ese d\u00eda. La sociedad de honor <strong>PI DELTA PHI_OMICRON ALPHA<\/strong> fomenta el di\u00e1logo y los intercambios de ideas entre estudiantes interesados en la lengua, la cultura y la literatura, francesas y franc\u00f3fonas. No existe tal sociedad de honor para estudiantes de franc\u00e9s en la UPR_RP y esperamos que muchos de nuestros estudiantes se hagan socios cada a\u00f1o. Solicitamos nuevos socios cada a\u00f1o en noviembre para una ceremonia de iniciaci\u00f3n en abril en el siguiente a\u00f1o.<\/p>\n<p>Los miembros de la sociedad recibir\u00e1n un prendedor con el logo de <strong>PI DELTA PHI<\/strong> as\u00ed como un certificado. Adem\u00e1s, podr\u00e1n incluir su membres\u00eda en su curriculum vitae, y solicitar becas de estudios en Par\u00eds, Aix-en-Provence o en la Universidad de Quebec en Chicoutimi para el verano. Las becas incluyen el alojamiento, la matr\u00edcula y el costo del viaje desde los Estados Unidos hac\u00eda el destino de estudios. S\u00f3lo los socios regulares pueden solicitar becas.<\/p>\n<p>El costo de la membres\u00eda regular es de $30 de por vida y de $15 para socios honorarios. Las condiciones para ser miembros son las siguientes:<\/p>\n<p><strong>Socios regulares:<\/strong><\/p>\n<p>&#8211; estudiantes subgraduados de la UPR-RP que han cumplido al menos un curso de franc\u00e9s a nivel 4000<\/p>\n<p>&#8211; estar matriculado en la UPR-RP en el a\u00f1o que se hace la iniciaci\u00f3n<\/p>\n<p>&#8211; tener un GPA de 3.0 en franc\u00e9s y 3.0 en total<\/p>\n<p>&#8211; no es necesario estar matriculado en un curso de franc\u00e9s en el semestre que se hace la iniciaci\u00f3n ni en el futuro, si ya ha cumplido con sus requisitos de franc\u00e9s<\/p>\n<p><strong>Socios honorarios:<\/strong><\/p>\n<p>&#8211; estudiantes que no pudieron hacerse socios durante sus a\u00f1os de estudios subgraduados<\/p>\n<p>&#8211; profesores de la UPR<\/p>\n<p>Todo estudiante que quiere ser socio de <strong>PI DELTA PHI_OMICRON ALPHA<\/strong> debe llenar el formulario de registro y proveer evidencia de su promedio con una copia de su transcript.<\/p>\n<p>Para m\u00e1s detalles o preguntas, puede comunicarse con la moderadora de la Sociedad de Honor de franc\u00e9s de la UPR-RP <strong>PI DELTA PHI_OMICRON ALPHA<\/strong>, la Dra. Fran\u00e7oise Ghillebaert a <a href=\"mailto:ghillebaert@yahoo.com\">ghillebaert@yahoo.com<\/a>.<\/p>\n<p>Puede visitar el sitio web de la Sociedad <strong>PI DELTA PHI<\/strong> en: <a href=\"http:\/\/www.pideltaphi.org\/\">http:\/\/www.pideltaphi.org<\/a> y leer la Newsletter <a href=\"http:\/\/www.augie.edu\/related\/pideltaphi\/2011FallNewsletter.pdf\">http:\/\/www.augie.edu\/related\/pideltaphi\/2011FallNewsletter.pdf<\/a><\/p>\n<p>Nous esp\u00e9rons vous voir bient\u00f4t!<\/p>\n","protected":false},"excerpt":{"rendered":"<p>El Departamento de Lenguas Extranjeras ha creado un cap\u00edtulo puertorrique\u00f1o de la Sociedad de Honor de franc\u00e9s PI DELTA PHI bajo el nombre PI DELTA PHI-OMICRON ALPHA. La ceremonia de instalaci\u00f3n de PI DELTA PHI-OMICRON ALPHA se dio el 19 de abril de 2012. Dieciocho estudiantes fueron iniciados en ese d\u00eda. La sociedad de honor [&hellip;]<\/p>\n","protected":false},"author":3,"featured_media":0,"parent":164,"menu_order":6,"comment_status":"closed","ping_status":"open","template":"full-width.php","meta":{"footnotes":""},"class_list":["post-32","page","type-page","status-publish","hentry"],"_links":{"self":[{"href":"https:\/\/humanidades.uprrp.edu\/lenguas\/index.php\/wp-json\/wp\/v2\/pages\/32","targetHints":{"allow":["GET"]}}],"collection":[{"href":"https:\/\/humanidades.uprrp.edu\/lenguas\/index.php\/wp-json\/wp\/v2\/pages"}],"about":[{"href":"https:\/\/humanidades.uprrp.edu\/lenguas\/index.php\/wp-json\/wp\/v2\/types\/page"}],"author":[{"embeddable":true,"href":"https:\/\/humanidades.uprrp.edu\/lenguas\/index.php\/wp-json\/wp\/v2\/users\/3"}],"replies":[{"embeddable":true,"href":"https:\/\/humanidades.uprrp.edu\/lenguas\/index.php\/wp-json\/wp\/v2\/comments?post=32"}],"version-history":[{"count":1,"href":"https:\/\/humanidades.uprrp.edu\/lenguas\/index.php\/wp-json\/wp\/v2\/pages\/32\/revisions"}],"predecessor-version":[{"id":894,"href":"https:\/\/humanidades.uprrp.edu\/lenguas\/index.php\/wp-json\/wp\/v2\/pages\/32\/revisions\/894"}],"up":[{"embeddable":true,"href":"https:\/\/humanidades.uprrp.edu\/lenguas\/index.php\/wp-json\/wp\/v2\/pages\/164"}],"wp:attachment":[{"href":"https:\/\/humanidades.uprrp.edu\/lenguas\/index.php\/wp-json\/wp\/v2\/media?parent=32"}],"curies":[{"name":"wp","href":"https:\/\/api.w.org\/{rel}","templated":true}]}}