{"id":3190,"date":"2022-08-24T19:02:59","date_gmt":"2022-08-24T19:02:59","guid":{"rendered":"https:\/\/humanidades.uprrp.edu\/lenguas\/?page_id=3190"},"modified":"2022-08-24T19:02:59","modified_gmt":"2022-08-24T19:02:59","slug":"requisito-en-idiomas-del-ba-en-literatura-comparada","status":"publish","type":"page","link":"https:\/\/humanidades.uprrp.edu\/lenguas\/index.php\/curriculo\/secuencias\/requisito-en-idiomas-del-ba-en-literatura-comparada\/","title":{"rendered":"Requisito en idiomas del BA en Literatura comparada"},"content":{"rendered":"<p><span style=\"color: #333399;\"><strong>24 agosto 2022<\/strong><\/span><\/p>\n<h4>Los\u00a0estudiantes del Bachillerato en Literatura comparada deben satisfacer un requisito de CUATRO semestres (12 cr\u00e9ditos) en idiomas. Tienen tres opciones para hacerlo.**<\/h4>\n<div>a.\u00a0\u00a0\u00a0<strong>Opci\u00f3n 1<\/strong>: 12 cr\u00e9ditos en una misma lengua moderna (a escoger entre <strong>franc\u00e9s, alem\u00e1n, italiano, portugu\u00e9s, chino\/mandar\u00edn<\/strong>).<span class=\"apple-converted-space\">\u00a0<\/span><\/div>\n<div>b.\u00a0\u00a0\u00a0<strong>Opci\u00f3n 2<\/strong>: 12 cr\u00e9ditos en lenguas antiguas (6 cr\u00e9ditos en <strong>lat\u00edn<\/strong> y 6 cr\u00e9ditos en <strong>griego<\/strong>)<br \/>\nc.\u00a0 \u00a0<strong>Opci\u00f3n 3:<\/strong> 6 cr\u00e9ditos en <strong>lat\u00edn, griego, ruso<\/strong> (o cualquier otro idioma cuya oferta en el recinto se restringe a dos semestres) y 6 cr\u00e9ditos, o dos semestres, en<strong> otro idioma<\/strong>, para un total de, por lo menos, cuatro semestres (12 cr\u00e9ditos) en los dos idiomas.<\/div>\n<div><\/div>\n<div>**Los 6 cr\u00e9ditos de requisito que exige la facultad de Humanidades cuentan para satisfacer los 12 cr\u00e9ditos de la concentraci\u00f3n (i.e. 12 cr\u00e9ditos son suficientes para satisfacer ambos requisitos).<span class=\"apple-converted-space\">\u00a0<\/span><br \/>\n<span class=\"apple-converted-space\">*** Estudiantes haciendo segunda concentraci\u00f3n que NO sean de la facultad de humanidades s\u00f3lo deber\u00e1n tomar 6 cr\u00e9ditos en Lenguas Modernas.<\/span><\/div>\n<div>Fuente: <a href=\"https:\/\/uprliteraturacomparada.blogspot.com\/p\/programa-subgraduado.html\">p\u00e1gina del Departamento de literatura comparada<\/a><\/div>\n","protected":false},"excerpt":{"rendered":"<p>24 agosto 2022 Los\u00a0estudiantes del Bachillerato en Literatura comparada deben satisfacer un requisito de CUATRO semestres (12 cr\u00e9ditos) en idiomas. Tienen tres opciones para hacerlo.** a.\u00a0\u00a0\u00a0Opci\u00f3n 1: 12 cr\u00e9ditos en una misma lengua moderna (a escoger entre franc\u00e9s, alem\u00e1n, italiano, portugu\u00e9s, chino\/mandar\u00edn).\u00a0 b.\u00a0\u00a0\u00a0Opci\u00f3n 2: 12 cr\u00e9ditos en lenguas antiguas (6 cr\u00e9ditos en lat\u00edn y 6 [&hellip;]<\/p>\n","protected":false},"author":2,"featured_media":0,"parent":10,"menu_order":3,"comment_status":"closed","ping_status":"closed","template":"full-width.php","meta":{"footnotes":""},"class_list":["post-3190","page","type-page","status-publish","hentry"],"_links":{"self":[{"href":"https:\/\/humanidades.uprrp.edu\/lenguas\/index.php\/wp-json\/wp\/v2\/pages\/3190","targetHints":{"allow":["GET"]}}],"collection":[{"href":"https:\/\/humanidades.uprrp.edu\/lenguas\/index.php\/wp-json\/wp\/v2\/pages"}],"about":[{"href":"https:\/\/humanidades.uprrp.edu\/lenguas\/index.php\/wp-json\/wp\/v2\/types\/page"}],"author":[{"embeddable":true,"href":"https:\/\/humanidades.uprrp.edu\/lenguas\/index.php\/wp-json\/wp\/v2\/users\/2"}],"replies":[{"embeddable":true,"href":"https:\/\/humanidades.uprrp.edu\/lenguas\/index.php\/wp-json\/wp\/v2\/comments?post=3190"}],"version-history":[{"count":2,"href":"https:\/\/humanidades.uprrp.edu\/lenguas\/index.php\/wp-json\/wp\/v2\/pages\/3190\/revisions"}],"predecessor-version":[{"id":3192,"href":"https:\/\/humanidades.uprrp.edu\/lenguas\/index.php\/wp-json\/wp\/v2\/pages\/3190\/revisions\/3192"}],"up":[{"embeddable":true,"href":"https:\/\/humanidades.uprrp.edu\/lenguas\/index.php\/wp-json\/wp\/v2\/pages\/10"}],"wp:attachment":[{"href":"https:\/\/humanidades.uprrp.edu\/lenguas\/index.php\/wp-json\/wp\/v2\/media?parent=3190"}],"curies":[{"name":"wp","href":"https:\/\/api.w.org\/{rel}","templated":true}]}}