{"id":2412,"date":"2019-04-06T21:58:39","date_gmt":"2019-04-06T21:58:39","guid":{"rendered":"https:\/\/humanidades.uprrp.edu\/lenguas\/?page_id=2412"},"modified":"2020-12-13T20:08:13","modified_gmt":"2020-12-13T20:08:13","slug":"acomodo-razonable","status":"publish","type":"page","link":"https:\/\/humanidades.uprrp.edu\/lenguas\/index.php\/docencia\/guia-profesores-y-asistentes\/acomodo-razonable\/","title":{"rendered":"Acomodo razonable"},"content":{"rendered":"<h3><strong><em>En breve<\/em><\/strong><\/h3>\n<p><strong>Unos deberes del profesor:<\/strong><\/p>\n<p>&#8211; Cuando un estudiante pide a un profesor que firme su carta de acomodo razonable, el profesor debe obtener una copia de dicha carta para poder acatar todos los puntos de la carta<\/p>\n<p>&#8211; El profesor debe llegar a acuerdos con el estudiante sobre las mejores maneras de acomodar al estudiante<\/p>\n<p><strong>Unos deberes del estudiante:<\/strong><\/p>\n<p>&#8211; Solo puede aprovechar un acomodo razonable un estudiante <strong><em>cualificado<\/em><\/strong><em> con impedimento<\/em>: eso significa que a pasar de su impedimento, el estudiante puede obtener un adecuado aprovechamiento acad\u00e9mico cumpliendo con los requisitos acad\u00e9micos establecidos en el s\u00edlabo<\/p>\n<p>&#8211; Si el estudiante se ausenta, es responsable de notificar el profesor y reponer el material discutido durante su ausencia; las ausencias no deben exceder el m\u00e1ximo permitido por el s\u00edlabo<\/p>\n<h3><a href=\"https:\/\/sistemaupr-my.sharepoint.com\/:b:\/g\/personal\/antoine_philippe_upr_edu\/EXgS5ZLR-NhBlwIMq25SxMIBV1nvMkYno9EzXajCKEU3Qw?e=4kOYbY\"><strong><em>En detalles<\/em><\/strong><\/a><\/h3>\n","protected":false},"excerpt":{"rendered":"<p>En breve Unos deberes del profesor: &#8211; Cuando un estudiante pide a un profesor que firme su carta de acomodo razonable, el profesor debe obtener una copia de dicha carta para poder acatar todos los puntos de la carta &#8211; El profesor debe llegar a acuerdos con el estudiante sobre las mejores maneras de acomodar [&hellip;]<\/p>\n","protected":false},"author":2,"featured_media":0,"parent":2303,"menu_order":0,"comment_status":"closed","ping_status":"closed","template":"full-width.php","meta":{"footnotes":""},"class_list":["post-2412","page","type-page","status-publish","hentry"],"_links":{"self":[{"href":"https:\/\/humanidades.uprrp.edu\/lenguas\/index.php\/wp-json\/wp\/v2\/pages\/2412","targetHints":{"allow":["GET"]}}],"collection":[{"href":"https:\/\/humanidades.uprrp.edu\/lenguas\/index.php\/wp-json\/wp\/v2\/pages"}],"about":[{"href":"https:\/\/humanidades.uprrp.edu\/lenguas\/index.php\/wp-json\/wp\/v2\/types\/page"}],"author":[{"embeddable":true,"href":"https:\/\/humanidades.uprrp.edu\/lenguas\/index.php\/wp-json\/wp\/v2\/users\/2"}],"replies":[{"embeddable":true,"href":"https:\/\/humanidades.uprrp.edu\/lenguas\/index.php\/wp-json\/wp\/v2\/comments?post=2412"}],"version-history":[{"count":4,"href":"https:\/\/humanidades.uprrp.edu\/lenguas\/index.php\/wp-json\/wp\/v2\/pages\/2412\/revisions"}],"predecessor-version":[{"id":2907,"href":"https:\/\/humanidades.uprrp.edu\/lenguas\/index.php\/wp-json\/wp\/v2\/pages\/2412\/revisions\/2907"}],"up":[{"embeddable":true,"href":"https:\/\/humanidades.uprrp.edu\/lenguas\/index.php\/wp-json\/wp\/v2\/pages\/2303"}],"wp:attachment":[{"href":"https:\/\/humanidades.uprrp.edu\/lenguas\/index.php\/wp-json\/wp\/v2\/media?parent=2412"}],"curies":[{"name":"wp","href":"https:\/\/api.w.org\/{rel}","templated":true}]}}