{"id":175,"date":"2016-07-18T02:26:55","date_gmt":"2016-07-18T01:26:55","guid":{"rendered":"https:\/\/lenguasuprrp.wordpress.com\/docencia\/"},"modified":"2021-03-19T04:35:45","modified_gmt":"2021-03-19T04:35:45","slug":"docencia","status":"publish","type":"page","link":"https:\/\/humanidades.uprrp.edu\/lenguas\/index.php\/docencia\/","title":{"rendered":"Docencia"},"content":{"rendered":"<p><a href=\"https:\/\/humanidades.uprrp.edu\/lenguas\/index.php\/docencia\/personal-docente\/\">Perfiles <\/a>del personal del Departamento<\/p>\n<p><a href=\"https:\/\/humanidades.uprrp.edu\/lenguas\/index.php\/docencia\/comites-departamentales\/\">Comit\u00e9s departamentales<\/a><\/p>\n<p><a href=\"https:\/\/crisolenguas.wordpress.com\/\">Crisolenguas<\/a><br \/>\nuna revista en l\u00ednea editada por profesores del departamento.<\/p>\n<p><a href=\"https:\/\/appfpuertorico.org\/colloque-fle-2021\/\">Coloquio internacional de ense\u00f1anza del franc\u00e9s<\/a><\/p>\n<p><a href=\"https:\/\/appfpuertorico.org\/\">Asociaci\u00f3n Puertorrique\u00f1a de Profesores de Franc\u00e9s<\/a><\/p>\n<p><a href=\"https:\/\/humanidades.uprrp.edu\/lenguas\/index.php\/docencia\/guia-profesores-y-asistentes\">Gu\u00eda para profesores y asistentes del Departamento<\/a><\/p>\n<p><a href=\"https:\/\/humanidades.uprrp.edu\/lenguas\/index.php\/docencia\/reclutamiento\/\">Reclutamiento<\/a><\/p>\n","protected":false},"excerpt":{"rendered":"<p>Perfiles del personal del Departamento Comit\u00e9s departamentales Crisolenguas una revista en l\u00ednea editada por profesores del departamento. Coloquio internacional de ense\u00f1anza del franc\u00e9s Asociaci\u00f3n Puertorrique\u00f1a de Profesores de Franc\u00e9s Gu\u00eda para profesores y asistentes del Departamento Reclutamiento<\/p>\n","protected":false},"author":2,"featured_media":0,"parent":0,"menu_order":3,"comment_status":"closed","ping_status":"closed","template":"full-width.php","meta":{"footnotes":""},"class_list":["post-175","page","type-page","status-publish","hentry"],"_links":{"self":[{"href":"https:\/\/humanidades.uprrp.edu\/lenguas\/index.php\/wp-json\/wp\/v2\/pages\/175","targetHints":{"allow":["GET"]}}],"collection":[{"href":"https:\/\/humanidades.uprrp.edu\/lenguas\/index.php\/wp-json\/wp\/v2\/pages"}],"about":[{"href":"https:\/\/humanidades.uprrp.edu\/lenguas\/index.php\/wp-json\/wp\/v2\/types\/page"}],"author":[{"embeddable":true,"href":"https:\/\/humanidades.uprrp.edu\/lenguas\/index.php\/wp-json\/wp\/v2\/users\/2"}],"replies":[{"embeddable":true,"href":"https:\/\/humanidades.uprrp.edu\/lenguas\/index.php\/wp-json\/wp\/v2\/comments?post=175"}],"version-history":[{"count":9,"href":"https:\/\/humanidades.uprrp.edu\/lenguas\/index.php\/wp-json\/wp\/v2\/pages\/175\/revisions"}],"predecessor-version":[{"id":833,"href":"https:\/\/humanidades.uprrp.edu\/lenguas\/index.php\/wp-json\/wp\/v2\/pages\/175\/revisions\/833"}],"wp:attachment":[{"href":"https:\/\/humanidades.uprrp.edu\/lenguas\/index.php\/wp-json\/wp\/v2\/media?parent=175"}],"curies":[{"name":"wp","href":"https:\/\/api.w.org\/{rel}","templated":true}]}}