{"id":1487,"date":"2017-04-21T17:07:16","date_gmt":"2017-04-21T17:07:16","guid":{"rendered":"https:\/\/humanidades.uprrp.edu\/lenguas\/?page_id=1487"},"modified":"2017-04-22T04:34:04","modified_gmt":"2017-04-22T04:34:04","slug":"gabriel-o-quinones-maldonado","status":"publish","type":"page","link":"https:\/\/humanidades.uprrp.edu\/lenguas\/index.php\/estudiantes-2\/egresados\/gabriel-o-quinones-maldonado\/","title":{"rendered":"Gabriel O. Qui\u00f1ones Maldonado"},"content":{"rendered":"<table width=\"636\">\n<tbody>\n<tr>\n<td colspan=\"2\" rowspan=\"8\" width=\"324\">\u00a0<a href=\"https:\/\/humanidades.uprrp.edu\/lenguas\/index.php\/estudiantes-2\/egresados\/quinones-gabriel2\/#main\" rel=\"attachment wp-att-1493\"><img loading=\"lazy\" decoding=\"async\" class=\"aligncenter size-full wp-image-1493\" src=\"https:\/\/humanidades.uprrp.edu\/lenguas\/wp-content\/uploads\/2016\/07\/Quinones-Gabriel2-e1492798445221.png\" alt=\"\" width=\"332\" height=\"371\" srcset=\"https:\/\/humanidades.uprrp.edu\/lenguas\/wp-content\/uploads\/2016\/07\/Quinones-Gabriel2-e1492798445221.png 332w, https:\/\/humanidades.uprrp.edu\/lenguas\/wp-content\/uploads\/2016\/07\/Quinones-Gabriel2-e1492798445221-268x300.png 268w\" sizes=\"auto, (max-width: 332px) 100vw, 332px\" \/><\/a><\/td>\n<td width=\"312\">Isabela, Puerto Rico<\/td>\n<\/tr>\n<tr>\n<td width=\"312\">Maestro de franc\u00e9s y portugu\u00e9s<\/td>\n<\/tr>\n<tr>\n<td width=\"312\"><u>Experiencia<\/u>: Departamento de Educaci\u00f3n de PR y Cursos en l\u00ednea | UNE-Carolina<\/td>\n<\/tr>\n<tr>\n<td width=\"312\">M.A., Lenguas y Culturas en Sociedades Multiling\u00fces &#8211; FLE &#8211; Univ. de las Antillas y la Guyana, Martinica (2017)<\/td>\n<\/tr>\n<tr>\n<td width=\"312\">Post Grado en Estudios de Lengua Portuguesa &#8211; Investigaci\u00f3n y ense\u00f1anza (2014)<\/td>\n<\/tr>\n<tr>\n<td width=\"312\">B.A., Lenguas Modernas (UPR-R\u00edo Piedras &#8211; 2009)<\/td>\n<\/tr>\n<tr>\n<td width=\"312\">Franc\u00e9s | Portugu\u00e9s<\/td>\n<\/tr>\n<tr>\n<td width=\"312\">gabrielfilsdelalumiere@hotmail.com<\/td>\n<\/tr>\n<tr>\n<td width=\"162\"><strong>Tesis de M.A.<\/strong><\/td>\n<td colspan=\"2\" width=\"474\">\u00abDid\u00e1ctica de la conceptualizaci\u00f3n de las variantes ling\u00fc\u00edsticas en la competencia de la comprensi\u00f3n oral\u00bb<\/td>\n<\/tr>\n<tr>\n<td width=\"162\"><strong>\u00bfPor qu\u00e9 estudiaste lenguas extranjeras?<\/strong><\/td>\n<td colspan=\"2\" width=\"474\">Inspirado a estudiar idiomas en una agrupaci\u00f3n en Isabela llamada Rumba Bajura. Toc\u00e1bamos rumba, bomba y ritmos brasileiros.<\/td>\n<\/tr>\n<tr>\n<td width=\"162\"><strong>\u00bfC\u00f3mo te adaptaste al mercado laboral?<\/strong><\/td>\n<td colspan=\"2\" width=\"474\">Tuve que tomar varios cursos de educaci\u00f3n para obtener los certificados de maestro en Idiomas Extranjeros K-12 en las especialidades, Franc\u00e9s y Portugu\u00e9s. Adem\u00e1s, particip\u00e9 de talleres tem\u00e1ticos en la Alianza Francesa.<\/td>\n<\/tr>\n<tr>\n<td width=\"162\"><strong>\u00bfC\u00f3mo utilizas las lenguas aprendidas en tu trabajo o diario vivir?<\/strong><\/td>\n<td colspan=\"2\" width=\"474\">Trabajo ense\u00f1ando franc\u00e9s y portugu\u00e9s en todos los niveles: elemental, intermedio, superior y universidad. En mi diario vivir, mantengo comunicaci\u00f3n con amistades de diversos pa\u00edses. Adem\u00e1s, escucho m\u00fasica y veo programaci\u00f3n en los idiomas.<\/td>\n<\/tr>\n<\/tbody>\n<\/table>\n<p style=\"text-align: right;\">Abril 2017<\/p>\n","protected":false},"excerpt":{"rendered":"<p>\u00a0 Isabela, Puerto Rico Maestro de franc\u00e9s y portugu\u00e9s Experiencia: Departamento de Educaci\u00f3n de PR y Cursos en l\u00ednea | UNE-Carolina M.A., Lenguas y Culturas en Sociedades Multiling\u00fces &#8211; FLE &#8211; Univ. de las Antillas y la Guyana, Martinica (2017) Post Grado en Estudios de Lengua Portuguesa &#8211; Investigaci\u00f3n y ense\u00f1anza (2014) B.A., Lenguas Modernas [&hellip;]<\/p>\n","protected":false},"author":2,"featured_media":0,"parent":238,"menu_order":0,"comment_status":"closed","ping_status":"closed","template":"full-width.php","meta":{"footnotes":""},"class_list":["post-1487","page","type-page","status-publish","hentry"],"_links":{"self":[{"href":"https:\/\/humanidades.uprrp.edu\/lenguas\/index.php\/wp-json\/wp\/v2\/pages\/1487","targetHints":{"allow":["GET"]}}],"collection":[{"href":"https:\/\/humanidades.uprrp.edu\/lenguas\/index.php\/wp-json\/wp\/v2\/pages"}],"about":[{"href":"https:\/\/humanidades.uprrp.edu\/lenguas\/index.php\/wp-json\/wp\/v2\/types\/page"}],"author":[{"embeddable":true,"href":"https:\/\/humanidades.uprrp.edu\/lenguas\/index.php\/wp-json\/wp\/v2\/users\/2"}],"replies":[{"embeddable":true,"href":"https:\/\/humanidades.uprrp.edu\/lenguas\/index.php\/wp-json\/wp\/v2\/comments?post=1487"}],"version-history":[{"count":4,"href":"https:\/\/humanidades.uprrp.edu\/lenguas\/index.php\/wp-json\/wp\/v2\/pages\/1487\/revisions"}],"predecessor-version":[{"id":1541,"href":"https:\/\/humanidades.uprrp.edu\/lenguas\/index.php\/wp-json\/wp\/v2\/pages\/1487\/revisions\/1541"}],"up":[{"embeddable":true,"href":"https:\/\/humanidades.uprrp.edu\/lenguas\/index.php\/wp-json\/wp\/v2\/pages\/238"}],"wp:attachment":[{"href":"https:\/\/humanidades.uprrp.edu\/lenguas\/index.php\/wp-json\/wp\/v2\/media?parent=1487"}],"curies":[{"name":"wp","href":"https:\/\/api.w.org\/{rel}","templated":true}]}}