{"id":1365,"date":"2017-04-04T15:26:41","date_gmt":"2017-04-04T15:26:41","guid":{"rendered":"https:\/\/humanidades.uprrp.edu\/lenguas\/?page_id=1365"},"modified":"2017-04-22T04:30:15","modified_gmt":"2017-04-22T04:30:15","slug":"almarante-yaniris","status":"publish","type":"page","link":"https:\/\/humanidades.uprrp.edu\/lenguas\/index.php\/estudiantes-2\/egresados\/almarante-yaniris\/","title":{"rendered":"Yaniris Almarante"},"content":{"rendered":"<table width=\"636\">\n<tbody>\n<tr>\n<td colspan=\"2\" rowspan=\"8\" width=\"324\"><a href=\"https:\/\/humanidades.uprrp.edu\/lenguas\/index.php\/estudiantes-2\/egresados\/almarante-yaniris\/almarante-yaniris-2\/#main\" rel=\"attachment wp-att-1369\"><img loading=\"lazy\" decoding=\"async\" class=\"aligncenter wp-image-1369 size-full\" src=\"https:\/\/humanidades.uprrp.edu\/lenguas\/wp-content\/uploads\/2017\/04\/Almarante-Yaniris-e1491321032645.png\" alt=\"\" width=\"640\" height=\"640\" srcset=\"https:\/\/humanidades.uprrp.edu\/lenguas\/wp-content\/uploads\/2017\/04\/Almarante-Yaniris-e1491321032645.png 640w, https:\/\/humanidades.uprrp.edu\/lenguas\/wp-content\/uploads\/2017\/04\/Almarante-Yaniris-e1491321032645-150x150.png 150w, https:\/\/humanidades.uprrp.edu\/lenguas\/wp-content\/uploads\/2017\/04\/Almarante-Yaniris-e1491321032645-300x300.png 300w, https:\/\/humanidades.uprrp.edu\/lenguas\/wp-content\/uploads\/2017\/04\/Almarante-Yaniris-e1491321032645-406x406.png 406w\" sizes=\"auto, (max-width: 640px) 100vw, 640px\" \/><\/a><\/td>\n<td width=\"312\">San Juan, Puerto Rico<\/td>\n<\/tr>\n<tr>\n<td width=\"312\">Consultor de Recursos Humanos<\/td>\n<\/tr>\n<tr>\n<td width=\"312\"><u>Experiencia<\/u>: Consultor de Recursos Humanos | Ense\u00f1anza de idiomas<\/td>\n<\/tr>\n<tr>\n<td width=\"312\">M.B.A., Direcci\u00f3n de Recursos Humanos (Escuela de Negocios Foro Europeo de Navarra &#8211; 2012)<\/td>\n<\/tr>\n<tr>\n<td width=\"312\">B.A., Lenguas Modernas (UPR-R\u00edo Piedras &#8211; 2009)<\/td>\n<\/tr>\n<tr>\n<td width=\"312\">Franc\u00e9s | Portugu\u00e9s<\/td>\n<\/tr>\n<tr>\n<td width=\"312\"><a href=\"mailto:yanialmarante10@gmail.com\">yanialmarante10@gmail.com<\/a><\/td>\n<\/tr>\n<tr>\n<td width=\"312\"><a href=\"http:\/\/www.ies-consulting.es\/\">www.ies-consulting.es<\/a><\/td>\n<\/tr>\n<tr>\n<td width=\"162\"><strong>\u00bfPor qu\u00e9 estudiaste lenguas extranjeras?<\/strong><\/td>\n<td colspan=\"2\" width=\"474\">Para mi era un fen\u00f3meno poder dominar una tercera y cuarta lengua. Aunque al principio no ten\u00eda claro c\u00f3mo profesionalizar una carrera acad\u00e9mica en lenguas extranjeras, ten\u00eda claro que ser\u00eda una carrera que me abrir\u00eda puertas para muchas otras oportunidades.<\/td>\n<\/tr>\n<tr>\n<td width=\"162\"><strong>\u00bfC\u00f3mo te adaptaste al mercado laboral?<\/strong><\/td>\n<td colspan=\"2\" width=\"474\">Despu\u00e9s de graduarme me dediqu\u00e9 a la ense\u00f1anza pero quer\u00eda salir del sector del magisterio y me encant\u00f3 el \u00e1rea de gesti\u00f3n de personal en especial formaci\u00f3n y selecci\u00f3n.<\/td>\n<\/tr>\n<tr>\n<td width=\"162\"><strong>\u00bfC\u00f3mo utilizas las lenguas aprendidas en tu trabajo o diario vivir?<\/strong><\/td>\n<td colspan=\"2\" width=\"474\">Realizo selecci\u00f3n de estudiantes a nivel internacional para empresas, hoteles y tiendas ubicados en\u00a0 Espa\u00f1a, Francia y Alemania. Trabajo con peque\u00f1as y grandes empresas que buscan alumnos de pr\u00e1ctica para puestos de ingenier\u00eda, empresariales, etc. Son alumnos universitarios principalmente franceses, italianos, espa\u00f1oles, ingleses, alemanes, etc.<\/td>\n<\/tr>\n<\/tbody>\n<\/table>\n<p style=\"text-align: right;\">Abril 2017<\/p>\n","protected":false},"excerpt":{"rendered":"<p>San Juan, Puerto Rico Consultor de Recursos Humanos Experiencia: Consultor de Recursos Humanos | Ense\u00f1anza de idiomas M.B.A., Direcci\u00f3n de Recursos Humanos (Escuela de Negocios Foro Europeo de Navarra &#8211; 2012) B.A., Lenguas Modernas (UPR-R\u00edo Piedras &#8211; 2009) Franc\u00e9s | Portugu\u00e9s yanialmarante10@gmail.com www.ies-consulting.es \u00bfPor qu\u00e9 estudiaste lenguas extranjeras? Para mi era un fen\u00f3meno poder dominar [&hellip;]<\/p>\n","protected":false},"author":2,"featured_media":0,"parent":238,"menu_order":0,"comment_status":"closed","ping_status":"closed","template":"full-width.php","meta":{"footnotes":""},"class_list":["post-1365","page","type-page","status-publish","hentry"],"_links":{"self":[{"href":"https:\/\/humanidades.uprrp.edu\/lenguas\/index.php\/wp-json\/wp\/v2\/pages\/1365","targetHints":{"allow":["GET"]}}],"collection":[{"href":"https:\/\/humanidades.uprrp.edu\/lenguas\/index.php\/wp-json\/wp\/v2\/pages"}],"about":[{"href":"https:\/\/humanidades.uprrp.edu\/lenguas\/index.php\/wp-json\/wp\/v2\/types\/page"}],"author":[{"embeddable":true,"href":"https:\/\/humanidades.uprrp.edu\/lenguas\/index.php\/wp-json\/wp\/v2\/users\/2"}],"replies":[{"embeddable":true,"href":"https:\/\/humanidades.uprrp.edu\/lenguas\/index.php\/wp-json\/wp\/v2\/comments?post=1365"}],"version-history":[{"count":10,"href":"https:\/\/humanidades.uprrp.edu\/lenguas\/index.php\/wp-json\/wp\/v2\/pages\/1365\/revisions"}],"predecessor-version":[{"id":1530,"href":"https:\/\/humanidades.uprrp.edu\/lenguas\/index.php\/wp-json\/wp\/v2\/pages\/1365\/revisions\/1530"}],"up":[{"embeddable":true,"href":"https:\/\/humanidades.uprrp.edu\/lenguas\/index.php\/wp-json\/wp\/v2\/pages\/238"}],"wp:attachment":[{"href":"https:\/\/humanidades.uprrp.edu\/lenguas\/index.php\/wp-json\/wp\/v2\/media?parent=1365"}],"curies":[{"name":"wp","href":"https:\/\/api.w.org\/{rel}","templated":true}]}}