{"id":1078,"date":"2017-02-27T17:23:24","date_gmt":"2017-02-27T17:23:24","guid":{"rendered":"https:\/\/humanidades.uprrp.edu\/lenguas\/?page_id=1078"},"modified":"2022-08-15T17:40:10","modified_gmt":"2022-08-15T17:40:10","slug":"universitat-wien","status":"publish","type":"page","link":"https:\/\/humanidades.uprrp.edu\/lenguas\/index.php\/intercambio\/universidades-germanofonas-2\/universitat-wien\/","title":{"rendered":"Universit\u00e4t Wien"},"content":{"rendered":"<p><span style=\"color: #333399;\"><strong>P\u00e1gina actualizada el\u00a015\u00a0agosto 2022<\/strong><\/span><\/p>\n<p>El se\u00f1or Jos\u00e9 Blasini ha organiza para el mes de julio y agosto el programa de estudio de alem\u00e1n intensivo en la\u00a0<a href=\"https:\/\/sprachenzentrum.univie.ac.at\/de\/deutschkurse\"><strong>Universidad de Viena<\/strong><\/a>\u00a0(Austria) para los\u00a0<a href=\"https:\/\/lenguasuprrp.wordpress.com\/viaje-a-viena\/\">estudiantes del DLE<\/a>\u00a0que hayan tomado el primer y\/o segundo semestre. Este curso comprende de 3 horas contacto diaras (lunes a viernes) y existe la posibilidad de convalidaci\u00f3n de 3 cr\u00e9ditos. El curso es tambi\u00e9n accesible a cualquier estudiante del sistema de la UPR o externo que tenga inter\u00e9s en la lengua alemana. Cursos disponibles desde el nivel 0.<br \/>\nAdem\u00e1s, durante la estad\u00eda en Austria, el se\u00f1or Blasini les ha dedicado los primeros dos d\u00edas de ubicaci\u00f3n en el curso de la universidad y subsiguientemente un fin de semana cultural en la ciudad de Salzburg.<\/p>\n<ul>\n<li><strong><a href=\"https:\/\/drive.google.com\/open?id=0Bw7H21T0R4IxMlRXZlJoVE1oVFk\">Viaje Est<\/a><a href=\"https:\/\/drive.google.com\/open?id=0Bw7H21T0R4IxMlRXZlJoVE1oVFk\">udiantil<\/a><\/strong><\/li>\n<\/ul>\n<p><img loading=\"lazy\" decoding=\"async\" class=\"aligncenter wp-image-3141\" src=\"https:\/\/humanidades.uprrp.edu\/lenguas\/wp-content\/uploads\/2017\/02\/Wien-Retiro-Blasini-1024x768.jpg\" alt=\"\" width=\"999\" height=\"749\" srcset=\"https:\/\/humanidades.uprrp.edu\/lenguas\/wp-content\/uploads\/2017\/02\/Wien-Retiro-Blasini-1024x768.jpg 1024w, https:\/\/humanidades.uprrp.edu\/lenguas\/wp-content\/uploads\/2017\/02\/Wien-Retiro-Blasini-300x225.jpg 300w, https:\/\/humanidades.uprrp.edu\/lenguas\/wp-content\/uploads\/2017\/02\/Wien-Retiro-Blasini-768x576.jpg 768w, https:\/\/humanidades.uprrp.edu\/lenguas\/wp-content\/uploads\/2017\/02\/Wien-Retiro-Blasini-541x406.jpg 541w\" sizes=\"auto, (max-width: 999px) 100vw, 999px\" \/><\/p>\n<p style=\"text-align: center;\">El grupo Viena 2022 celebrando\u00a0el retiro del Sr. Blasini con muchos Schnitzels<\/p>\n<p><a href=\"https:\/\/humanidades.uprrp.edu\/lenguas\/wien-grupo-uni-2-2\/\"><img loading=\"lazy\" decoding=\"async\" class=\"aligncenter size-full wp-image-1260\" src=\"https:\/\/humanidades.uprrp.edu\/lenguas\/wp-content\/uploads\/2017\/03\/Wien-Grupo-Uni-2-e1489514178631.jpg\" alt=\"\" width=\"1000\" height=\"750\" srcset=\"https:\/\/humanidades.uprrp.edu\/lenguas\/wp-content\/uploads\/2017\/03\/Wien-Grupo-Uni-2-e1489514178631.jpg 1000w, https:\/\/humanidades.uprrp.edu\/lenguas\/wp-content\/uploads\/2017\/03\/Wien-Grupo-Uni-2-e1489514178631-300x225.jpg 300w, https:\/\/humanidades.uprrp.edu\/lenguas\/wp-content\/uploads\/2017\/03\/Wien-Grupo-Uni-2-e1489514178631-768x576.jpg 768w, https:\/\/humanidades.uprrp.edu\/lenguas\/wp-content\/uploads\/2017\/03\/Wien-Grupo-Uni-2-e1489514178631-541x406.jpg 541w\" sizes=\"auto, (max-width: 1000px) 100vw, 1000px\" \/><\/a><\/p>\n<p><strong><a href=\"https:\/\/humanidades.uprrp.edu\/lenguas\/wien-grupo-iglesia-3-2\/\"><img loading=\"lazy\" decoding=\"async\" class=\"aligncenter size-full wp-image-1259\" src=\"https:\/\/humanidades.uprrp.edu\/lenguas\/wp-content\/uploads\/2017\/03\/Wien-Grupo-Iglesia-3-e1489514155795.jpg\" alt=\"\" width=\"750\" height=\"1000\" srcset=\"https:\/\/humanidades.uprrp.edu\/lenguas\/wp-content\/uploads\/2017\/03\/Wien-Grupo-Iglesia-3-e1489514155795.jpg 750w, https:\/\/humanidades.uprrp.edu\/lenguas\/wp-content\/uploads\/2017\/03\/Wien-Grupo-Iglesia-3-e1489514155795-225x300.jpg 225w, https:\/\/humanidades.uprrp.edu\/lenguas\/wp-content\/uploads\/2017\/03\/Wien-Grupo-Iglesia-3-e1489514155795-305x406.jpg 305w\" sizes=\"auto, (max-width: 750px) 100vw, 750px\" \/><\/a><\/strong><\/p>\n<p style=\"text-align: center;\">Viena 2016<\/p>\n","protected":false},"excerpt":{"rendered":"<p>P\u00e1gina actualizada el\u00a015\u00a0agosto 2022 El se\u00f1or Jos\u00e9 Blasini ha organiza para el mes de julio y agosto el programa de estudio de alem\u00e1n intensivo en la\u00a0Universidad de Viena\u00a0(Austria) para los\u00a0estudiantes del DLE\u00a0que hayan tomado el primer y\/o segundo semestre. Este curso comprende de 3 horas contacto diaras (lunes a viernes) y existe la posibilidad de [&hellip;]<\/p>\n","protected":false},"author":2,"featured_media":0,"parent":3134,"menu_order":1,"comment_status":"closed","ping_status":"closed","template":"full-width.php","meta":{"footnotes":""},"class_list":["post-1078","page","type-page","status-publish","hentry"],"_links":{"self":[{"href":"https:\/\/humanidades.uprrp.edu\/lenguas\/index.php\/wp-json\/wp\/v2\/pages\/1078","targetHints":{"allow":["GET"]}}],"collection":[{"href":"https:\/\/humanidades.uprrp.edu\/lenguas\/index.php\/wp-json\/wp\/v2\/pages"}],"about":[{"href":"https:\/\/humanidades.uprrp.edu\/lenguas\/index.php\/wp-json\/wp\/v2\/types\/page"}],"author":[{"embeddable":true,"href":"https:\/\/humanidades.uprrp.edu\/lenguas\/index.php\/wp-json\/wp\/v2\/users\/2"}],"replies":[{"embeddable":true,"href":"https:\/\/humanidades.uprrp.edu\/lenguas\/index.php\/wp-json\/wp\/v2\/comments?post=1078"}],"version-history":[{"count":12,"href":"https:\/\/humanidades.uprrp.edu\/lenguas\/index.php\/wp-json\/wp\/v2\/pages\/1078\/revisions"}],"predecessor-version":[{"id":3150,"href":"https:\/\/humanidades.uprrp.edu\/lenguas\/index.php\/wp-json\/wp\/v2\/pages\/1078\/revisions\/3150"}],"up":[{"embeddable":true,"href":"https:\/\/humanidades.uprrp.edu\/lenguas\/index.php\/wp-json\/wp\/v2\/pages\/3134"}],"wp:attachment":[{"href":"https:\/\/humanidades.uprrp.edu\/lenguas\/index.php\/wp-json\/wp\/v2\/media?parent=1078"}],"curies":[{"name":"wp","href":"https:\/\/api.w.org\/{rel}","templated":true}]}}