{"id":75,"date":"2013-01-21T15:19:22","date_gmt":"2013-01-21T15:19:22","guid":{"rendered":"http:\/\/127.0.0.1\/test\/?page_id=75"},"modified":"2024-10-24T13:42:08","modified_gmt":"2024-10-24T13:42:08","slug":"perfil-del-egresado","status":"publish","type":"page","link":"https:\/\/humanidades.uprrp.edu\/historiadelarte\/?page_id=75","title":{"rendered":"Perfil del egresado"},"content":{"rendered":"<div class=\"wp-block-image\">\n<figure class=\"alignleft size-full is-resized\"><a href=\"https:\/\/humanidades.uprrp.edu\/historiadelarte\/wp-content\/uploads\/2024\/10\/Sin-ti\u0301tulo3.jpg\"><img fetchpriority=\"high\" decoding=\"async\" width=\"490\" height=\"600\" src=\"https:\/\/humanidades.uprrp.edu\/historiadelarte\/wp-content\/uploads\/2024\/10\/Sin-ti\u0301tulo3.jpg\" alt=\"\" class=\"wp-image-832\" style=\"width:284px;height:auto\" srcset=\"https:\/\/humanidades.uprrp.edu\/historiadelarte\/wp-content\/uploads\/2024\/10\/Sin-ti\u0301tulo3.jpg 490w, https:\/\/humanidades.uprrp.edu\/historiadelarte\/wp-content\/uploads\/2024\/10\/Sin-ti\u0301tulo3-245x300.jpg 245w, https:\/\/humanidades.uprrp.edu\/historiadelarte\/wp-content\/uploads\/2024\/10\/Sin-ti\u0301tulo3-332x407.jpg 332w\" sizes=\"(max-width: 490px) 100vw, 490px\" \/><\/a><figcaption class=\"wp-element-caption\"><em>El estudiante<\/em> de Francisco Oller, 1874<\/figcaption><\/figure><\/div>\n\n\n<ul class=\"wp-block-list\">\n<li>Posee conocimientos medulares de Historia del Arte que le permiten el estudio de obras de las artes visuales, teor\u00edas y conceptos de la disciplina.<\/li>\n\n\n\n<li>Puede estudiar las obras de arte en sus cualidades formales, conceptuales y circunstanciales.<\/li>\n\n\n\n<li>Est\u00e1 preparado (a) para entender y reflexionar sobre el proceso evolutivo del arte dentro de su contexto hist\u00f3rico, social y cultural.<\/li>\n\n\n\n<li>Conoce el rol del artista en su sociedad y la naturaleza del proceso creativo.<\/li>\n\n\n\n<li>Posee las destrezas necesarias para identificar los procesos conceptuales y t\u00e9cnicos que median en la creaci\u00f3n y apreciaci\u00f3n de obras de arte.<\/li>\n\n\n\n<li>Conoce los m\u00e9todos y recursos de investigaci\u00f3n de la Historia del Arte y maneja el vocabulario apropiado para expresarse sobre las artes visuales.<\/li>\n\n\n\n<li>Est\u00e1 capacitado (a) para reaccionar con sensibilidad y conocimiento ante una obra de arte, investigar sobre circunstancias, interpretarla y comunicar los resultados de dicha investigaci\u00f3n tanto de forma oral como escrita y podr\u00e1 comunicarlo efectivamente tanto en el idioma espa\u00f1ol e ingl\u00e9s.<\/li>\n\n\n\n<li>Tendr\u00e1 como m\u00ednimo conocimiento b\u00e1sico en una tercera lengua.<\/li>\n\n\n\n<li>Sabr\u00e1 integrar destrezas de razonamiento l\u00f3gico cuantitativo a sus \u00e1reas de estudio.<\/li>\n\n\n\n<li>Conoce y respeta la importancia de la diversidad cultural, social y ambiental.<\/li>\n\n\n\n<li>Habr\u00e1 adquirido destrezas en el uso de materiales y tecnolog\u00edas que le facilitar\u00e1n el manejo y aplicaci\u00f3n del conocimiento adquirido en su campo de estudio.<\/li>\n\n\n\n<li>Podr\u00e1 continuar estudios graduados en su disciplina u otras afines y desempe\u00f1arse en los campos de la historia, teor\u00eda y cr\u00edtica del arte.<\/li>\n<\/ul>\n","protected":false},"excerpt":{"rendered":"","protected":false},"author":3,"featured_media":0,"parent":0,"menu_order":3,"comment_status":"closed","ping_status":"closed","template":"template-full-width.php","meta":{"footnotes":""},"class_list":["post-75","page","type-page","status-publish","hentry","column","twocol"],"_links":{"self":[{"href":"https:\/\/humanidades.uprrp.edu\/historiadelarte\/index.php?rest_route=\/wp\/v2\/pages\/75","targetHints":{"allow":["GET"]}}],"collection":[{"href":"https:\/\/humanidades.uprrp.edu\/historiadelarte\/index.php?rest_route=\/wp\/v2\/pages"}],"about":[{"href":"https:\/\/humanidades.uprrp.edu\/historiadelarte\/index.php?rest_route=\/wp\/v2\/types\/page"}],"author":[{"embeddable":true,"href":"https:\/\/humanidades.uprrp.edu\/historiadelarte\/index.php?rest_route=\/wp\/v2\/users\/3"}],"replies":[{"embeddable":true,"href":"https:\/\/humanidades.uprrp.edu\/historiadelarte\/index.php?rest_route=%2Fwp%2Fv2%2Fcomments&post=75"}],"version-history":[{"count":3,"href":"https:\/\/humanidades.uprrp.edu\/historiadelarte\/index.php?rest_route=\/wp\/v2\/pages\/75\/revisions"}],"predecessor-version":[{"id":842,"href":"https:\/\/humanidades.uprrp.edu\/historiadelarte\/index.php?rest_route=\/wp\/v2\/pages\/75\/revisions\/842"}],"wp:attachment":[{"href":"https:\/\/humanidades.uprrp.edu\/historiadelarte\/index.php?rest_route=%2Fwp%2Fv2%2Fmedia&parent=75"}],"curies":[{"name":"wp","href":"https:\/\/api.w.org\/{rel}","templated":true}]}}