{"id":680,"date":"2024-09-25T17:41:49","date_gmt":"2024-09-25T17:41:49","guid":{"rendered":"https:\/\/humanidades.uprrp.edu\/historiadelarte\/?page_id=680"},"modified":"2024-09-30T19:44:17","modified_gmt":"2024-09-30T19:44:17","slug":"raymond-cruz-corchado","status":"publish","type":"page","link":"https:\/\/humanidades.uprrp.edu\/historiadelarte\/?page_id=680","title":{"rendered":"Raymond Cruz Corchado"},"content":{"rendered":"<div class=\"wp-block-image\">\n<figure class=\"alignleft size-large is-resized\"><a href=\"https:\/\/humanidades.uprrp.edu\/historiadelarte\/wp-content\/uploads\/2024\/09\/raymond.png\"><img decoding=\"async\" src=\"https:\/\/humanidades.uprrp.edu\/historiadelarte\/wp-content\/uploads\/2024\/09\/raymond-682x1024.png\" alt=\"\" class=\"wp-image-726\" width=\"171\" height=\"256\" srcset=\"https:\/\/humanidades.uprrp.edu\/historiadelarte\/wp-content\/uploads\/2024\/09\/raymond-682x1024.png 682w, https:\/\/humanidades.uprrp.edu\/historiadelarte\/wp-content\/uploads\/2024\/09\/raymond-200x300.png 200w, https:\/\/humanidades.uprrp.edu\/historiadelarte\/wp-content\/uploads\/2024\/09\/raymond-768x1153.png 768w, https:\/\/humanidades.uprrp.edu\/historiadelarte\/wp-content\/uploads\/2024\/09\/raymond-700x1051.png 700w, https:\/\/humanidades.uprrp.edu\/historiadelarte\/wp-content\/uploads\/2024\/09\/raymond-332x498.png 332w, https:\/\/humanidades.uprrp.edu\/historiadelarte\/wp-content\/uploads\/2024\/09\/raymond.png 834w\" sizes=\"(max-width: 171px) 100vw, 171px\" \/><\/a><figcaption class=\"wp-element-caption\">Dr. Raymond Cruz<\/figcaption><\/figure><\/div>\n\n\n<p>Raymond Cruz es Catedr\u00e1tico Auxiliar. Se desempe\u00f1a como profesor, artista visual y muse\u00f3grafo. Tiene un doctorado en el programa \u201cArte: producci\u00f3n e investigaci\u00f3n\u201d de la Universitat Polit\u00e8cnica de Val\u00e8ncia (Espa\u00f1a), una maestr\u00eda en Gesti\u00f3n y Administraci\u00f3n Cultural por la UPR-Recinto de R\u00edo Piedras y un Bachillerato en Artes Pl\u00e1sticas, concentraci\u00f3n en Pintura, por la misma universidad. Su tesis doctoral, titulada <em>La pintura abstracta mat\u00e9rica en Puerto Rico, 1950-2020<\/em>, obtuvo la distinci\u00f3n <em>cum laude<\/em>.<\/p>\n\n\n\n<p>Los cursos que ofrece en el Programa de Historia del Arte son: Principios Operacionales de Museos y Galer\u00edas, Pr\u00e1cticas Operacionales en Museos y Galer\u00edas, y Estudios Independientes en Galer\u00edas Universitarias. Tambi\u00e9n imparte cursos en Bellas Artes y Gesti\u00f3n Cultural, ha sido mentor de Investigaciones de MAGAC y lector de tesis doctoral. Actualmente es el coordinador de la Galer\u00eda de Arte de CRiiAS y la Galer\u00eda de Arte Francisco Oller.<\/p>\n\n\n\n<p>Desde 2023, es Coordinador del Departamento de Bellas Artes, UPRRRP. Colabora como Coordinador del Programa de Apoyo al Artista en Formaci\u00f3n (PAAF) del Centro de Recursos de Investigaci\u00f3n Interdisciplinaria y Aprendizaje Subgraduado (CRiiAS). Como muse\u00f3grafo ha trabajado en m\u00e1s de 80 proyectos expositivos. En su rol de artista visual, ha realizado cinco exposiciones individuales y participado en 24 colectivas en espacios como el Museo de Arte de Ponce, Museo de Arte de Puerto Rico, Museo de Arte de Bayam\u00f3n, Museo de Arte Caribbean University, Casa Escut\u00e9 en Carolina, Museo Fort\u00edn Conde de Mirasol en Vieques, SalaFAR Fundaci\u00f3n \u00c1ngel Ramos, Galer\u00eda Francisco Oller de la UPRRP, Gata de Gorgos (Espa\u00f1a), entre otros. Su obra <em>La ola Rossby, <\/em>forma parte del documental <em>El Caribe en m\u00ed<\/em>, del cineasta Juan Carlos Garc\u00eda.<\/p>\n\n\n\n<p>Email: <a href=\"mailto:raymond.cruz2@upr.edu\">raymond.cruz2@upr.edu<\/a><\/p>\n\n\n\n<p>Instagram: @rcruzart<\/p>\n","protected":false},"excerpt":{"rendered":"<p>Raymond Cruz es Catedr\u00e1tico Auxiliar. Se desempe\u00f1a como profesor, artista visual y muse\u00f3grafo. Tiene un doctorado en el programa \u201cArte: producci\u00f3n e investigaci\u00f3n\u201d de la Universitat Polit\u00e8cnica de Val\u00e8ncia (Espa\u00f1a), una maestr\u00eda en Gesti\u00f3n y Administraci\u00f3n Cultural por la UPR-Recinto de R\u00edo Piedras y un Bachillerato en Artes Pl\u00e1sticas, concentraci\u00f3n &#8230;<\/p>\n","protected":false},"author":5,"featured_media":0,"parent":0,"menu_order":0,"comment_status":"closed","ping_status":"closed","template":"","meta":{"footnotes":""},"class_list":["post-680","page","type-page","status-publish","hentry","column","twocol"],"_links":{"self":[{"href":"https:\/\/humanidades.uprrp.edu\/historiadelarte\/index.php?rest_route=\/wp\/v2\/pages\/680","targetHints":{"allow":["GET"]}}],"collection":[{"href":"https:\/\/humanidades.uprrp.edu\/historiadelarte\/index.php?rest_route=\/wp\/v2\/pages"}],"about":[{"href":"https:\/\/humanidades.uprrp.edu\/historiadelarte\/index.php?rest_route=\/wp\/v2\/types\/page"}],"author":[{"embeddable":true,"href":"https:\/\/humanidades.uprrp.edu\/historiadelarte\/index.php?rest_route=\/wp\/v2\/users\/5"}],"replies":[{"embeddable":true,"href":"https:\/\/humanidades.uprrp.edu\/historiadelarte\/index.php?rest_route=%2Fwp%2Fv2%2Fcomments&post=680"}],"version-history":[{"count":2,"href":"https:\/\/humanidades.uprrp.edu\/historiadelarte\/index.php?rest_route=\/wp\/v2\/pages\/680\/revisions"}],"predecessor-version":[{"id":738,"href":"https:\/\/humanidades.uprrp.edu\/historiadelarte\/index.php?rest_route=\/wp\/v2\/pages\/680\/revisions\/738"}],"wp:attachment":[{"href":"https:\/\/humanidades.uprrp.edu\/historiadelarte\/index.php?rest_route=%2Fwp%2Fv2%2Fmedia&parent=680"}],"curies":[{"name":"wp","href":"https:\/\/api.w.org\/{rel}","templated":true}]}}