{"id":656,"date":"2024-09-25T17:31:46","date_gmt":"2024-09-25T17:31:46","guid":{"rendered":"https:\/\/humanidades.uprrp.edu\/historiadelarte\/?page_id=656"},"modified":"2024-09-30T19:39:46","modified_gmt":"2024-09-30T19:39:46","slug":"laura-bravo-lopez","status":"publish","type":"page","link":"https:\/\/humanidades.uprrp.edu\/historiadelarte\/?page_id=656","title":{"rendered":"Laura Bravo L\u00f3pez"},"content":{"rendered":"<div class=\"wp-block-image\">\n<figure class=\"alignleft size-large is-resized\"><a href=\"https:\/\/humanidades.uprrp.edu\/historiadelarte\/wp-content\/uploads\/2024\/09\/Laura.png\"><img decoding=\"async\" src=\"https:\/\/humanidades.uprrp.edu\/historiadelarte\/wp-content\/uploads\/2024\/09\/Laura-683x1024.png\" alt=\"\" class=\"wp-image-723\" width=\"171\" height=\"256\" srcset=\"https:\/\/humanidades.uprrp.edu\/historiadelarte\/wp-content\/uploads\/2024\/09\/Laura-683x1024.png 683w, https:\/\/humanidades.uprrp.edu\/historiadelarte\/wp-content\/uploads\/2024\/09\/Laura-200x300.png 200w, https:\/\/humanidades.uprrp.edu\/historiadelarte\/wp-content\/uploads\/2024\/09\/Laura-768x1151.png 768w, https:\/\/humanidades.uprrp.edu\/historiadelarte\/wp-content\/uploads\/2024\/09\/Laura-700x1049.png 700w, https:\/\/humanidades.uprrp.edu\/historiadelarte\/wp-content\/uploads\/2024\/09\/Laura-332x498.png 332w, https:\/\/humanidades.uprrp.edu\/historiadelarte\/wp-content\/uploads\/2024\/09\/Laura.png 834w\" sizes=\"(max-width: 171px) 100vw, 171px\" \/><\/a><figcaption class=\"wp-element-caption\">Dra. Laura Bravo<\/figcaption><\/figure><\/div>\n\n\n<p>Laura Bravo es Catedr\u00e1tica, as\u00ed como Doctora en Historia del Arte por la Universidad Aut\u00f3noma de Madrid. Cuenta tambi\u00e9n con formaci\u00f3n graduada en Conservaci\u00f3n y restauraci\u00f3n del patrimonio (Fondo Social Europeo y Museo Reina Sof\u00eda, Madrid), y en Aptitud Pedag\u00f3gica por la Facultad de Ciencias de la Educaci\u00f3n (Universidad Complutense).<\/p>\n\n\n\n<p>Imparte los cursos de Historia de la fotograf\u00eda, Historia de la fotograf\u00eda en Am\u00e9rica Latina, Cr\u00edtica de arte, Arte occidental II, Teor\u00eda del arte, Investigaci\u00f3n en Historia del Arte (I y II), y Arte y g\u00e9nero, entre otros. Con m\u00e1s de dos d\u00e9cadas de experiencia en la docencia de la historia del arte, prepara a un nivel subgraduado, desde los fundamentos de esta \u00e1rea de conocimiento, destacando su relevancia en el contexto contempor\u00e1neo y en el \u00e1mbito profesional actual.<\/p>\n\n\n\n<p>Ha sido investigadora principal de dos proyectos financiados con fondos FIPI: \u201cEl arte puertorrique\u00f1o y los recientes flujos de la di\u00e1spora\u201d (2015-2018) y \u201cFotograf\u00eda y enfermedad: El cuerpo humano entre la mirada m\u00e9dica y la art\u00edstica\u201d (2020-2023). Sus investigaciones tambi\u00e9n han sido becadas por instituciones como Getty Foundation y Princeton University, entre otras.<\/p>\n\n\n\n<p>Es autora del libro <em>Ficciones certificadas: Invenci\u00f3n y apariencia en la creaci\u00f3n fotogr\u00e1fica: 1975-2000<\/em>, y coautora en una veintena de libros, publicados por C\u00e1tedra, Palgrave -McMillan, Universidad de Salamanca, Universidad Pablo de Olavide, entre otras. Entre los m\u00e1s recientes: <em>\u00c1lbum de familia y pr\u00e1cticas art\u00edsticas. Relecturas sobre autobiograf\u00eda, intimidad y archivo <\/em>(2019), <em>Con la casa a cuestas. Migraci\u00f3n y patrimonio cultural en el mundo hispano<\/em> (2020), <em>Ida y vuelta: Experiencias de la migraci\u00f3n en el arte contempor\u00e1neo puertorrique\u00f1o <\/em>(reedici\u00f3n en Hunter College, CUNY, 2023). De pr\u00f3xima publicaci\u00f3n en 2024: <em>Visibilizando el dolor: narrativas visuales de la enfermedad<\/em> (Dykinson), y <em>Entre-lugares<\/em> (LaCriba). Ha sido fundadora y editora de la revista <em>Visi\u00f3n Doble<\/em>.<\/p>\n\n\n\n<p>Email: <a href=\"mailto:laura.bravo@upr.edu\">laura.bravo@upr.edu<\/a><\/p>\n\n\n\n<p>Academia: <a href=\"https:\/\/urrp.academia.edu\/LauraBravo\">https:\/\/urrp.academia.edu\/LauraBravo<\/a><\/p>\n","protected":false},"excerpt":{"rendered":"<p>Laura Bravo es Catedr\u00e1tica, as\u00ed como Doctora en Historia del Arte por la Universidad Aut\u00f3noma de Madrid. Cuenta tambi\u00e9n con formaci\u00f3n graduada en Conservaci\u00f3n y restauraci\u00f3n del patrimonio (Fondo Social Europeo y Museo Reina Sof\u00eda, Madrid), y en Aptitud Pedag\u00f3gica por la Facultad de Ciencias de la Educaci\u00f3n (Universidad Complutense). &#8230;<\/p>\n","protected":false},"author":5,"featured_media":0,"parent":0,"menu_order":0,"comment_status":"closed","ping_status":"closed","template":"","meta":{"footnotes":""},"class_list":["post-656","page","type-page","status-publish","hentry","column","twocol"],"_links":{"self":[{"href":"https:\/\/humanidades.uprrp.edu\/historiadelarte\/index.php?rest_route=\/wp\/v2\/pages\/656","targetHints":{"allow":["GET"]}}],"collection":[{"href":"https:\/\/humanidades.uprrp.edu\/historiadelarte\/index.php?rest_route=\/wp\/v2\/pages"}],"about":[{"href":"https:\/\/humanidades.uprrp.edu\/historiadelarte\/index.php?rest_route=\/wp\/v2\/types\/page"}],"author":[{"embeddable":true,"href":"https:\/\/humanidades.uprrp.edu\/historiadelarte\/index.php?rest_route=\/wp\/v2\/users\/5"}],"replies":[{"embeddable":true,"href":"https:\/\/humanidades.uprrp.edu\/historiadelarte\/index.php?rest_route=%2Fwp%2Fv2%2Fcomments&post=656"}],"version-history":[{"count":3,"href":"https:\/\/humanidades.uprrp.edu\/historiadelarte\/index.php?rest_route=\/wp\/v2\/pages\/656\/revisions"}],"predecessor-version":[{"id":733,"href":"https:\/\/humanidades.uprrp.edu\/historiadelarte\/index.php?rest_route=\/wp\/v2\/pages\/656\/revisions\/733"}],"wp:attachment":[{"href":"https:\/\/humanidades.uprrp.edu\/historiadelarte\/index.php?rest_route=%2Fwp%2Fv2%2Fmedia&parent=656"}],"curies":[{"name":"wp","href":"https:\/\/api.w.org\/{rel}","templated":true}]}}