{"id":610,"date":"2024-09-20T20:30:38","date_gmt":"2024-09-20T20:30:38","guid":{"rendered":"https:\/\/humanidades.uprrp.edu\/historiadelarte\/?page_id=610"},"modified":"2026-02-09T19:09:42","modified_gmt":"2026-02-09T19:09:42","slug":"galeria-francisco-oller","status":"publish","type":"page","link":"https:\/\/humanidades.uprrp.edu\/historiadelarte\/?page_id=610","title":{"rendered":"Galer\u00eda Francisco Oller"},"content":{"rendered":"\n<p><strong>Misi\u00f3n:<\/strong><\/p>\n\n\n\n<p>La Galer\u00eda Oller es un espacio expositivo comprometido en gestionar y organizar exhibiciones que enriquezcan la historiograf\u00eda del arte y aporten una mirada cr\u00edtica a los discursos te\u00f3rico-curatoriales en la isla. Pensada como una incubadora curatorial, las exhibiciones que se presentan en la sala son producto de una investigaci\u00f3n colaborativa entre lxs docentes del Programa de Historia del Arte y sus estudiantes. El calendario expositivo sirve como una extensi\u00f3n de las aulas de nuestro recinto, en donde se contribuye al desarrollo del pensamiento cr\u00edtico y el reconocimiento de la importancia de la diversidad cultural en el estudiantado y lxs espectadorxs. Sus exhibiciones son muestra del aprendizaje activo del estudiantado y de la integraci\u00f3n de la Universidad en la vida intelectual y art\u00edstica de Puerto Rico.<\/p>\n\n\n\n<p><strong>Historia:<\/strong><\/p>\n\n\n\n<p>La Galer\u00eda Oller es un espacio \u00fanico dentro de la Facultad de Humanidades. Localizada en LPM, en el coraz\u00f3n del cuadr\u00e1ngulo, cuenta con aproximademente 850 pies cuadrados de espacio de exhibici\u00f3n.<\/p>\n\n\n\n<p>Gracias a la gesti\u00f3n de los profesores Osiris Delgado y Jos\u00e9 Buscaglia Guillermety, la primera sede de la galer\u00eda, ubicada en el s\u00f3tano del edificio Luis Pal\u00e9s Matos, fue inaugurada en mayo de 1979. La muestra inaugural present\u00f3 obras de lxs artistas profesorxs del Departamento de Bellas Artes, como Susana Herrero, Lope Max D\u00edaz, Luis Hern\u00e1ndez Cruz, Carola Col\u00f3m y John Balossi, entre otrxs.<\/p>\n\n\n\n<p>Debido a problemas de infraestructura, la galer\u00eda se traslad\u00f3 a su actual emplazamiento en marzo de 1984. Durante esos a\u00f1os, la galer\u00eda present\u00f3 exhibiciones anuales de lxs docentes y estudiantes del Departamento de Bellas Artes, adem\u00e1s de una amplia variedad de exhibiciones individuales y colectivas de artistas locales e internacionales.<\/p>\n\n\n\n<p>En 2012, bajo la direcci\u00f3n de la Dra. Laura Bravo, el espacio expositivo se redise\u00f1\u00f3, con miras a continuar proveyendo un enlace con la comunidad universitaria, as\u00ed como la art\u00edstica y el p\u00fablico del pa\u00eds. Desde entonces, en la Galer\u00eda Oller se organizan exhibiciones en colaboraci\u00f3n con lxs estudiantes y el profesorado Programa de Historia del Arte, quien custodia el espacio, sirviendo como un laboratorio curatorial.<\/p>\n\n\n\n<p>A lo largo de sus 45 a\u00f1os, la Galer\u00eda Oller ha sido el escenario de importantes exhibiciones con la participaci\u00f3n de artistas de renombre local e internacional. Algunos ejemplos recientes incluyen:<\/p>\n\n\n\n<ul class=\"wp-block-list\">\n<li><strong>Expo Profesorxs <\/strong>(febrero 2024 \u2013 mayo 2024) Organizada por Daniel Exp\u00f3sito S\u00e1nchez y Raymond Cruz Corchado<\/li>\n\n\n\n<li><strong>V\u00edctor V\u00e1zquez, Levedad y Susurro<\/strong> (27 de octubre 2023) Organizada por Juan Carlos Qui\u00f1ones<\/li>\n\n\n\n<li><strong>Resistencia y Libert\u00e1 <\/strong>(8 de marzo 2023 \u2013 30 de mayo de 2023) Organizada por Bombazo Wear, Milter\u00ed Tucker<\/li>\n\n\n\n<li><strong><a href=\"https:\/\/nam02.safelinks.protection.outlook.com\/?url=https%3A%2F%2Fwww.facebook.com%2Fphoto%2F%3Ffbid%3D2410860489067542%26set%3Da.123413654478915&amp;data=05%7C02%7Cmaricarmen.noble%40upr.edu%7C59579c8e9ac147f295f808dcf2ba2687%7C0dfa5dc0036f461599e494af822f2b84%7C0%7C0%7C638652128537983009%7CUnknown%7CTWFpbGZsb3d8eyJWIjoiMC4wLjAwMDAiLCJQIjoiV2luMzIiLCJBTiI6Ik1haWwiLCJXVCI6Mn0%3D%7C0%7C%7C%7C&amp;sdata=tR%2BIU1XDeRK4W3QyqlPRvDgpC0YxesbPe3%2BQswd61TI%3D&amp;reserved=0\">Desaparici\u00f3n de la fecha<\/a><\/strong>, de Elizabeth Robles (5 de octubre al 24 de noviembre de 2022)<\/li>\n\n\n\n<li><strong><a href=\"https:\/\/nam02.safelinks.protection.outlook.com\/?url=https%3A%2F%2Fwww.facebook.com%2Fevents%2F343987137759636%2F%3F_rdr&amp;data=05%7C02%7Cmaricarmen.noble%40upr.edu%7C59579c8e9ac147f295f808dcf2ba2687%7C0dfa5dc0036f461599e494af822f2b84%7C0%7C0%7C638652128538007935%7CUnknown%7CTWFpbGZsb3d8eyJWIjoiMC4wLjAwMDAiLCJQIjoiV2luMzIiLCJBTiI6Ik1haWwiLCJXVCI6Mn0%3D%7C0%7C%7C%7C&amp;sdata=MLN%2BH1JKxwRyPZ83lSwuv%2FjK4WmNR9251AJ7B5CaqJA%3D&amp;reserved=0\">Event \/ Horizons. Q(a) R (t) Exhibition<\/a><\/strong>. En colaboraci\u00f3n con Andanza. (6 al 27 de abril del 2022)<\/li>\n\n\n\n<li><strong>Archivo de asombro cotidiano: Mart\u00edn Garc\u00eda <\/strong>(14 de junio de 2021)<\/li>\n\n\n\n<li><strong><a href=\"https:\/\/nam02.safelinks.protection.outlook.com\/?url=https%3A%2F%2Fwww.facebook.com%2Fphoto%2F%3Ffbid%3D1440484816105119%26set%3Da.117224528431161&amp;data=05%7C02%7Cmaricarmen.noble%40upr.edu%7C59579c8e9ac147f295f808dcf2ba2687%7C0dfa5dc0036f461599e494af822f2b84%7C0%7C0%7C638652128538032762%7CUnknown%7CTWFpbGZsb3d8eyJWIjoiMC4wLjAwMDAiLCJQIjoiV2luMzIiLCJBTiI6Ik1haWwiLCJXVCI6Mn0%3D%7C0%7C%7C%7C&amp;sdata=uMCpn06y6Vsd9sc5I48SCzTXRCFM9vYjmJuzAai%2BwAc%3D&amp;reserved=0\">Los ojos de la piel<\/a><\/strong>, colectiva de artistas. Organizada junto al Centro de Investigaci\u00f3n de Arte y Entorno de la Universit\u00e0t Polit\u00e8cnica de Valencia. 25 de septiembre de 2019. Organizada por Raymond Cruz Corchado.<\/li>\n\n\n\n<li><strong>Residuos de la memoria: Obra reciente de Miguel \u00c1ngel Torres Aponte<\/strong> (5 de septiembre de 2018)<\/li>\n\n\n\n<li><strong><a href=\"https:\/\/humanidades.uprrp.edu\/historiadelarte\/wp-content\/uploads\/2024\/09\/Jose-R-Alicea-.jpg\">Jos\u00e9 R. Alicea: Maestro de la t\u00e9cnica del grabado<\/a><\/strong> (24 de abril al 18 de mayo de 2018)<br>En colaboraci\u00f3n con el Museo de Historia, Antropolog\u00eda y Arte de la Universidad de Puerto Rico, Recinto de R\u00edo Piedras, organizador de la exhibici\u00f3n.<\/li>\n\n\n\n<li><strong><a href=\"https:\/\/drive.google.com\/file\/d\/1lvYQp5OEGbL79dOoZd3YAnczn-QzbP1C\/view?usp=sharing\">Vida y tradici\u00f3n: M\u00e1s de 70 a\u00f1os del Teatro Rodante Universitario<\/a><\/strong> (10 de enero de 2018) Organizada por la Prof. Mercedes Trelles Hern\u00e1ndez y las estudiantes del Programa de Historia de Arte Karina Garc\u00eda, Dariana Guevara, Aisha P\u00e9rez, Mireily Rodr\u00edguez y Daniela Silva con la colaboraci\u00f3n de Jos\u00e9 Robledo, Jorge Rodulfo y Miguel Vando<\/li>\n\n\n\n<li><strong><a href=\"https:\/\/drive.google.com\/file\/d\/1jaOB8YgnE89iqBP6MFTulUCLWUOdFXGc\/view?usp=drive_link\">Flores y sombras de Melquiades Rosario Sastre<\/a> <\/strong>(8 de marzo de 2017) Organizada por Mercedes Trelles Hern\u00e1ndez<\/li>\n\n\n\n<li><strong><a href=\"https:\/\/drive.google.com\/file\/d\/1k7FySe3pjRKaN75vbHnDFVD7gvYFlMK1\/view?usp=drive_link\">Falsos positivos: Garvin Sierra<\/a> <\/strong>(20 de septiembre de 2016) Organizada por Raymond Cruz Corchado<\/li>\n\n\n\n<li><strong><a href=\"https:\/\/humanidades.uprrp.edu\/historiadelarte\/wp-content\/uploads\/2024\/09\/exposicion-de-graduandos-2016.jpg\">Exposici\u00f3n de graduandos de Bellas Artes <\/a><\/strong>(11 de mayo de 2016) Organizada por las estudiantes del Programa de Historia del arte Karina Gonz\u00e1lez, Danni Silva P\u00e9rez, Aisha P\u00e9rez<\/li>\n\n\n\n<li><a href=\"https:\/\/humanidades.uprrp.edu\/historiadelarte\/wp-content\/uploads\/2024\/09\/merge-Raymond-Cruz.jpg\"><strong>Merge: Raymond Cruz Corchado<\/strong> <\/a>(Febrero 2016)<\/li>\n\n\n\n<li><strong>Edwin Maur\u00e1s Modesti: Paisajes a trav\u00e9s de mi ventana II (<\/strong>12 de noviembre de 2015)<\/li>\n\n\n\n<li><strong><a href=\"https:\/\/drive.google.com\/file\/d\/1l-rvxuMTWj011tSWASWLeV95cCcYtGBA\/view?usp=drive_link\">Retrospectiva: 35 a\u00f1os de la Galer\u00eda Oller <\/a>(<\/strong>30 de septiembre de 2015) Organizada por los estudiantes del Programa de Historia del Arte Luz M. Sierra Maldonado, Eric J. Avil\u00e9s Santiago, Awilda M. Mart\u00ednez Cabrera, Patricia N. Rodr\u00edguez Talavera y Amanda Rol\u00f3n Cordero<\/li>\n\n\n\n<li><strong><a href=\"https:\/\/drive.google.com\/file\/d\/1RqL03W6jioc5tZWw6mD5thsEjVccpLpt\/view?usp=drive_link\">Crescendo: Elizam Escobar<\/a><\/strong> (6 de mayo de 2015) Organizada por Laura Bravo L\u00f3pez y Mercedes Trelles Hern\u00e1ndez<\/li>\n\n\n\n<li><strong>Universos paralelos: Transvergencias fotogr\u00e1ficas entre Espa\u00f1a y Puerto Rico<\/strong> (13 de noviembre 2014 al 25 de enero de 2015)  Organizada por Laura Bravo L\u00f3pez<\/li>\n\n\n\n<li><strong><a href=\"https:\/\/nam02.safelinks.protection.outlook.com\/?url=https%3A%2F%2Fjackdelanoenlaupr.wordpress.com%2Fla-exhibicion%2F&amp;data=05%7C02%7Cmaricarmen.noble%40upr.edu%7C59579c8e9ac147f295f808dcf2ba2687%7C0dfa5dc0036f461599e494af822f2b84%7C0%7C0%7C638652128538076730%7CUnknown%7CTWFpbGZsb3d8eyJWIjoiMC4wLjAwMDAiLCJQIjoiV2luMzIiLCJBTiI6Ik1haWwiLCJXVCI6Mn0%3D%7C0%7C%7C%7C&amp;sdata=AHlm0TfsM0lXTs4z4I11TD4AY6w3OnAfVsnxiKV%2BNHU%3D&amp;reserved=0\">Jack Delano en la UPR<\/a>: La colecci\u00f3n universitaria en su aniversario<\/strong>, del 29 de octubre al 5 de diciembre de 2014. Exhibici\u00f3n curada por los estudiantes: Mar\u00eda del Mar Hern\u00e1ndez Gil de Lamadrid (Fotograf\u00eda e Historia del Arte), Paola Micol P\u00e9rez Soto (Lenguas Modernas y Fotograf\u00eda), Kevin Quiles Bonilla (Fotograf\u00eda), Roxanna Huerta Arcila (Historia del Arte y Fotograf\u00eda) y Rafael Alejandro Rodr\u00edguez (Fotograf\u00eda e Historia del Arte), como parte de una Experiencia de Investigaci\u00f3n y Creaci\u00f3n de Verano (EICV 2014) del proyecto&nbsp;<em>Iniciativas de Investigaci\u00f3n y Actividad Creativa Subgraduadas<\/em>&nbsp;(iINAS) adscrito al Decanato de Estudios Graduados e Investigaci\u00f3n de la Universidad de Puerto Rico. Organizada con&nbsp; la colaboraci\u00f3n de Laura Bravo y Raymond Cruz Corchado.<\/li>\n\n\n\n<li><strong><a href=\"https:\/\/nam02.safelinks.protection.outlook.com\/?url=https%3A%2F%2Fwww.facebook.com%2Fphoto%2F%3Ffbid%3D372952979524980%26set%3Dpb.100063723840787.-2207520000&amp;data=05%7C02%7Cmaricarmen.noble%40upr.edu%7C59579c8e9ac147f295f808dcf2ba2687%7C0dfa5dc0036f461599e494af822f2b84%7C0%7C0%7C638652128538101190%7CUnknown%7CTWFpbGZsb3d8eyJWIjoiMC4wLjAwMDAiLCJQIjoiV2luMzIiLCJBTiI6Ik1haWwiLCJXVCI6Mn0%3D%7C0%7C%7C%7C&amp;sdata=HunEdBlVlTdyiEdzDo1ZMWiBLRL4%2B8L%2FodwlnAFJFMU%3D&amp;reserved=0\">Lorenzo Homar<\/a>, Tributo Gr\u00e1fico Cubano.&nbsp;<\/strong>Del mi\u00e9rcoles 3 de septiembre al 15 de octubre de 2014. En colaboraci\u00f3n con el Museo de Historia, Antropolog\u00eda y Arte de la Universidad de Puerto Rico, Recinto de R\u00edo Piedras, organizador de la exhibici\u00f3n.<\/li>\n\n\n\n<li><strong><a href=\"https:\/\/nam02.safelinks.protection.outlook.com\/?url=https%3A%2F%2Fwww.facebook.com%2FGaleriaFranciscoOller%2Fphotos%2Fpb.100063723840787.-2207520000%2F320632088090403%2F%3Ftype%3D3&amp;data=05%7C02%7Cmaricarmen.noble%40upr.edu%7C59579c8e9ac147f295f808dcf2ba2687%7C0dfa5dc0036f461599e494af822f2b84%7C0%7C0%7C638652128538118539%7CUnknown%7CTWFpbGZsb3d8eyJWIjoiMC4wLjAwMDAiLCJQIjoiV2luMzIiLCJBTiI6Ik1haWwiLCJXVCI6Mn0%3D%7C0%7C%7C%7C&amp;sdata=FM0MW%2FnyhSkNPh1BT1C1U%2FLGtwHiek%2Bw81j4VEsQkHw%3D&amp;reserved=0\">Encrucijadas; Proyecto 02: 2014<\/a>,&nbsp;<\/strong>de los estudiantes graduandos del Departamento de Bellas Artes. Del 16 al 30 de mayo de 2014.<\/li>\n\n\n\n<li><strong><a href=\"https:\/\/nam02.safelinks.protection.outlook.com\/?url=https%3A%2F%2Fwww.facebook.com%2Fphoto%2F%3Ffbid%3D284704375016508%26set%3Dpb.100063723840787.-2207520000&amp;data=05%7C02%7Cmaricarmen.noble%40upr.edu%7C59579c8e9ac147f295f808dcf2ba2687%7C0dfa5dc0036f461599e494af822f2b84%7C0%7C0%7C638652128538134858%7CUnknown%7CTWFpbGZsb3d8eyJWIjoiMC4wLjAwMDAiLCJQIjoiV2luMzIiLCJBTiI6Ik1haWwiLCJXVCI6Mn0%3D%7C0%7C%7C%7C&amp;sdata=G%2BM8RrF8cr3h2PDUFsho5tkLbo0GbcFqmMNgFMhyYTM%3D&amp;reserved=0\">Universos paralelos<\/a>: Transvergencias fotogr\u00e1ficas entre Espa\u00f1a y Puerto Rico<\/strong>, del 5 de febrero de 2014 al 30 de abril de 2014, en la Galer\u00eda de Arte Francisco Oller de la UPRRP y en la galer\u00eda BA209 de Edificio de Bellas Artes. Celebrada del 14 de noviembre al 25 de enero de 2015 en la Universidad de Salamanca). Curada y organizada por Laura Bravo L\u00f3pez y Jos\u00e9 G\u00f3mez Isla. Montaje: Raymond Cruz Corchado.<\/li>\n\n\n\n<li><a href=\"https:\/\/nam02.safelinks.protection.outlook.com\/?url=https%3A%2F%2Fwww.facebook.com%2Fphoto%2F%3Ffbid%3D299053616914917%26set%3Dpb.100063723840787.-2207520000&amp;data=05%7C02%7Cmaricarmen.noble%40upr.edu%7C59579c8e9ac147f295f808dcf2ba2687%7C0dfa5dc0036f461599e494af822f2b84%7C0%7C0%7C638652128538182680%7CUnknown%7CTWFpbGZsb3d8eyJWIjoiMC4wLjAwMDAiLCJQIjoiV2luMzIiLCJBTiI6Ik1haWwiLCJXVCI6Mn0%3D%7C0%7C%7C%7C&amp;sdata=g68l7RdGm9L59j3TRDPaIncg%2FjqAPJrxr35%2FjjTDjH4%3D&amp;reserved=0\"><strong>Vueltabajo Teatro<\/strong><\/a>, perfomance e instalaci\u00f3n, junto a Matotumba. 18, 19 y 20 de marzo de 2014.<\/li>\n\n\n\n<li><a href=\"https:\/\/nam02.safelinks.protection.outlook.com\/?url=https%3A%2F%2Fwww.facebook.com%2Fphoto%2F%3Ffbid%3D249023248584621%26set%3Da.123413654478915&amp;data=05%7C02%7Cmaricarmen.noble%40upr.edu%7C59579c8e9ac147f295f808dcf2ba2687%7C0dfa5dc0036f461599e494af822f2b84%7C0%7C0%7C638652128538150695%7CUnknown%7CTWFpbGZsb3d8eyJWIjoiMC4wLjAwMDAiLCJQIjoiV2luMzIiLCJBTiI6Ik1haWwiLCJXVCI6Mn0%3D%7C0%7C%7C%7C&amp;sdata=S7k5QB4Ns9GU3r0Im317RzqsprNENsyL2MIOHrADqzo%3D&amp;reserved=0\"><strong>The Bulletin Board<\/strong><\/a><strong>, un proyecto de Bubu Negr\u00f3n y Carla Acevedo-Yates<\/strong>. Pasillo del edificio Luis Pal\u00e9s Matos, junto a la Galer\u00eda Oller, del 21 de octubre al 20 de noviembre de 2013.<\/li>\n\n\n\n<li><strong>Blueprints for a Nation, de Ad\u00e1l Maldonado<\/strong>. Del 16 de octubre al 6 de diciembre de 2013. Organizada por Ad\u00e1l Maldonado y Laura Bravo L\u00f3pez. Montaje: Raymond Cruz Corchado.<\/li>\n\n\n\n<li><strong><a href=\"https:\/\/nam02.safelinks.protection.outlook.com\/?url=https%3A%2F%2Fwww.facebook.com%2Fmedia%2Fset%2F%3Fset%3Da.235330549953891%26type%3D3&amp;data=05%7C02%7Cmaricarmen.noble%40upr.edu%7C59579c8e9ac147f295f808dcf2ba2687%7C0dfa5dc0036f461599e494af822f2b84%7C0%7C0%7C638652128538166745%7CUnknown%7CTWFpbGZsb3d8eyJWIjoiMC4wLjAwMDAiLCJQIjoiV2luMzIiLCJBTiI6Ik1haWwiLCJXVCI6Mn0%3D%7C0%7C%7C%7C&amp;sdata=Yx4fO47JIpYnmuVKPKDm46wE5u6wvkXteYRyJ6U2XDQ%3D&amp;reserved=0\">Speculum<\/a>, de N\u00e9stor Mill\u00e1n.&nbsp;<\/strong>Del 4 de septiembre al 3 de octubre de 2013. Organizada por N\u00e9stor Mill\u00e1n y Raymond Cruz Corchado.<\/li>\n\n\n\n<li><strong>The Social Network Phone<\/strong>, de Rafael Vargas, un proyecto desarrollado en el pasillo del Edificio Luis Pal\u00e9s Matos, frente a la Galer\u00eda Oller. Del 18 al 30 de abril de 2013.<\/li>\n\n\n\n<li><a href=\"https:\/\/nam02.safelinks.protection.outlook.com\/?url=https%3A%2F%2Fwww.facebook.com%2Fmedia%2Fset%2F%3Fset%3Da.172255302928083%26type%3D3&amp;data=05%7C02%7Cmaricarmen.noble%40upr.edu%7C59579c8e9ac147f295f808dcf2ba2687%7C0dfa5dc0036f461599e494af822f2b84%7C0%7C0%7C638652128538198391%7CUnknown%7CTWFpbGZsb3d8eyJWIjoiMC4wLjAwMDAiLCJQIjoiV2luMzIiLCJBTiI6Ik1haWwiLCJXVCI6Mn0%3D%7C0%7C%7C%7C&amp;sdata=Y2LZZtsy2LzYA%2FLlonfPEEX%2F3XuFa6ndjUMujOaeiH0%3D&amp;reserved=0\"><strong>Ovni Archive<\/strong><\/a>: Vestigios de la Guerra Fr\u00eda en el siglo XX, de Rosell Meseguer. Del 6 de marzo al 12 de abril de 2013. Organizada por Rosell Meseguer y Laura Bravo, con montaje de Raymond Cruz Corchado.<\/li>\n\n\n\n<li><strong><a href=\"https:\/\/nam02.safelinks.protection.outlook.com\/?url=https%3A%2F%2Fwww.facebook.com%2Fmedia%2Fset%2F%3Fset%3Da.158098884343725%26type%3D3&amp;data=05%7C02%7Cmaricarmen.noble%40upr.edu%7C59579c8e9ac147f295f808dcf2ba2687%7C0dfa5dc0036f461599e494af822f2b84%7C0%7C0%7C638652128538213882%7CUnknown%7CTWFpbGZsb3d8eyJWIjoiMC4wLjAwMDAiLCJQIjoiV2luMzIiLCJBTiI6Ik1haWwiLCJXVCI6Mn0%3D%7C0%7C%7C%7C&amp;sdata=0DKQ4Jd%2FyesFDq6nTDjEYygfKlpJ9YFozZjNfgbjDD0%3D&amp;reserved=0\">Orbita<\/a>, de Ivelisse Jim\u00e9nez, Carola Cintr\u00f3n Moscoso y Migdalia Luz Barens Vera<\/strong>. Del&nbsp;6 al 27 de febrero de 2013. Organizadas por las artistas y el Departamento de Bellas Artes.<\/li>\n\n\n\n<li><strong><a href=\"https:\/\/nam02.safelinks.protection.outlook.com\/?url=https%3A%2F%2Fwww.facebook.com%2Fphoto%2F%3Ffbid%3D119614361525511%26set%3Da.117224528431161&amp;data=05%7C02%7Cmaricarmen.noble%40upr.edu%7C59579c8e9ac147f295f808dcf2ba2687%7C0dfa5dc0036f461599e494af822f2b84%7C0%7C0%7C638652128538229921%7CUnknown%7CTWFpbGZsb3d8eyJWIjoiMC4wLjAwMDAiLCJQIjoiV2luMzIiLCJBTiI6Ik1haWwiLCJXVCI6Mn0%3D%7C0%7C%7C%7C&amp;sdata=W2xOJCMk7ti94rq51TuKlEIqy%2Fg65CiqVz%2FYbVynxDQ%3D&amp;reserved=0\">Fotograf\u00eda, medio de visi\u00f3n e ideas<\/a><\/strong>. Colectiva de fotograf\u00eda. En colaboraci\u00f3n con el Departamento de Bellas Artes de la UPRRP. 15 de octubre de 2012<\/li>\n\n\n\n<li><strong>F\u00e1bulas de la Selecci\u00f3n Artificial: Jos\u00e9 \u2018Quique\u2019 Rivera<\/strong> (8 de octubre de 2009)<\/li>\n\n\n\n<li><strong>La fragilidad y la fortaleza de Eduardo Lalo<\/strong> (1991)<\/li>\n\n\n\n<li><strong>Hierro y barro: Rafael \u2018Redo\u2019 del Olmo<\/strong> (10 \u2013 16 de abril de 1991)<\/li>\n\n\n\n<li><strong>Los desastres de la guerra y Los caprichos de Goya<\/strong> (11 al 27 de octubre de 1989)<\/li>\n\n\n\n<li><strong>Arte dominicano sobre papel<\/strong> (15 de octubre al 18 de noviembre de 1987)<\/li>\n<\/ul>\n\n\n\n<p>La Galer\u00eda Francisco Oller cuenta con un Comit\u00e9 de Galer\u00eda y un reglamento.<\/p>\n\n\n\n<h3 class=\"wp-block-heading\">Galer\u00eda Francisco Oller<\/h3>\n\n\n\n<ul class=\"wp-block-social-links has-normal-icon-size is-layout-flex wp-block-social-links-is-layout-flex\"><li class=\"wp-social-link wp-social-link-facebook  wp-block-social-link\"><a href=\"https:\/\/www.facebook.com\/GaleriaFranciscoOller\" class=\"wp-block-social-link-anchor\"><svg width=\"24\" height=\"24\" viewBox=\"0 0 24 24\" version=\"1.1\" xmlns=\"http:\/\/www.w3.org\/2000\/svg\" aria-hidden=\"true\" focusable=\"false\"><path d=\"M12 2C6.5 2 2 6.5 2 12c0 5 3.7 9.1 8.4 9.9v-7H7.9V12h2.5V9.8c0-2.5 1.5-3.9 3.8-3.9 1.1 0 2.2.2 2.2.2v2.5h-1.3c-1.2 0-1.6.8-1.6 1.6V12h2.8l-.4 2.9h-2.3v7C18.3 21.1 22 17 22 12c0-5.5-4.5-10-10-10z\"><\/path><\/svg><span class=\"wp-block-social-link-label screen-reader-text\">Facebook<\/span><\/a><\/li><\/ul>\n","protected":false},"excerpt":{"rendered":"<p>Misi\u00f3n: La Galer\u00eda Oller es un espacio expositivo comprometido en gestionar y organizar exhibiciones que enriquezcan la historiograf\u00eda del arte y aporten una mirada cr\u00edtica a los discursos te\u00f3rico-curatoriales en la isla. Pensada como una incubadora curatorial, las exhibiciones que se presentan en la sala son producto de una investigaci\u00f3n &#8230;<\/p>\n","protected":false},"author":5,"featured_media":0,"parent":0,"menu_order":0,"comment_status":"closed","ping_status":"closed","template":"template-full-width.php","meta":{"footnotes":""},"class_list":["post-610","page","type-page","status-publish","hentry","column","twocol"],"_links":{"self":[{"href":"https:\/\/humanidades.uprrp.edu\/historiadelarte\/index.php?rest_route=\/wp\/v2\/pages\/610","targetHints":{"allow":["GET"]}}],"collection":[{"href":"https:\/\/humanidades.uprrp.edu\/historiadelarte\/index.php?rest_route=\/wp\/v2\/pages"}],"about":[{"href":"https:\/\/humanidades.uprrp.edu\/historiadelarte\/index.php?rest_route=\/wp\/v2\/types\/page"}],"author":[{"embeddable":true,"href":"https:\/\/humanidades.uprrp.edu\/historiadelarte\/index.php?rest_route=\/wp\/v2\/users\/5"}],"replies":[{"embeddable":true,"href":"https:\/\/humanidades.uprrp.edu\/historiadelarte\/index.php?rest_route=%2Fwp%2Fv2%2Fcomments&post=610"}],"version-history":[{"count":13,"href":"https:\/\/humanidades.uprrp.edu\/historiadelarte\/index.php?rest_route=\/wp\/v2\/pages\/610\/revisions"}],"predecessor-version":[{"id":846,"href":"https:\/\/humanidades.uprrp.edu\/historiadelarte\/index.php?rest_route=\/wp\/v2\/pages\/610\/revisions\/846"}],"wp:attachment":[{"href":"https:\/\/humanidades.uprrp.edu\/historiadelarte\/index.php?rest_route=%2Fwp%2Fv2%2Fmedia&parent=610"}],"curies":[{"name":"wp","href":"https:\/\/api.w.org\/{rel}","templated":true}]}}