{"id":608,"date":"2024-09-20T20:29:31","date_gmt":"2024-09-20T20:29:31","guid":{"rendered":"https:\/\/humanidades.uprrp.edu\/historiadelarte\/?page_id=608"},"modified":"2024-10-10T18:45:44","modified_gmt":"2024-10-10T18:45:44","slug":"revista-vision-doble","status":"publish","type":"page","link":"https:\/\/humanidades.uprrp.edu\/historiadelarte\/?page_id=608","title":{"rendered":"Revista Visi\u00f3n Doble"},"content":{"rendered":"<div class=\"wp-block-image\">\n<figure class=\"alignleft size-full\"><a href=\"https:\/\/humanidades.uprrp.edu\/visiondoble\/\"><img fetchpriority=\"high\" decoding=\"async\" width=\"400\" height=\"153\" src=\"https:\/\/humanidades.uprrp.edu\/historiadelarte\/wp-content\/uploads\/2024\/09\/vision-doble-e1557755134168-400x153-1.png\" alt=\"\" class=\"wp-image-747\" srcset=\"https:\/\/humanidades.uprrp.edu\/historiadelarte\/wp-content\/uploads\/2024\/09\/vision-doble-e1557755134168-400x153-1.png 400w, https:\/\/humanidades.uprrp.edu\/historiadelarte\/wp-content\/uploads\/2024\/09\/vision-doble-e1557755134168-400x153-1-300x115.png 300w, https:\/\/humanidades.uprrp.edu\/historiadelarte\/wp-content\/uploads\/2024\/09\/vision-doble-e1557755134168-400x153-1-332x127.png 332w\" sizes=\"(max-width: 400px) 100vw, 400px\" \/><\/a><\/figure><\/div>\n\n\n<ul class=\"wp-block-social-links is-layout-flex wp-block-social-links-is-layout-flex\"><li class=\"wp-social-link wp-social-link-instagram  wp-block-social-link\"><a href=\"http:\/\/instagram.com\/vision.doble.upr\" class=\"wp-block-social-link-anchor\"><svg width=\"24\" height=\"24\" viewBox=\"0 0 24 24\" version=\"1.1\" xmlns=\"http:\/\/www.w3.org\/2000\/svg\" aria-hidden=\"true\" focusable=\"false\"><path d=\"M12,4.622c2.403,0,2.688,0.009,3.637,0.052c0.877,0.04,1.354,0.187,1.671,0.31c0.42,0.163,0.72,0.358,1.035,0.673 c0.315,0.315,0.51,0.615,0.673,1.035c0.123,0.317,0.27,0.794,0.31,1.671c0.043,0.949,0.052,1.234,0.052,3.637 s-0.009,2.688-0.052,3.637c-0.04,0.877-0.187,1.354-0.31,1.671c-0.163,0.42-0.358,0.72-0.673,1.035 c-0.315,0.315-0.615,0.51-1.035,0.673c-0.317,0.123-0.794,0.27-1.671,0.31c-0.949,0.043-1.233,0.052-3.637,0.052 s-2.688-0.009-3.637-0.052c-0.877-0.04-1.354-0.187-1.671-0.31c-0.42-0.163-0.72-0.358-1.035-0.673 c-0.315-0.315-0.51-0.615-0.673-1.035c-0.123-0.317-0.27-0.794-0.31-1.671C4.631,14.688,4.622,14.403,4.622,12 s0.009-2.688,0.052-3.637c0.04-0.877,0.187-1.354,0.31-1.671c0.163-0.42,0.358-0.72,0.673-1.035 c0.315-0.315,0.615-0.51,1.035-0.673c0.317-0.123,0.794-0.27,1.671-0.31C9.312,4.631,9.597,4.622,12,4.622 M12,3 C9.556,3,9.249,3.01,8.289,3.054C7.331,3.098,6.677,3.25,6.105,3.472C5.513,3.702,5.011,4.01,4.511,4.511 c-0.5,0.5-0.808,1.002-1.038,1.594C3.25,6.677,3.098,7.331,3.054,8.289C3.01,9.249,3,9.556,3,12c0,2.444,0.01,2.751,0.054,3.711 c0.044,0.958,0.196,1.612,0.418,2.185c0.23,0.592,0.538,1.094,1.038,1.594c0.5,0.5,1.002,0.808,1.594,1.038 c0.572,0.222,1.227,0.375,2.185,0.418C9.249,20.99,9.556,21,12,21s2.751-0.01,3.711-0.054c0.958-0.044,1.612-0.196,2.185-0.418 c0.592-0.23,1.094-0.538,1.594-1.038c0.5-0.5,0.808-1.002,1.038-1.594c0.222-0.572,0.375-1.227,0.418-2.185 C20.99,14.751,21,14.444,21,12s-0.01-2.751-0.054-3.711c-0.044-0.958-0.196-1.612-0.418-2.185c-0.23-0.592-0.538-1.094-1.038-1.594 c-0.5-0.5-1.002-0.808-1.594-1.038c-0.572-0.222-1.227-0.375-2.185-0.418C14.751,3.01,14.444,3,12,3L12,3z M12,7.378 c-2.552,0-4.622,2.069-4.622,4.622S9.448,16.622,12,16.622s4.622-2.069,4.622-4.622S14.552,7.378,12,7.378z M12,15 c-1.657,0-3-1.343-3-3s1.343-3,3-3s3,1.343,3,3S13.657,15,12,15z M16.804,6.116c-0.596,0-1.08,0.484-1.08,1.08 s0.484,1.08,1.08,1.08c0.596,0,1.08-0.484,1.08-1.08S17.401,6.116,16.804,6.116z\"><\/path><\/svg><span class=\"wp-block-social-link-label screen-reader-text\">Instagram<\/span><\/a><\/li><\/ul>\n\n\n\n<p><em><a href=\"https:\/\/humanidades.uprrp.edu\/visiondoble\/\">Visi\u00f3n Doble<\/a><\/em> es una revista acad\u00e9mica publicada en l\u00ednea, de acceso abierto y periodicidad anual, que tiene como objetivos el an\u00e1lisis especializado de la creaci\u00f3n art\u00edstica, con primordial inter\u00e9s en la que se desarrolla en Puerto Rico, y el estudio cient\u00edfico de la historia del arte, en toda su amplitud. Esta publicaci\u00f3n abre una serie de ventanas a la reflexi\u00f3n hist\u00f3rica y cr\u00edtica sobre las m\u00faltiples manifestaciones de las artes visuales, de la arquitectura y la cultura visual, desde la pr\u00e1ctica de la disciplina. En la secci\u00f3n \u201cArt\u00edculos\u201d se publican textos arbitrados por pares, en los que la investigaci\u00f3n cient\u00edfica tiene su fundamento primordial.<\/p>\n\n\n\n<p><em>Visi\u00f3n Doble<\/em> se genera desde el Programa de Historia del Arte de la Universidad de Puerto Rico, Recinto de R\u00edo Piedras, y est\u00e1 registrada en redes como <em>Latindex<\/em> y <em>MIAR<\/em>. Se trata de una publicaci\u00f3n \u00fanica en Puerto Rico, en su naturaleza acad\u00e9mica dedicada al estudio de la disciplina.<\/p>\n\n\n\n<p>Visi\u00f3n Doble fue fundada en marzo de 2013, con el prop\u00f3sito de difundir y documentar la actualidad del arte creado en Puerto Rico, desde una perspectiva cr\u00edtica e hist\u00f3rica. En ella se han publicado m\u00e1s de quinientos textos in\u00e9ditos, en espa\u00f1ol y en ingl\u00e9s, que incluyen rese\u00f1as de exhibiciones y de proyectos de arte, rese\u00f1as de libros especializados en la materia, entrevistas a personalidades del panorama art\u00edstico nacional e internacional, art\u00edculos de investigaci\u00f3n y ensayos relacionados con el arte y la arquitectura. Durante sus primeros cuatro a\u00f1os, la periodicidad de esta publicaci\u00f3n fue, ininterrumpidamente, mensual. La funci\u00f3n de la revista fue did\u00e1ctica, con un enfoque cercano al p\u00fablico general pero tambi\u00e9n dirigido a los conocedores de la realidad art\u00edstica contempor\u00e1nea. En ella han colaborado, y colaboran en la actualidad, tanto reconocidas personalidades de la cr\u00edtica y la historia del arte, como j\u00f3venes que incursionan en la practica de la escritura especializada en el an\u00e1lisis de la creaci\u00f3n art\u00edstica, y para quienes la revista es un laboratorio de aprendizaje y de pr\u00e1ctica.<\/p>\n\n\n\n<p>Adem\u00e1s, <em>Visi\u00f3n Doble<\/em> es un espacio de formaci\u00f3n para estudiantes del Programa de Historia del Arte, quienes colaboran de manera voluntaria o a trav\u00e9s de un programa de internado, que dio comienzo en 2020. En esta experiencia, tanto formativa como pr\u00e1ctica, mejoran sus destrezas de comunicaci\u00f3n escrita, conocen la naturaleza de la escritura acad\u00e9mica, de sus mecanismos y espacios de difusi\u00f3n, la relevancia de la publicaci\u00f3n profesional en el mundo contempor\u00e1neo, as\u00ed como las distintas \u00e1reas y espacios en los que pueden desarrollar sus carreras en el futuro.<\/p>\n\n\n\n<p>Visi\u00f3n Doble, como revista acad\u00e9mica especializada en Historia del Arte, cuenta con un equipo editorial, comit\u00e9 cient\u00edfico y comit\u00e9 de redacci\u00f3n, que se encargan de evaluar y dirigir el id\u00f3neo funcionamiento de la publicaci\u00f3n.<\/p>\n\n\n\n<p class=\"has-text-align-center\">Contacto: <a href=\"mailto:visi%C3%B3n.doble@upr.edu\">vision.doble@upr.edu<\/a><\/p>\n","protected":false},"excerpt":{"rendered":"<p>Visi\u00f3n Doble es una revista acad\u00e9mica publicada en l\u00ednea, de acceso abierto y periodicidad anual, que tiene como objetivos el an\u00e1lisis especializado de la creaci\u00f3n art\u00edstica, con primordial inter\u00e9s en la que se desarrolla en Puerto Rico, y el estudio cient\u00edfico de la historia del arte, en toda su amplitud. &#8230;<\/p>\n","protected":false},"author":5,"featured_media":0,"parent":0,"menu_order":0,"comment_status":"closed","ping_status":"closed","template":"template-full-width.php","meta":{"footnotes":""},"class_list":["post-608","page","type-page","status-publish","hentry","column","twocol"],"_links":{"self":[{"href":"https:\/\/humanidades.uprrp.edu\/historiadelarte\/index.php?rest_route=\/wp\/v2\/pages\/608","targetHints":{"allow":["GET"]}}],"collection":[{"href":"https:\/\/humanidades.uprrp.edu\/historiadelarte\/index.php?rest_route=\/wp\/v2\/pages"}],"about":[{"href":"https:\/\/humanidades.uprrp.edu\/historiadelarte\/index.php?rest_route=\/wp\/v2\/types\/page"}],"author":[{"embeddable":true,"href":"https:\/\/humanidades.uprrp.edu\/historiadelarte\/index.php?rest_route=\/wp\/v2\/users\/5"}],"replies":[{"embeddable":true,"href":"https:\/\/humanidades.uprrp.edu\/historiadelarte\/index.php?rest_route=%2Fwp%2Fv2%2Fcomments&post=608"}],"version-history":[{"count":14,"href":"https:\/\/humanidades.uprrp.edu\/historiadelarte\/index.php?rest_route=\/wp\/v2\/pages\/608\/revisions"}],"predecessor-version":[{"id":827,"href":"https:\/\/humanidades.uprrp.edu\/historiadelarte\/index.php?rest_route=\/wp\/v2\/pages\/608\/revisions\/827"}],"wp:attachment":[{"href":"https:\/\/humanidades.uprrp.edu\/historiadelarte\/index.php?rest_route=%2Fwp%2Fv2%2Fmedia&parent=608"}],"curies":[{"name":"wp","href":"https:\/\/api.w.org\/{rel}","templated":true}]}}

Revista Visión Doble

<div class="wp-block-image">
<figure class="alignleft size-full"><a href="https://humanidades.uprrp.edu/visiondoble/"><img fetchpriority="high" decoding="async" width="400" height="153" src="https://humanidades.uprrp.edu/historiadelarte/wp-content/uploads/2024/09/vision-doble-e1557755134168-400x153-1.png" alt="" class="wp-image-747" srcset="https://humanidades.uprrp.edu/historiadelarte/wp-content/uploads/2024/09/vision-doble-e1557755134168-400x153-1.png 400w, https://humanidades.uprrp.edu/historiadelarte/wp-content/uploads/2024/09/vision-doble-e1557755134168-400x153-1-300x115.png 300w, https://humanidades.uprrp.edu/historiadelarte/wp-content/uploads/2024/09/vision-doble-e1557755134168-400x153-1-332x127.png 332w" sizes="(max-width: 400px) 100vw, 400px" /></a></figure></div>


<ul class="wp-block-social-links is-layout-flex wp-block-social-links-is-layout-flex"><li class="wp-social-link wp-social-link-instagram  wp-block-social-link"><a href="http://instagram.com/vision.doble.upr" class="wp-block-social-link-anchor"><svg width="24" height="24" viewBox="0 0 24 24" version="1.1" xmlns="http://www.w3.org/2000/svg" aria-hidden="true" focusable="false"><path d="M12,4.622c2.403,0,2.688,0.009,3.637,0.052c0.877,0.04,1.354,0.187,1.671,0.31c0.42,0.163,0.72,0.358,1.035,0.673 c0.315,0.315,0.51,0.615,0.673,1.035c0.123,0.317,0.27,0.794,0.31,1.671c0.043,0.949,0.052,1.234,0.052,3.637 s-0.009,2.688-0.052,3.637c-0.04,0.877-0.187,1.354-0.31,1.671c-0.163,0.42-0.358,0.72-0.673,1.035 c-0.315,0.315-0.615,0.51-1.035,0.673c-0.317,0.123-0.794,0.27-1.671,0.31c-0.949,0.043-1.233,0.052-3.637,0.052 s-2.688-0.009-3.637-0.052c-0.877-0.04-1.354-0.187-1.671-0.31c-0.42-0.163-0.72-0.358-1.035-0.673 c-0.315-0.315-0.51-0.615-0.673-1.035c-0.123-0.317-0.27-0.794-0.31-1.671C4.631,14.688,4.622,14.403,4.622,12 s0.009-2.688,0.052-3.637c0.04-0.877,0.187-1.354,0.31-1.671c0.163-0.42,0.358-0.72,0.673-1.035 c0.315-0.315,0.615-0.51,1.035-0.673c0.317-0.123,0.794-0.27,1.671-0.31C9.312,4.631,9.597,4.622,12,4.622 M12,3 C9.556,3,9.249,3.01,8.289,3.054C7.331,3.098,6.677,3.25,6.105,3.472C5.513,3.702,5.011,4.01,4.511,4.511 c-0.5,0.5-0.808,1.002-1.038,1.594C3.25,6.677,3.098,7.331,3.054,8.289C3.01,9.249,3,9.556,3,12c0,2.444,0.01,2.751,0.054,3.711 c0.044,0.958,0.196,1.612,0.418,2.185c0.23,0.592,0.538,1.094,1.038,1.594c0.5,0.5,1.002,0.808,1.594,1.038 c0.572,0.222,1.227,0.375,2.185,0.418C9.249,20.99,9.556,21,12,21s2.751-0.01,3.711-0.054c0.958-0.044,1.612-0.196,2.185-0.418 c0.592-0.23,1.094-0.538,1.594-1.038c0.5-0.5,0.808-1.002,1.038-1.594c0.222-0.572,0.375-1.227,0.418-2.185 C20.99,14.751,21,14.444,21,12s-0.01-2.751-0.054-3.711c-0.044-0.958-0.196-1.612-0.418-2.185c-0.23-0.592-0.538-1.094-1.038-1.594 c-0.5-0.5-1.002-0.808-1.594-1.038c-0.572-0.222-1.227-0.375-2.185-0.418C14.751,3.01,14.444,3,12,3L12,3z M12,7.378 c-2.552,0-4.622,2.069-4.622,4.622S9.448,16.622,12,16.622s4.622-2.069,4.622-4.622S14.552,7.378,12,7.378z M12,15 c-1.657,0-3-1.343-3-3s1.343-3,3-3s3,1.343,3,3S13.657,15,12,15z M16.804,6.116c-0.596,0-1.08,0.484-1.08,1.08 s0.484,1.08,1.08,1.08c0.596,0,1.08-0.484,1.08-1.08S17.401,6.116,16.804,6.116z"></path></svg><span class="wp-block-social-link-label screen-reader-text">Instagram</span></a></li></ul>



<p><em><a href="https://humanidades.uprrp.edu/visiondoble/">Visión Doble</a></em> es una revista académica publicada en línea, de acceso abierto y periodicidad anual, que tiene como objetivos el análisis especializado de la creación artística, con primordial interés en la que se desarrolla en Puerto Rico, y el estudio científico de la historia del arte, en toda su amplitud. Esta publicación abre una serie de ventanas a la reflexión histórica y crítica sobre las múltiples manifestaciones de las artes visuales, de la arquitectura y la cultura visual, desde la práctica de la disciplina. En la sección “Artículos” se publican textos arbitrados por pares, en los que la investigación científica tiene su fundamento primordial.</p>



<p><em>Visión Doble</em> se genera desde el Programa de Historia del Arte de la Universidad de Puerto Rico, Recinto de Río Piedras, y está registrada en redes como <em>Latindex</em> y <em>MIAR</em>. Se trata de una publicación única en Puerto Rico, en su naturaleza académica dedicada al estudio de la disciplina.</p>



<p>Visión Doble fue fundada en marzo de 2013, con el propósito de difundir y documentar la actualidad del arte creado en Puerto Rico, desde una perspectiva crítica e histórica. En ella se han publicado más de quinientos textos inéditos, en español y en inglés, que incluyen reseñas de exhibiciones y de proyectos de arte, reseñas de libros especializados en la materia, entrevistas a personalidades del panorama artístico nacional e internacional, artículos de investigación y ensayos relacionados con el arte y la arquitectura. Durante sus primeros cuatro años, la periodicidad de esta publicación fue, ininterrumpidamente, mensual. La función de la revista fue didáctica, con un enfoque cercano al público general pero también dirigido a los conocedores de la realidad artística contemporánea. En ella han colaborado, y colaboran en la actualidad, tanto reconocidas personalidades de la crítica y la historia del arte, como jóvenes que incursionan en la practica de la escritura especializada en el análisis de la creación artística, y para quienes la revista es un laboratorio de aprendizaje y de práctica.</p>



<p>Además, <em>Visión Doble</em> es un espacio de formación para estudiantes del Programa de Historia del Arte, quienes colaboran de manera voluntaria o a través de un programa de internado, que dio comienzo en 2020. En esta experiencia, tanto formativa como práctica, mejoran sus destrezas de comunicación escrita, conocen la naturaleza de la escritura académica, de sus mecanismos y espacios de difusión, la relevancia de la publicación profesional en el mundo contemporáneo, así como las distintas áreas y espacios en los que pueden desarrollar sus carreras en el futuro.</p>



<p>Visión Doble, como revista académica especializada en Historia del Arte, cuenta con un equipo editorial, comité científico y comité de redacción, que se encargan de evaluar y dirigir el idóneo funcionamiento de la publicación.</p>



<p class="has-text-align-center">Contacto: <a href="mailto:visi%C3%B3n.doble@upr.edu">vision.doble@upr.edu</a></p>

<p>Visión Doble es una revista académica publicada en línea, de acceso abierto y periodicidad anual, que tiene como objetivos el análisis especializado de la creación artística, con primordial interés en la que se desarrolla en Puerto Rico, y el estudio científico de la historia del arte, en toda su amplitud. &#8230;</p>
