{"id":597,"date":"2024-09-20T20:21:51","date_gmt":"2024-09-20T20:21:51","guid":{"rendered":"https:\/\/humanidades.uprrp.edu\/historiadelarte\/?page_id=597"},"modified":"2024-09-25T15:03:34","modified_gmt":"2024-09-25T15:03:34","slug":"oportunidades-de-formacion-profesional","status":"publish","type":"page","link":"https:\/\/humanidades.uprrp.edu\/historiadelarte\/?page_id=597","title":{"rendered":"Oportunidades de formaci\u00f3n profesional"},"content":{"rendered":"\n<h3 class=\"wp-block-heading\">Internados<\/h3>\n\n\n\n<ul class=\"wp-block-list\">\n<li>Internado en Digital Humanities como parte del Cribbean Digital Scholarship Collective <\/li>\n\n\n\n<li>Internado en el Museo de Antropolog\u00eda, Historia y Arte de la UPR R\u00edo Piedrs y Museo P\u00edo L\u00f3pez Mart\u00ednez, UPR Cayey<\/li>\n\n\n\n<li>Internado en el Museo de Arte de Puerto Rico<\/li>\n<\/ul>\n\n\n\n<h3 class=\"wp-block-heading\">Programas de voluntariado<\/h3>\n\n\n\n<ul class=\"wp-block-list\">\n<li>Museo de Antropolog\u00eda, Historia y Arte de la UPR<\/li>\n\n\n\n<li>Museo de Arte de Puerto Rico<\/li>\n\n\n\n<li>Museo de Arte Contempor\u00e1neo<\/li>\n\n\n\n<li>Museo de las Am\u00e9ricas<\/li>\n\n\n\n<li>La Casa del Libro Museo<\/li>\n\n\n\n<li>Galer\u00eda Francisco Oller<\/li>\n<\/ul>\n\n\n\n<h3 class=\"wp-block-heading\">Ofertas de empleo para estudiantes o voluntariados<\/h3>\n\n\n\n<ul class=\"wp-block-list\">\n<li>Museo de Arte de San Juan<\/li>\n\n\n\n<li>Museo de Arte de Caguas<\/li>\n\n\n\n<li>Museo de Arte de Bayam\u00f3n<\/li>\n\n\n\n<li>Museo de Arte y Dise\u00f1o de Miramar<\/li>\n<\/ul>\n","protected":false},"excerpt":{"rendered":"<p>Internados Programas de voluntariado Ofertas de empleo para estudiantes o voluntariados<\/p>\n","protected":false},"author":5,"featured_media":0,"parent":0,"menu_order":0,"comment_status":"closed","ping_status":"closed","template":"template-full-width.php","meta":{"footnotes":""},"class_list":["post-597","page","type-page","status-publish","hentry","column","twocol"],"_links":{"self":[{"href":"https:\/\/humanidades.uprrp.edu\/historiadelarte\/index.php?rest_route=\/wp\/v2\/pages\/597","targetHints":{"allow":["GET"]}}],"collection":[{"href":"https:\/\/humanidades.uprrp.edu\/historiadelarte\/index.php?rest_route=\/wp\/v2\/pages"}],"about":[{"href":"https:\/\/humanidades.uprrp.edu\/historiadelarte\/index.php?rest_route=\/wp\/v2\/types\/page"}],"author":[{"embeddable":true,"href":"https:\/\/humanidades.uprrp.edu\/historiadelarte\/index.php?rest_route=\/wp\/v2\/users\/5"}],"replies":[{"embeddable":true,"href":"https:\/\/humanidades.uprrp.edu\/historiadelarte\/index.php?rest_route=%2Fwp%2Fv2%2Fcomments&post=597"}],"version-history":[{"count":2,"href":"https:\/\/humanidades.uprrp.edu\/historiadelarte\/index.php?rest_route=\/wp\/v2\/pages\/597\/revisions"}],"predecessor-version":[{"id":634,"href":"https:\/\/humanidades.uprrp.edu\/historiadelarte\/index.php?rest_route=\/wp\/v2\/pages\/597\/revisions\/634"}],"wp:attachment":[{"href":"https:\/\/humanidades.uprrp.edu\/historiadelarte\/index.php?rest_route=%2Fwp%2Fv2%2Fmedia&parent=597"}],"curies":[{"name":"wp","href":"https:\/\/api.w.org\/{rel}","templated":true}]}}

Oportunidades de formación profesional

<h3 class="wp-block-heading">Internados</h3>



<ul class="wp-block-list">
<li>Internado en Digital Humanities como parte del Cribbean Digital Scholarship Collective </li>



<li>Internado en el Museo de Antropología, Historia y Arte de la UPR Río Piedrs y Museo Pío López Martínez, UPR Cayey</li>



<li>Internado en el Museo de Arte de Puerto Rico</li>
</ul>



<h3 class="wp-block-heading">Programas de voluntariado</h3>



<ul class="wp-block-list">
<li>Museo de Antropología, Historia y Arte de la UPR</li>



<li>Museo de Arte de Puerto Rico</li>



<li>Museo de Arte Contemporáneo</li>



<li>Museo de las Américas</li>



<li>La Casa del Libro Museo</li>



<li>Galería Francisco Oller</li>
</ul>



<h3 class="wp-block-heading">Ofertas de empleo para estudiantes o voluntariados</h3>



<ul class="wp-block-list">
<li>Museo de Arte de San Juan</li>



<li>Museo de Arte de Caguas</li>



<li>Museo de Arte de Bayamón</li>



<li>Museo de Arte y Diseño de Miramar</li>
</ul>
