{"id":590,"date":"2024-09-20T20:14:30","date_gmt":"2024-09-20T20:14:30","guid":{"rendered":"https:\/\/humanidades.uprrp.edu\/historiadelarte\/?page_id=590"},"modified":"2024-10-24T13:39:16","modified_gmt":"2024-10-24T13:39:16","slug":"concentraciones","status":"publish","type":"page","link":"https:\/\/humanidades.uprrp.edu\/historiadelarte\/?page_id=590","title":{"rendered":"Concentraciones"},"content":{"rendered":"\n<h3 class=\"wp-block-heading\">Occidental<\/h3>\n\n\n<div class=\"wp-block-image\">\n<figure class=\"alignleft size-full is-resized\"><a href=\"https:\/\/humanidades.uprrp.edu\/historiadelarte\/wp-content\/uploads\/2013\/03\/Untitled1.png\"><img decoding=\"async\" width=\"156\" height=\"200\" src=\"https:\/\/humanidades.uprrp.edu\/historiadelarte\/wp-content\/uploads\/2013\/03\/Untitled1.png\" alt=\"\" class=\"wp-image-450\" style=\"width:166px;height:auto\"\/><\/a><figcaption class=\"wp-element-caption\">Detalle de el <em>David <\/em>de Miguel \u00c1ngel 1505<\/figcaption><\/figure><\/div>\n\n\n<p>Lxs estudiantes del Programa de Historia del Arte pueden optar por dedicar la mayor cantidad de sus clases al arte Occidental. Ense\u00f1amos cursos que comienzan en la vieja Edad de Piedra (Paleol\u00edtico) y llegan hasta el Arte Contempor\u00e1neo. A trav\u00e9s de las electivas dirigidas, lxs estudiantes pueden fortalecer un \u00e1rea geogr\u00e1fica \u2013 el Medio Oriente o el norte de Europa, por ejemplo \u2013 o un per\u00edodo o estilo en particular. Con independencia de su concentraci\u00f3n, todos los estudiantes deben matricularse en el curso de Historia del Arte de Puerto Rico, el de Teor\u00eda del Arte y tomar tres (3) cr\u00e9ditos en alg\u00fan curso de Arte no Occidental, para lograr as\u00ed una formaci\u00f3n atenta tanto al lugar en el que viven como al contraste entre la cultura Occidental y otras formas de hacer arte.<\/p>\n\n\n\n<h3 class=\"wp-block-heading\">Am\u00e9rica Latina y Caribe<\/h3>\n\n\n<div class=\"wp-block-image\">\n<figure class=\"alignright size-full\"><a href=\"https:\/\/humanidades.uprrp.edu\/historiadelarte\/wp-content\/uploads\/2024\/10\/penacho-de-moctezuma.jpg\"><img fetchpriority=\"high\" decoding=\"async\" width=\"263\" height=\"192\" src=\"https:\/\/humanidades.uprrp.edu\/historiadelarte\/wp-content\/uploads\/2024\/10\/penacho-de-moctezuma.jpg\" alt=\"\" class=\"wp-image-838\"\/><\/a><figcaption class=\"wp-element-caption\"><em>Penacho de Moctezuma<\/em><\/figcaption><\/figure><\/div>\n\n\n<p>Esta es nuestra concentraci\u00f3n m\u00e1s reciente, formada en 2009.&nbsp; Lxs estudiantes que optan por esta concentraci\u00f3n toman clases que comienzan con el mundo amerindio y que se extienden hasta el arte en Latinoam\u00e9rica durante el siglo XX o el arte en Puerto Rico de 1976 al presente. A trav\u00e9s de electivas dirigidas, los estudiantes pueden fortalecer un \u00e1rea geogr\u00e1fica \u2013 el Caribe, el arte continental, o el arte Latinx, por ejemplo. Con independencia de su concentraci\u00f3n, todxs lxs estudiantes deben matricularse en el curso de Historia del Arte de Puerto Rico, el de Teor\u00eda del Arte y tomar tres (3) cr\u00e9ditos en alg\u00fan curso de Arte no Occidental, para tener una formaci\u00f3n atenta a las diferencias entre las din\u00e1micas del arte en Am\u00e9rica Latina, el Caribe y Europa, as\u00ed como para tantear el contraste con otras formas de hacer arte.<\/p>\n\n\n\n<p><\/p>\n","protected":false},"excerpt":{"rendered":"<p>Occidental Lxs estudiantes del Programa de Historia del Arte pueden optar por dedicar la mayor cantidad de sus clases al arte Occidental. Ense\u00f1amos cursos que comienzan en la vieja Edad de Piedra (Paleol\u00edtico) y llegan hasta el Arte Contempor\u00e1neo. A trav\u00e9s de las electivas dirigidas, lxs estudiantes pueden fortalecer un &#8230;<\/p>\n","protected":false},"author":5,"featured_media":0,"parent":0,"menu_order":0,"comment_status":"closed","ping_status":"closed","template":"template-full-width.php","meta":{"footnotes":""},"class_list":["post-590","page","type-page","status-publish","hentry","column","twocol"],"_links":{"self":[{"href":"https:\/\/humanidades.uprrp.edu\/historiadelarte\/index.php?rest_route=\/wp\/v2\/pages\/590","targetHints":{"allow":["GET"]}}],"collection":[{"href":"https:\/\/humanidades.uprrp.edu\/historiadelarte\/index.php?rest_route=\/wp\/v2\/pages"}],"about":[{"href":"https:\/\/humanidades.uprrp.edu\/historiadelarte\/index.php?rest_route=\/wp\/v2\/types\/page"}],"author":[{"embeddable":true,"href":"https:\/\/humanidades.uprrp.edu\/historiadelarte\/index.php?rest_route=\/wp\/v2\/users\/5"}],"replies":[{"embeddable":true,"href":"https:\/\/humanidades.uprrp.edu\/historiadelarte\/index.php?rest_route=%2Fwp%2Fv2%2Fcomments&post=590"}],"version-history":[{"count":6,"href":"https:\/\/humanidades.uprrp.edu\/historiadelarte\/index.php?rest_route=\/wp\/v2\/pages\/590\/revisions"}],"predecessor-version":[{"id":839,"href":"https:\/\/humanidades.uprrp.edu\/historiadelarte\/index.php?rest_route=\/wp\/v2\/pages\/590\/revisions\/839"}],"wp:attachment":[{"href":"https:\/\/humanidades.uprrp.edu\/historiadelarte\/index.php?rest_route=%2Fwp%2Fv2%2Fmedia&parent=590"}],"curies":[{"name":"wp","href":"https:\/\/api.w.org\/{rel}","templated":true}]}}

<h3 class="wp-block-heading">Occidental</h3>


<div class="wp-block-image">
<figure class="alignleft size-full is-resized"><a href="https://humanidades.uprrp.edu/historiadelarte/wp-content/uploads/2013/03/Untitled1.png"><img decoding="async" width="156" height="200" src="https://humanidades.uprrp.edu/historiadelarte/wp-content/uploads/2013/03/Untitled1.png" alt="" class="wp-image-450" style="width:166px;height:auto"/></a><figcaption class="wp-element-caption">Detalle de el <em>David </em>de Miguel Ángel 1505</figcaption></figure></div>


<p>Lxs estudiantes del Programa de Historia del Arte pueden optar por dedicar la mayor cantidad de sus clases al arte Occidental. Enseñamos cursos que comienzan en la vieja Edad de Piedra (Paleolítico) y llegan hasta el Arte Contemporáneo. A través de las electivas dirigidas, lxs estudiantes pueden fortalecer un área geográfica – el Medio Oriente o el norte de Europa, por ejemplo – o un período o estilo en particular. Con independencia de su concentración, todos los estudiantes deben matricularse en el curso de Historia del Arte de Puerto Rico, el de Teoría del Arte y tomar tres (3) créditos en algún curso de Arte no Occidental, para lograr así una formación atenta tanto al lugar en el que viven como al contraste entre la cultura Occidental y otras formas de hacer arte.</p>



<h3 class="wp-block-heading">América Latina y Caribe</h3>


<div class="wp-block-image">
<figure class="alignright size-full"><a href="https://humanidades.uprrp.edu/historiadelarte/wp-content/uploads/2024/10/penacho-de-moctezuma.jpg"><img fetchpriority="high" decoding="async" width="263" height="192" src="https://humanidades.uprrp.edu/historiadelarte/wp-content/uploads/2024/10/penacho-de-moctezuma.jpg" alt="" class="wp-image-838"/></a><figcaption class="wp-element-caption"><em>Penacho de Moctezuma</em></figcaption></figure></div>


<p>Esta es nuestra concentración más reciente, formada en 2009.&nbsp; Lxs estudiantes que optan por esta concentración toman clases que comienzan con el mundo amerindio y que se extienden hasta el arte en Latinoamérica durante el siglo XX o el arte en Puerto Rico de 1976 al presente. A través de electivas dirigidas, los estudiantes pueden fortalecer un área geográfica – el Caribe, el arte continental, o el arte Latinx, por ejemplo. Con independencia de su concentración, todxs lxs estudiantes deben matricularse en el curso de Historia del Arte de Puerto Rico, el de Teoría del Arte y tomar tres (3) créditos en algún curso de Arte no Occidental, para tener una formación atenta a las diferencias entre las dinámicas del arte en América Latina, el Caribe y Europa, así como para tantear el contraste con otras formas de hacer arte.</p>



<p></p>

<p>Occidental Lxs estudiantes del Programa de Historia del Arte pueden optar por dedicar la mayor cantidad de sus clases al arte Occidental. Enseñamos cursos que comienzan en la vieja Edad de Piedra (Paleolítico) y llegan hasta el Arte Contemporáneo. A través de las electivas dirigidas, lxs estudiantes pueden fortalecer un &#8230;</p>
