{"id":437,"date":"2013-02-28T17:00:27","date_gmt":"2013-02-28T17:00:27","guid":{"rendered":"http:\/\/127.0.0.1\/test\/?page_id=437"},"modified":"2024-09-25T15:04:14","modified_gmt":"2024-09-25T15:04:14","slug":"recursos","status":"publish","type":"page","link":"https:\/\/humanidades.uprrp.edu\/historiadelarte\/?page_id=437","title":{"rendered":"Seminario de Historia del Arte"},"content":{"rendered":"\n<p>El Seminario de Historia del Arte est\u00e1 localizado en el primer piso del Edificio Luis Pal\u00e9s Matos (LPM 131). Se concibe como un lugar de estudio con un ambiente propicio para el intercambio de ideas, siendo a su vez una biblioteca especializada, adscrita al Programa de Historia del Arte de la Universidad de Puerto Rico. Nuestros recursos incluyen libros, cat\u00e1logos, revistas, tesinas subgraduadas y una extensa colecci\u00f3n audiovisual. Damos servicio a la comunidad universitaria del Recinto de R\u00edo Piedras y apoyamos principalmente el curr\u00edculo de los cursos del Programa de Historia del Arte. Asimismo, atendemos a la comunidad fuera de la universidad, sean usuarios particulares relacionados al mundo de las artes o p\u00fablico en general.<\/p>\n\n\n\n<p>Los recursos del Seminario de Historia del Arte no circulan. Toda consulta deber\u00e1 realizarse en sus instalaciones, que incluyen un \u00e1rea de lectura y estudio. Hay adem\u00e1s terminales de computadora con servicio de internet para uso de los estudiantes. La bibliotecaria y sus asistentes ofrecen un servicio individualizado y facilitan la b\u00fasqueda de material en horario de lunes a viernes de 8:00 a 12:00 y de 1:00- 4:30pm. Tambi\u00e9n atienden peticiones v\u00eda correo electr\u00f3nico (v\u00e9ase m\u00e1s abajo). El Seminario est\u00e1 comprometido con la digitalizaci\u00f3n progresiva de los recursos para ser consultados en l\u00ednea. La primera fase del proyecto de digitalizaci\u00f3n ya ha sido completada: puede consultarla en l\u00ednea accediendo a cualquiera de los enlaces que aparecen abajo.<\/p>\n\n\n\n<p>El Seminario acoge actividades acad\u00e9micas de los cursos de Historia del Arte, de la Asociaci\u00f3n de Estudiantes de Historia del Arte, de la Galer\u00eda Francisco Oller y colabora con otros Departamentos de la Facultad, provey\u00e9ndoles tambi\u00e9n el equipo tecnol\u00f3gico necesario.<\/p>\n\n\n\n<p><strong>Horario:<\/strong> lunes a viernes de 8:00-12:00 y de 1:00-4:30<br><strong>Tel\u00e9fono:<\/strong> (787) 764-0000 ext. 89601<br><strong>Bibliotecaria:<\/strong> Indira de Choudens, Ph. D., indira.dechoudens@upr.edu<br><strong>Localizaci\u00f3n:<\/strong> Edificio Luis Pales Matos (LPM 131), Facultad de Humanidades<br><strong>Peticiones por correo electr\u00f3nico<\/strong>: <a href=\"mailto:seminario.harte@upr.edu\">seminario.harte@upr.edu<\/a><br><strong>Consulta de recursos en l\u00ednea:<\/strong> <br><a href=\"https:\/\/coleccionesuprrpcaribe.omeka.net\/exhibits\/show\/mujeresartistas\">https:\/\/coleccionesuprrpcaribe.omeka.net\/exhibits\/show\/mujeresartistas<\/a><br><a href=\"https:\/\/repositorio.upr.edu\/\">https:\/\/repositorio.upr.edu\/<\/a><\/p>\n","protected":false},"excerpt":{"rendered":"<p>El Seminario de Historia del Arte est\u00e1 localizado en el primer piso del Edificio Luis Pal\u00e9s Matos (LPM 131). Se concibe como un lugar de estudio con un ambiente propicio para el intercambio de ideas, siendo a su vez una biblioteca especializada, adscrita al Programa de Historia del Arte de &#8230;<\/p>\n","protected":false},"author":3,"featured_media":0,"parent":0,"menu_order":0,"comment_status":"closed","ping_status":"closed","template":"template-full-width.php","meta":{"footnotes":""},"class_list":["post-437","page","type-page","status-publish","hentry","column","twocol"],"_links":{"self":[{"href":"https:\/\/humanidades.uprrp.edu\/historiadelarte\/index.php?rest_route=\/wp\/v2\/pages\/437","targetHints":{"allow":["GET"]}}],"collection":[{"href":"https:\/\/humanidades.uprrp.edu\/historiadelarte\/index.php?rest_route=\/wp\/v2\/pages"}],"about":[{"href":"https:\/\/humanidades.uprrp.edu\/historiadelarte\/index.php?rest_route=\/wp\/v2\/types\/page"}],"author":[{"embeddable":true,"href":"https:\/\/humanidades.uprrp.edu\/historiadelarte\/index.php?rest_route=\/wp\/v2\/users\/3"}],"replies":[{"embeddable":true,"href":"https:\/\/humanidades.uprrp.edu\/historiadelarte\/index.php?rest_route=%2Fwp%2Fv2%2Fcomments&post=437"}],"version-history":[{"count":3,"href":"https:\/\/humanidades.uprrp.edu\/historiadelarte\/index.php?rest_route=\/wp\/v2\/pages\/437\/revisions"}],"predecessor-version":[{"id":601,"href":"https:\/\/humanidades.uprrp.edu\/historiadelarte\/index.php?rest_route=\/wp\/v2\/pages\/437\/revisions\/601"}],"wp:attachment":[{"href":"https:\/\/humanidades.uprrp.edu\/historiadelarte\/index.php?rest_route=%2Fwp%2Fv2%2Fmedia&parent=437"}],"curies":[{"name":"wp","href":"https:\/\/api.w.org\/{rel}","templated":true}]}}