{"id":620,"date":"2015-04-30T09:17:05","date_gmt":"2015-04-30T13:17:05","guid":{"rendered":"https:\/\/humanidades.uprrp.edu\/graduados\/?page_id=620"},"modified":"2018-02-05T11:24:31","modified_gmt":"2018-02-05T15:24:31","slug":"costos-de-estudio","status":"publish","type":"page","link":"https:\/\/humanidades.uprrp.edu\/graduados\/costos-de-estudio\/","title":{"rendered":"Costos de estudio"},"content":{"rendered":"<p>La Universidad de Puerto Rico es un sistema universitario p\u00fablico y posee los costos de matr\u00edcula m\u00e1s econ\u00f3micos en Puerto Rico y Estados Unidos. La UPR est\u00e1 acreditada por la Middle States Association of Colleges and School. Los costos aproximados de estudio en la Universidad de Puerto Rico, Recinto de R\u00edo Piedras, seg\u00fan el Decanato de Estudios Graduados e Investigaci\u00f3n se encuentran haciendo click <a href=\"http:\/\/graduados.uprrp.edu\/index.php?option=com_content&amp;view=article&amp;id=110&amp;Itemid=365&amp;lang=es\">aqu\u00ed<\/a>.<\/p>\n<p>&nbsp;<\/p>\n<p style=\"text-align: center;\"><a href=\"https:\/\/drive.google.com\/a\/upr.edu\/file\/d\/0B7DT2fKSXoyoWDdEZjdnQnp5RWc\/view?usp=sharing\"><b>ESTIMADO DE COSTOS PARA LOS ESTUDIANTES DE INTERCAMBIO EN LA UNIVERSIDAD DE PUERTO RICO , RECINTO DE RIO PIEDRAS<\/b><\/a><\/p>\n<p style=\"text-align: center;\"><a href=\"https:\/\/drive.google.com\/a\/upr.edu\/file\/d\/0B7DT2fKSXoyoWDdEZjdnQnp5RWc\/view?usp=sharing\"><b>ESTIMATED COSTS OF STUDY FOR EXCHANGE STUDENTS AT <\/b><\/a><\/p>\n<p style=\"text-align: center;\"><a href=\"https:\/\/drive.google.com\/a\/upr.edu\/file\/d\/0B7DT2fKSXoyoWDdEZjdnQnp5RWc\/view?usp=sharing\"><b>UNIVERSITY OF PUERTO RICO-RIO PIEDRAS CAMPUS<\/b><\/a><\/p>\n<p><b>2014-2015<\/b><\/p>\n<p><b>Primer Semestre<\/b> <b> \u00a0\u00a0<\/b><b>Segundo Semestre<\/b><\/p>\n<p style=\"text-align: left;\"><span style=\"font-weight: 400;\">Matr\u00edcula\/Tuition \u00a0 \u00a0 \u00a0 \u00a0 \u00a0 \u00a0 \u00a0 \u00a0 \u00a0 \u00a0 \u00a0 \u00a0 \u00a0 \u00a0<\/span><span style=\"font-weight: 400;\">Exenci\u00f3n\/Exemption \u00a0\u00a0\u00a0\u00a0\u00a0\u00a0\u00a0\u00a0\u00a0\u00a0\u00a0\u00a0Exenci\u00f3n\/Exemption<\/span><\/p>\n<p><span style=\"font-weight: 400;\">Cuotas\/Fees<\/span><\/p>\n<p><span style=\"font-weight: 400;\">Vivienda\/Housing (per semester) <\/span> <span style=\"font-weight: 400;\"> \u00a0\u00a0\u00a0\u00a0<\/span><\/p>\n<p><span style=\"font-weight: 400;\">Residencia \u201cTorre del Norte\u201d<\/span> <span style=\"font-weight: 400;\">\u00a0 \u00a0 \u00a0 \u00a0 \u00a0 220.00 Semestral<\/span> <span style=\"font-weight: 400;\">\u00a0 \u00a0 \u00a0 \u00a0 \u00a0 \u00a0 \u00a0 \u00a0220.00<\/span><\/p>\n<p><span style=\"font-weight: 400;\">Residencia \u201cPlaza Universitaria\u201d \u00a0 \u00a0 \u00a01,100.00 \u00a0Semestral \u00a0 \u00a0 \u00a0 \u00a0 \u00a0 \u00a0<\/span><span style=\"font-weight: 400;\">1,100.00<\/span><\/p>\n<p><span style=\"font-weight: 400;\">Seguro M\u00e9dico\/Health\u00a8Plan*<\/span><\/p>\n<p><span style=\"font-weight: 400;\">B\u00e1sico\/Basic Coverage<\/span> <span style=\"font-weight: 400;\">\u00a0 \u00a0 \u00a0 \u00a0 \u00a0 \u00a0 \u00a0 \u00a0 \u00a0 \u00a0 394.00<\/span> <span style=\"font-weight: 400;\">\u00a0 \u00a0 \u00a0 \u00a0 \u00a0 \u00a0 \u00a0 \u00a0 \u00a0 \u00a0 \u00a0 \u00a0 \u00a0 \u00a0 \u00a0 \u00a0552.00<\/span><\/p>\n<p><span style=\"font-weight: 400;\">Con farmacia\/plus prescriptions \u00a0 \u00a0 \u00a0945.00<\/span> <span style=\"font-weight: 400;\">\u00a0 \u00a0 \u00a0 \u00a0 \u00a0 \u00a0 \u00a0 \u00a0 \u00a0 \u00a0 \u00a0 \u00a0 \u00a0 \u00a0\u00a0<\/span> <span style=\"font-weight: 400;\"> \u00a01,324.00<\/span><\/p>\n<p><span style=\"font-weight: 400;\">Comidas\/Meals<\/span>\u00a0 \u00a0 \u00a0 \u00a0 \u00a0 \u00a0 \u00a0 \u00a0 \u00a0 \u00a0 \u00a0 \u00a0 \u00a0 \u00a0 \u00a0 \u00a0<span style=\"font-weight: 400;\">2,250.00<\/span> <span style=\"font-weight: 400;\">\u00a0 \u00a0 \u00a0 \u00a0 \u00a0 \u00a0 \u00a0 \u00a0 \u00a0 \u00a0 \u00a0 \u00a0 \u00a0<\/span> <span style=\"font-weight: 400;\"> \u00a02,250.00<\/span><\/p>\n<p><span style=\"font-weight: 400;\">Libros\/Books<\/span> <span style=\"font-weight: 400;\">\u00a0 \u00a0 \u00a0 \u00a0 \u00a0 \u00a0 \u00a0 \u00a0 \u00a0 \u00a0 \u00a0 \u00a0 \u00a0 \u00a0 \u00a0 \u00a0 \u00a0 660.00<\/span> <span style=\"font-weight: 400;\">\u00a0 \u00a0 \u00a0 \u00a0 \u00a0 \u00a0 \u00a0 \u00a0 \u00a0 \u00a0 \u00a0 \u00a0 \u00a0 \u00a0 \u00a0660.00<\/span><\/p>\n<p><span style=\"font-weight: 400;\">Ground Transportation<\/span> <span style=\"font-weight: 400;\">\u00a0 \u00a0 \u00a0 \u00a0 \u00a0 \u00a0 \u00a0 \u00a0 \u00a0 \u00a0400.00 \u00a0 \u00a0 \u00a0 \u00a0 \u00a0 \u00a0 \u00a0 \u00a0 \u00a0 \u00a0 \u00a0 \u00a0 \u00a0<\/span> <span style=\"font-weight: 400;\"> \u00a0\u00a0\u00a0400.00<\/span><\/p>\n<p><span style=\"font-weight: 400;\">Gastos personales\/ \u00a0 \u00a0 \u00a0 \u00a0 \u00a0 \u00a0 \u00a0 \u00a0 \u00a0 \u00a0 \u00a0\u00a0<\/span> <span style=\"font-weight: 400;\"> \u00a01,500.00<\/span> <span style=\"font-weight: 400;\"> \u00a0<\/span> <span style=\"font-weight: 400;\">\u00a0 \u00a0 \u00a0 \u00a0 \u00a0 \u00a0 \u00a0 \u00a0 \u00a0 \u00a0 \u00a0<\/span> <span style=\"font-weight: 400;\"> \u00a01,500.00<\/span><\/p>\n<p><span style=\"font-weight: 400;\">Personal Expenses (aprox.)<\/span><\/p>\n<p><span style=\"font-weight: 400;\">Tarjeta de Identificaci\u00f3n\/Student ID \u00a0\u00a0\u00a05.00<\/span><\/p>\n<p><span style=\"font-weight: 400;\">Tarjeta Residencia\/Housing ID \u00a0\u00a0\u00a0\u00a0\u00a0\u00a0\u00a0\u00a0\u00a0\u00a0\u00a05.00<\/span><\/p>\n<p><span style=\"font-weight: 400;\">*Costo del a\u00f1o 2013-14. Se espera un aumento de 5% en el costo de 2014-15.<\/span><\/p>\n<p><span style=\"font-weight: 400;\">Cost of 2012-13 academic year. Expect a 5% increase for 2013-14.<\/span><\/p>\n<p><b>Informaci\u00f3n suministrada por la Oficina de Asistencia Econ\u00f3mica\/ <\/b><\/p>\n<p><b>Information supplied by Financial Aid Office<\/b><\/p>\n<p>&nbsp;<\/p>\n<p>http:\/\/daarrp.uprrp.edu\/pve\/Documentos%20PDF\/TIPOS%20DE%20VISAS%20MAS%20FRECUENTES.pdf<\/p>\n","protected":false},"excerpt":{"rendered":"<p>La Universidad de Puerto Rico es un sistema universitario p\u00fablico y posee los costos de matr\u00edcula m\u00e1s econ\u00f3micos en Puerto Rico y Estados Unidos. La UPR est\u00e1 acreditada por la Middle States Association of Colleges and School. Los costos aproximados de estudio en la Universidad de Puerto Rico, Recinto de &#8230;<\/p>\n","protected":false},"author":4,"featured_media":776,"parent":0,"menu_order":0,"comment_status":"closed","ping_status":"closed","template":"","meta":{"footnotes":"","_links_to":"","_links_to_target":""},"class_list":["post-620","page","type-page","status-publish","has-post-thumbnail","hentry","column","twocol","has-thumbnail"],"_links":{"self":[{"href":"https:\/\/humanidades.uprrp.edu\/graduados\/wp-json\/wp\/v2\/pages\/620","targetHints":{"allow":["GET"]}}],"collection":[{"href":"https:\/\/humanidades.uprrp.edu\/graduados\/wp-json\/wp\/v2\/pages"}],"about":[{"href":"https:\/\/humanidades.uprrp.edu\/graduados\/wp-json\/wp\/v2\/types\/page"}],"author":[{"embeddable":true,"href":"https:\/\/humanidades.uprrp.edu\/graduados\/wp-json\/wp\/v2\/users\/4"}],"replies":[{"embeddable":true,"href":"https:\/\/humanidades.uprrp.edu\/graduados\/wp-json\/wp\/v2\/comments?post=620"}],"version-history":[{"count":12,"href":"https:\/\/humanidades.uprrp.edu\/graduados\/wp-json\/wp\/v2\/pages\/620\/revisions"}],"predecessor-version":[{"id":1133,"href":"https:\/\/humanidades.uprrp.edu\/graduados\/wp-json\/wp\/v2\/pages\/620\/revisions\/1133"}],"wp:featuredmedia":[{"embeddable":true,"href":"https:\/\/humanidades.uprrp.edu\/graduados\/wp-json\/wp\/v2\/media\/776"}],"wp:attachment":[{"href":"https:\/\/humanidades.uprrp.edu\/graduados\/wp-json\/wp\/v2\/media?parent=620"}],"curies":[{"name":"wp","href":"https:\/\/api.w.org\/{rel}","templated":true}]}}