{"id":561,"date":"2015-04-20T09:04:43","date_gmt":"2015-04-20T13:04:43","guid":{"rendered":"https:\/\/humanidades.uprrp.edu\/graduados\/?page_id=561"},"modified":"2015-04-20T09:04:43","modified_gmt":"2015-04-20T13:04:43","slug":"becas-fuentes-externas","status":"publish","type":"page","link":"https:\/\/humanidades.uprrp.edu\/graduados\/becas-fuentes-externas\/","title":{"rendered":"Becas fuentes externas"},"content":{"rendered":"<p>Fechas l\u00edmites aproximadas por mes<\/p>\n<p>septiembre<\/p>\n<table class=\"table table-striped table-bordered\">\n<tbody>\n<tr>\n<td><strong>Nombre:\u00a0<\/strong>Fellowship &amp; Grant Programs<br \/>\n<strong>Agencia:\u00a0<\/strong>American Council of Learned Societies<br \/>\n<strong>\u00c1reas:\u00a0<\/strong>Humanidades, Ciencias Sociales<br \/>\n<strong>P\u00e1gina electr\u00f3nica:\u00a0<\/strong><a href=\"http:\/\/www.acls.org\/\">http:\/\/www.acls.org<\/a><\/td>\n<\/tr>\n<tr>\n<td><strong>Nombre:<\/strong> AERA Dissertation Grants Program (pueden solicitar estudiantes internacionales)<br \/>\n<strong>Agencia:<\/strong> American Educational Research Association<br \/>\n<strong>Area:<\/strong> Educaci\u00f3n<br \/>\n<strong>P\u00e1gina electr\u00f3nica:\u00a0<\/strong><a href=\"http:\/\/www.aera.net\/ProfessionalOpportunitiesFunding\/FundingOpportunities\/tabid\/10241\/Default.aspx\">http:\/\/www.aera.net\/ProfessionalOpportunitiesFunding\/FundingOpportunities\/tabid\/10241\/Default.aspx<\/a><\/td>\n<\/tr>\n<tr>\n<td><strong>Nombre:<\/strong> Fellowships<br \/>\n<strong>Agencia:<\/strong> American Council of Learned Societies<br \/>\n<strong>Areas:<\/strong> Humanidades, Ciencias Sociales<br \/>\n<strong>P\u00e1gina electr\u00f3nica:\u00a0<\/strong><a href=\"http:\/\/www.acls.org\/grants\/Default.aspx?id=380\">http:\/\/www.acls.org\/grants\/Default.aspx?id=380<\/a><\/td>\n<\/tr>\n<tr>\n<td><strong>Nombre:<\/strong> ACLS\/SSRC\/NEH International and Area Studies Fellowships<br \/>\n<strong>Agencia:<\/strong> American Council of Learned Societies<br \/>\n<strong>Area:<\/strong> Humanidades<br \/>\n<strong>P\u00e1gina electr\u00f3nica:\u00a0<\/strong><a href=\"http:\/\/www.acls.org\/grants\/Default.aspx?id=380\">http:\/\/www.acls.org\/grants\/Default.aspx?id=380<\/a><\/td>\n<\/tr>\n<tr>\n<td><strong>Nombre:<\/strong> Technical Minority Scholarship Program<br \/>\n<strong>Agencia:<\/strong> Xerox Foundation<br \/>\n<strong>Areas<\/strong>: Qu\u00edmica, F\u00edsica, Ciencias de materiales, Ciencias de c\u00f3mputos<br \/>\n<strong>P\u00e1gina electr\u00f3nica<\/strong>:\u00a0<a href=\"http:\/\/www.xerox.com\/go\/xrx\/template\/009.jsp?view=Feature&amp;Xcntry=USA&amp;Xlang=en_US&amp;ed_name=Careers_Technical_Scholarship\">http:\/\/www.xerox.com\/go\/xrx\/template\/009.jsp?view=Feature&amp;Xcntry=USA&amp;Xlang=en_US&amp;ed_name=Careers_Technical_Scholarship<\/a><\/td>\n<\/tr>\n<tr>\n<td><\/td>\n<\/tr>\n<tr>\n<td><strong>Nombre:<\/strong> Postdoctoral Fellows Program<br \/>\n<strong>Agencia:<\/strong> Academia Sinica<br \/>\n<strong>Areas:<\/strong> Ciencias F\u00edsicas, Ciencias Naturales, Ciencias Sociales, Humanidades<br \/>\n<strong>P\u00e1gina electr\u00f3nica:\u00a0<\/strong><a href=\"http:\/\/aao.sinica.edu.tw\/english\/index.php\">http:\/\/aao.sinica.edu.tw\/english\/index.php<\/a><\/td>\n<\/tr>\n<\/tbody>\n<\/table>\n<hr \/>\n<p>&nbsp;<\/p>\n<p><strong><a id=\"octubre2014\"><\/a>Fecha l\u00edmite: octubre<\/strong><\/p>\n<table class=\"table table-striped table-bordered\">\n<tbody>\n<tr>\n<td><\/td>\n<\/tr>\n<tr>\n<td><strong>Nombre:<\/strong> Radcliffe Institute for Advanced Study \u2013 Individual Fellowship Program<br \/>\n<strong>Agencia:<\/strong> Radcliffe Institute for Advanced Study, Harvard University<br \/>\n<strong>\u00c1reas:<\/strong> Humanidades, Ciencias Sociales<br \/>\n<strong>P\u00e1gina electr\u00f3nica:\u00a0<\/strong><a href=\"https:\/\/www.radcliffe.harvard.edu\/fellowship-program\/how-apply\">https:\/\/www.radcliffe.harvard.edu\/fellowship-program\/how-apply<\/a><\/td>\n<\/tr>\n<tr>\n<td><strong>Nombre:<\/strong> Society of Fellows in the Liberal Arts Postdoctoral Fellowships<br \/>\n<strong>Agencia:<\/strong> Princeton University<br \/>\n<strong>\u00c1reas:<\/strong> Humanidades y Ciencias Sociales<br \/>\n<strong>P\u00e1gina electr\u00f3nica:\u00a0<\/strong><a href=\"http:\/\/www.princeton.edu\/sf\/fellowships\/\">http:\/\/www.princeton.edu\/sf\/fellowships\/<\/a><\/td>\n<\/tr>\n<tr>\n<td><strong>Nombre:<\/strong> Society for the Humanities Fellowships<br \/>\n<strong>Agencia:<\/strong> Cornell University<br \/>\n<strong>\u00c1reas:<\/strong> Humanidades<br \/>\n<strong>P\u00e1gina electr\u00f3nica:\u00a0<\/strong><a href=\"http:\/\/www.arts.cornell.edu\/sochum\/society_fellowships.html\">http:\/\/www.arts.cornell.edu\/sochum\/society_fellowships.html<\/a><\/td>\n<\/tr>\n<tr>\n<td><strong>Nombre:<\/strong> National Academy of Education\/Spencer Dissertation Fellowship Program<br \/>\n<strong>Agencia:<\/strong> National Academy of Education<br \/>\n<strong>\u00c1reas:<\/strong> Todas, con \u00e9nfasis en investigaci\u00f3n relacionada con educaci\u00f3n<br \/>\n<strong>P\u00e1gina electr\u00f3nica:\u00a0<\/strong><a href=\"http:\/\/naeducation.org\/NAED_080577.htm\">http:\/\/naeducation.org\/NAED_080577.htm<\/a><\/td>\n<\/tr>\n<tr>\n<td><strong>Nombre:<\/strong> Fellowships<br \/>\n<strong>Agencia:<\/strong> National Humanities Center<br \/>\n<strong>\u00c1reas:<\/strong> Humanidades<br \/>\n<strong>P\u00e1gina electr\u00f3nica:\u00a0<\/strong><a href=\"http:\/\/nationalhumanitiescenter.org\/fellowships\/appltoc.htm\">http:\/\/nationalhumanitiescenter.org\/fellowships\/appltoc.htm<\/a><\/td>\n<\/tr>\n<tr>\n<td><strong>Nombre:<\/strong> Andrew W. Mellon Postdoctoral Fellowship in the Humanities<br \/>\n<strong>Agencia:<\/strong> University of Pennsylvania<br \/>\n<strong>\u00c1reas:<\/strong> Humanidades<br \/>\n<strong>P\u00e1gina electr\u00f3nica:\u00a0<\/strong><a href=\"http:\/\/humanities.sas.upenn.edu\/mellon_description.shtml\">http:\/\/humanities.sas.upenn.edu\/mellon_description.shtml<\/a><\/td>\n<\/tr>\n<tr>\n<td><strong>Nombre:<\/strong> Postdoctoral Fellowships<br \/>\n<strong>Agencia:<\/strong> Society of Fellows in the Humanities, Columbia University<br \/>\n<strong>\u00c1reas:<\/strong> Humanidades<br \/>\n<strong>P\u00e1gina electr\u00f3nica:\u00a0<\/strong><a href=\"http:\/\/www.columbia.edu\/cu\/societyoffellows\/Application%20Materials%20combined%202015-16.pdf\">http:\/\/www.columbia.edu\/cu\/societyoffellows\/Application%20Materials%20combined%202015-16.pdf<\/a><\/td>\n<\/tr>\n<tr>\n<td><strong>Nombre:<\/strong> Mellon Postdoctoral Fellowships in the Humanities and Social Sciences<br \/>\n<strong>Agencia:<\/strong> Dartmouth College<br \/>\n<strong>\u00c1reas:<\/strong> Humanidades y Ciencias Sociales human\u00edsticas<br \/>\n<strong>P\u00e1gina electr\u00f3nica:\u00a0<\/strong><a href=\"http:\/\/www.dartmouth.edu\/~lhc\/fellowships\/mellonfellowships.html\">http:\/\/www.dartmouth.edu\/~lhc\/fellowships\/mellonfellowships.html<\/a><\/td>\n<\/tr>\n<tr>\n<td><strong>Nombre:<\/strong> Fulbright Grants<br \/>\n<strong>Agencia:<\/strong> Institute of International Education (comunicarse con representante en UPR-RP: Dr. Luis<br \/>\nR. C\u00e1mara, Director Programa de Honor)<br \/>\n<strong>\u00c1reas:<\/strong> Todas (estudiar un a\u00f1o en el extranjero)<br \/>\n<strong>P\u00e1gina electr\u00f3nica:\u00a0<\/strong><a href=\"http:\/\/us.fulbrightonline.org\/\">http:\/\/us.fulbrightonline.org<\/a><\/td>\n<\/tr>\n<tr>\n<td><strong>Nombre:<\/strong> Visiting Scholars Program (Postdoctoral)<br \/>\n<strong>Agencia:<\/strong> American Academy of Arts and Sciences<br \/>\n<strong>\u00c1reas:<\/strong> Todas<br \/>\n<strong>P\u00e1gina electr\u00f3nica:\u00a0<\/strong><a href=\"http:\/\/www.amacad.org\/visiting.aspx\">http:\/\/www.amacad.org\/visiting.aspx<\/a><\/td>\n<\/tr>\n<tr>\n<td><\/td>\n<\/tr>\n<tr>\n<td><strong>Nombre:<\/strong> Mellon Postdoctoral Fellowships in the Humanities and Social Sciences<br \/>\n<strong>Agencia:<\/strong> Dartmouth College<br \/>\n<strong>\u00c1rea:<\/strong> Humanidades y Ciencias Sociales<br \/>\n<strong>P\u00e1gina electr\u00f3nica:\u00a0<\/strong><a href=\"http:\/\/www.dartmouth.edu\/~lhc\/fellowships\/mellonfellowships.html\">http:\/\/www.dartmouth.edu\/~lhc\/fellowships\/mellonfellowships.html<\/a><\/td>\n<\/tr>\n<tr>\n<td><\/td>\n<\/tr>\n<tr>\n<td><strong>Nombre:<\/strong> Dissertation Completion Fellowships<br \/>\n<strong>Agencia:<\/strong> Andrew W. Mellon Foundation<br \/>\n<strong>\u00c1reas:<\/strong> Humanidades y Ciencias Sociales<br \/>\n<strong>P\u00e1gina electr\u00f3nica:\u00a0<\/strong><a href=\"http:\/\/www.acls.org\/programs\/dcf\/\">http:\/\/www.acls.org\/programs\/dcf\/<\/a><\/td>\n<\/tr>\n<tr>\n<td><\/td>\n<\/tr>\n<tr>\n<td><strong>Nombre:<\/strong> Postdoctoral Fellowships<br \/>\n<strong>Agencia:<\/strong> Society for the Humanities<br \/>\n<strong>\u00c1rea:<\/strong> Humanidades<br \/>\n<strong>P\u00e1gina electr\u00f3nica:\u00a0<\/strong><a href=\"http:\/\/www.arts.cornell.edu\/sochum\/society_fellowships.html\">http:\/\/www.arts.cornell.edu\/sochum\/society_fellowships.html<\/a><\/td>\n<\/tr>\n<\/tbody>\n<\/table>\n<hr \/>\n<p>&nbsp;<\/p>\n<p><strong><a id=\"noviembre2014\"><\/a>Fecha l\u00edmite: noviembre<\/strong><\/p>\n<table class=\"table table-striped table-bordered\">\n<tbody>\n<tr>\n<td><\/td>\n<\/tr>\n<tr>\n<td><strong>Nombre:<\/strong> President\u2019s Postdoctoral Fellowship Program<br \/>\n<strong>Agencia:<\/strong> University of California<br \/>\n<strong>\u00c1reas:<\/strong> Todas<br \/>\n<strong>P\u00e1gina electr\u00f3nica:\u00a0<\/strong><a href=\"http:\/\/ppfp.ucop.edu\/info\/\">http:\/\/ppfp.ucop.edu\/info\/<\/a><\/td>\n<\/tr>\n<tr>\n<td><\/td>\n<\/tr>\n<tr>\n<td><strong>Nombre:<\/strong> International Dissertation Research Fellowship<br \/>\n<strong>Agencia:<\/strong> Social Science Research Council<br \/>\n<strong>\u00c1reas:<\/strong> Ciencias Sociales y Humanidades (grado doctoral)<br \/>\n<strong>P\u00e1gina electr\u00f3nica:\u00a0<\/strong><a href=\"http:\/\/www.ssrc.org\/\">http:\/\/www.ssrc.org<\/a><\/td>\n<\/tr>\n<tr>\n<td><\/td>\n<\/tr>\n<tr>\n<td><\/td>\n<\/tr>\n<tr>\n<td><strong>Nombre:<\/strong> Ford Foundation Predoctoral Fellowships for Minorities<br \/>\n<strong>Agencia:<\/strong> Ford Foundation<br \/>\n<strong>\u00c1reas:<\/strong> Qu\u00edmica, Comunicaciones, Ciencias C\u00f3mputos, C. Terrestres, Geograf\u00eda, Historia, Literatura, Ling\u00fcistica, Planificaci\u00f3n, Matem\u00e1ticas, F\u00edsica, Ciencias Pol\u00edticas, Sicolog\u00eda, Sociolog\u00eda<br \/>\n<strong>P\u00e1gina electr\u00f3nica:\u00a0<\/strong><a href=\"http:\/\/sites.nationalacademies.org\/PGA\/FordFellowships\">http:\/\/sites.nationalacademies.org\/PGA\/FordFellowships<\/a><\/td>\n<\/tr>\n<tr>\n<td><strong>Nombre:<\/strong> Dissertation Fellowship Program<br \/>\n<strong>Agencia:<\/strong> Ford Foundation<br \/>\n<strong>\u00c1reas:<\/strong> Qu\u00edmica, Comunicaciones, Ciencias C\u00f3mputos, C. Terrestres, Geograf\u00eda, Historia, Literatura, Linguistica, Planificaci\u00f3n, Matem\u00e1ticas, F\u00edsica, Ciencias Pol\u00edticas, Sicolog\u00eda, Sociolog\u00eda<br \/>\n<strong>P\u00e1gina electr\u00f3nica:\u00a0<\/strong><a href=\"http:\/\/sites.nationalacademies.org\/PGA\/FordFellowships\">http:\/\/sites.nationalacademies.org\/PGA\/FordFellowships<\/a><\/td>\n<\/tr>\n<tr>\n<td><strong>Nombre:<\/strong> Ford Foundation Postdoctoral Fellowship Program<br \/>\n<strong>Agencia:<\/strong> Ford Foundation<br \/>\n<strong>\u00c1reas:<\/strong> Qu\u00edmica, Comunicaciones, Ciencias C\u00f3mputos, C. Terrestres, Geograf\u00eda, Historia, Literatura, Ling\u00fcistica, Planificaci\u00f3n, Matem\u00e1ticas, F\u00edsica, Ciencias Pol\u00edticas, Sicolog\u00eda, Sociolog\u00eda<br \/>\n<strong>P\u00e1gina electr\u00f3nica:\u00a0<\/strong><a href=\"http:\/\/sites.nationalacademies.org\/PGA\/FordFellowships\">http:\/\/sites.nationalacademies.org\/PGA\/FordFellowships<\/a><\/td>\n<\/tr>\n<tr>\n<td><\/td>\n<\/tr>\n<tr>\n<td><strong>Nombre:<\/strong> Postdoctoral Research Leave Fellowship<br \/>\n<strong>Agencia:<\/strong> American Association of University Women<br \/>\n<strong>\u00c1reas:<\/strong> Artes, Humanidades, Ciencias Sociales, Ciencias Naturales (Mujeres candidatas a grado doctoral, incluye internacionales)<br \/>\n<strong>P\u00e1gina electr\u00f3nica:\u00a0<\/strong><a href=\"http:\/\/www.aauw.org\/what-we-do\/educational-funding-and-awards\/\">http:\/\/www.aauw.org\/what-we-do\/educational-funding-and-awards\/<\/a><\/td>\n<\/tr>\n<tr>\n<td><strong>Nombre:<\/strong> Predoctoral Fellowship Program<br \/>\n<strong>Agencia:<\/strong> National Gallery of Art<br \/>\n<strong>\u00c1reas:<\/strong> Humanidades (Artes Visuales)<br \/>\n<strong>P\u00e1gina electr\u00f3nica:\u00a0<\/strong><a href=\"http:\/\/www.nga.gov\/resources\/casvaflws.htm\">http:\/\/www.nga.gov\/resources\/casvaflws.htm<\/a><\/td>\n<\/tr>\n<tr>\n<td><strong>Nombre:<\/strong> Awards for Study in Scandinavia 2015-2016<br \/>\n<strong>Agencia:<\/strong> The American-Scandinavian Foundation<br \/>\n<strong>\u00c1reas:<\/strong> Todas (Estudios avanzados e investigaci\u00f3n en Dinamarca, Finlandia, Islandia, Noruega y Suecia)<br \/>\n<strong>P\u00e1gina electr\u00f3nica:\u00a0<\/strong><a href=\"http:\/\/www.amscan.org\/study_scandinavia_details.html\">http:\/\/www.amscan.org\/study_scandinavia_details.html<\/a><\/td>\n<\/tr>\n<tr>\n<td><strong>Nombre:<\/strong> Program in Early American Economy and Society (PEAES) \u2014 Postdoctoral Research<br \/>\n<strong>Agencia:<\/strong> Library Company of Philadelphia<br \/>\n<strong>\u00c1reas:<\/strong> Econom\u00eda<br \/>\n<strong>P\u00e1gina electr\u00f3nica:\u00a0<\/strong><a href=\"http:\/\/www.librarycompany.org\/fellowships\/american.htm\">http:\/\/www.librarycompany.org\/fellowships\/american.htm<\/a><\/td>\n<\/tr>\n<tr>\n<td><strong>Nombre:<\/strong> International Dissertation Field Research Fellowship Program (hacer investigaci\u00f3n fuera de Estados Unidos )<br \/>\n<strong>Agencia:<\/strong> Social Science Research Council<br \/>\n<strong>\u00c1reas:<\/strong> Humanidades y Ciencias Sociales<br \/>\n<strong>P\u00e1gina electr\u00f3nica:\u00a0<\/strong><a href=\"http:\/\/www.ssrc.org\/programs\/idrf\/\">http:\/\/www.ssrc.org\/programs\/idrf\/<\/a><\/td>\n<\/tr>\n<tr>\n<td><strong>Nombre:<\/strong> American Association of University Women International Fellowship (Estudiantes Internacionales)<br \/>\n<strong>Agencia:<\/strong> American Association of University Women Educational Foundation<br \/>\n<strong>\u00c1reas:<\/strong> Todas<br \/>\n<strong>P\u00e1gina electr\u00f3nica:\u00a0<\/strong><a href=\"http:\/\/www.aauw.org\/\">http:\/\/www.aauw.org<\/a><\/td>\n<\/tr>\n<tr>\n<td><strong>Nombre:<\/strong> Dissertation Fellowships in Southeast European Studies<br \/>\n<strong>Agencia:<\/strong> American Council of Learned Societies<br \/>\n<strong>\u00c1reas:<\/strong> Estudios especializados en el sur este de Europa<br \/>\n<strong>P\u00e1gina electr\u00f3nica:\u00a0<\/strong><a href=\"http:\/\/www.acls.org\/grants\/Single.aspx?id=352\">http:\/\/www.acls.org\/grants\/Single.aspx?id=352<\/a><\/td>\n<\/tr>\n<tr>\n<td><strong>Nombre:<\/strong> The Paul &amp; Daisy Soros Fellowship for New Americans<br \/>\n<strong>Agencia:<\/strong> Soros Organization<br \/>\n<strong>\u00c1reas:<\/strong> Todas (Estudiantes de Primer y Segundo A\u00f1o)<br \/>\n<strong>P\u00e1gina electr\u00f3nica:\u00a0<\/strong><a href=\"http:\/\/www.pdsoros.org\/\">http:\/\/www.pdsoros.org\/<\/a><\/td>\n<\/tr>\n<tr>\n<td><strong>Nombre:<\/strong> Charlotte W. Newcombe Doctoral Dissertation Fellowships<br \/>\n<strong>Agencia:<\/strong> Wilson (Woodrow) National Fellowship Foundation<br \/>\n<strong>\u00c1reas:<\/strong> Humanidades y Ciencias Sociales (Con \u00e9nfasis en valores \u00e9ticos o religiosos)<br \/>\n<strong>P\u00e1gina electr\u00f3nica:<\/strong>\u00a0<a href=\"http:\/\/woodrow.org\/fellowships\/newcombe\/info\/newcombe-fellowship-application-information\">http:\/\/woodrow.org\/fellowships\/newcombe\/info\/newcombe-fellowship-application-information<\/a><\/td>\n<\/tr>\n<tr>\n<td><\/td>\n<\/tr>\n<tr>\n<td>\n<hr \/>\n<p>&nbsp;<\/p>\n<p><strong>Fecha l\u00edmite: diciembre<\/strong><\/td>\n<\/tr>\n<\/tbody>\n<\/table>\n<table class=\"table table-striped table-bordered\">\n<tbody>\n<tr>\n<td><strong>Nombre:<\/strong> Modeling Interdisciplinary Inquiry: Andrew W. Mellon Foundation Postdoctoral Program in the Humanities &amp; Social Sciences<br \/>\n<strong>Agencia:<\/strong> Washington University en St. Louis<br \/>\n<strong>\u00c1reas:<\/strong> Humanidades y Ciencias Sociales<br \/>\n<strong>P\u00e1gina electr\u00f3nica:\u00a0<\/strong><a href=\"http:\/\/pages.wustl.edu\/mii\">http:\/\/pages.wustl.edu\/mii<\/a><\/td>\n<\/tr>\n<tr>\n<td><\/td>\n<\/tr>\n<tr>\n<td><strong>Nombre:<\/strong> Resident Fellowship<br \/>\n<strong>Agencia:<\/strong> Virginia Foundation for the Humanities<br \/>\n<strong>\u00c1reas:<\/strong> Humanidades<br \/>\n<strong>P\u00e1gina electr\u00f3nica:\u00a0<\/strong><a href=\"http:\/\/www.virginiafoundation.org\/research\/fellowships\/\">http:\/\/www.virginiafoundation.org\/research\/fellowships\/<\/a><\/td>\n<\/tr>\n<tr>\n<td><strong>Nombre:<\/strong> College Scholarship Program (National)<br \/>\n<strong>Agencia:<\/strong> Hispanic Scholarship Fund<br \/>\n<strong>\u00c1reas:<\/strong> Todas<br \/>\n<strong>P\u00e1gina electr\u00f3nica:\u00a0<\/strong><a href=\"http:\/\/www.hsf.net\/\">http:\/\/www.hsf.net<\/a><\/td>\n<\/tr>\n<tr>\n<td><\/td>\n<\/tr>\n<tr>\n<td><strong>Nombre:<\/strong> Humane Studies Fellowships<br \/>\n<strong>Agencia:<\/strong> Institute for Humane Studies<br \/>\n<strong>\u00c1reas:<\/strong> Econom\u00eda, Filosof\u00eda, Leyes, Ciencias Pol\u00edticas, Antropolog\u00eda, Literatura<br \/>\n<strong>P\u00e1gina electr\u00f3nica:\u00a0<\/strong><a href=\"http:\/\/www.theihs.org\/programs\/humane-studies-fellowships\">http:\/\/www.theihs.org\/programs\/humane-studies-fellowships<\/a><\/td>\n<\/tr>\n<tr>\n<td>\n<hr \/>\n<p>&nbsp;<\/p>\n<p><strong>Fecha l\u00edmite: enero<\/strong><\/td>\n<\/tr>\n<\/tbody>\n<\/table>\n<table class=\"table table-striped table-bordered\">\n<tbody>\n<tr>\n<td><\/td>\n<\/tr>\n<tr>\n<td><strong>Nombre:<\/strong> AT&amp;T Labs Fellowships<br \/>\n<strong>Agencia:<\/strong> AT&amp;T<br \/>\n<strong>\u00c1reas:<\/strong> Ciencias de C\u00f3mputos, Comunicaci\u00f3n (estudiante doctoral)<br \/>\n<strong>P\u00e1gina electr\u00f3nica:\u00a0<\/strong><a href=\"http:\/\/www.research.att.com\/\">http:\/\/www.research.att.com<\/a><\/td>\n<\/tr>\n<tr>\n<td><\/td>\n<\/tr>\n<tr>\n<td><strong>Nombre:<\/strong> Smithsonian Institution Fellowship Program<br \/>\n<strong>Agencia:<\/strong> Smithsonian Institution<br \/>\n<strong>\u00c1reas:<\/strong> Ecolog\u00eda, Ciencias Ambientales, Antropolog\u00eda, Astronom\u00eda, Biolog\u00eda, Historia del Arte, Historia Americana y otros (estudiantes de maestr\u00eda, predoctorales y postdoctorales)<br \/>\n<strong>P\u00e1gina electr\u00f3nica:\u00a0<\/strong><a href=\"http:\/\/www.si.edu\/ofg\/fell.htm\">http:\/\/www.si.edu\/ofg\/fell.htm<\/a><\/td>\n<\/tr>\n<tr>\n<td><strong>Nombre:<\/strong> Fellowship &amp; Grant Programs<br \/>\n<strong>Agencia:<\/strong> American Council of Learned Societies<br \/>\n<strong>\u00c1reas:<\/strong> Humanidades, Ciencias Sociales<br \/>\n<strong>P\u00e1gina electr\u00f3nica:\u00a0<\/strong><a href=\"http:\/\/www.acls.org\/\">http:\/\/www.acls.org<\/a><\/td>\n<\/tr>\n<tr>\n<td><strong>Nombre:<\/strong> American Psychological Association Minority Fellowship Program<br \/>\n<strong>Agencia:<\/strong> American Psychological Association<br \/>\n<strong>\u00c1reas:<\/strong> Psicolog\u00eda<br \/>\n<strong>P\u00e1gina electr\u00f3nica:\u00a0<\/strong><a href=\"http:\/\/www.apa.org\/pi\/mfp\/psychology\/services.aspx\">http:\/\/www.apa.org\/pi\/mfp\/psychology\/services.aspx<\/a><\/td>\n<\/tr>\n<\/tbody>\n<\/table>\n<hr \/>\n<p>&nbsp;<\/p>\n<p><strong><a id=\"febrero2015\"><\/a>Fecha l\u00edmite: febrero<\/strong><\/p>\n<table class=\"table table-striped table-bordered\">\n<tbody>\n<tr>\n<td><strong>Nombre:<\/strong> Mildred Colodny Diversity Scholarship for Graduate Study in Historic Preservation<br \/>\n<strong>Agencia:<\/strong> National Trust for Historic Preservation<br \/>\n<strong>\u00c1reas:<\/strong> Historia, Arquitectura, Planificaci\u00f3n Urbana, Museos con \u00e9nfasis en Preservaci\u00f3n Hist\u00f3rica<br \/>\n<strong>P\u00e1gina electr\u00f3nica:<\/strong> \u00a0<a href=\"http:\/\/www.preservationnation.org\/resources\/find-funding\/scholarships\/colodny-scholarship\/\">http:\/\/www.preservationnation.org\/resources\/find-funding\/scholarships\/colodny-scholarship\/<\/a><\/td>\n<\/tr>\n<\/tbody>\n<\/table>\n<hr \/>\n<p>&nbsp;<\/p>\n<p><strong><a id=\"abril2015\"><\/a>Fecha l\u00edmite: abril 2015<\/strong><\/p>\n<table class=\"table table-striped table-bordered\">\n<tbody>\n<tr>\n<td><strong>Nombre:<\/strong> CHCI Graduate Fellowship Program<br \/>\n<strong>Agencia:<\/strong> Congressional Hispanic Caucus Institute<br \/>\n<strong>\u00c1reas:<\/strong> Todas<br \/>\n<strong>P\u00e1gina electr\u00f3nica:\u00a0<\/strong><a href=\"http:\/\/www.chci.org\/\">http:\/\/www.chci.org<\/a><\/td>\n<\/tr>\n<tr>\n<td><\/td>\n<\/tr>\n<tr>\n<td><strong>Nombre:<\/strong> HENAAC Scholarship Program<br \/>\n<strong>Agencia:<\/strong> Great Minds in STEM<br \/>\n<strong>\u00c1reas:<\/strong> STEM<br \/>\n<strong>P\u00e1gina electr\u00f3nica:\u00a0<\/strong><a href=\"http:\/\/www.greatmindsinstem.org\/index.htm\">http:\/\/www.greatmindsinstem.org\/index.htm<\/a><\/td>\n<\/tr>\n<\/tbody>\n<\/table>\n<hr \/>\n<p>&nbsp;<\/p>\n<p><strong><a id=\"mayo2015\"><\/a>Fecha l\u00edmite: mayo<\/strong><\/p>\n<table class=\"table table-striped table-bordered\">\n<tbody>\n<tr>\n<td><strong>Nombre:<\/strong> HACU Scholarship Program<br \/>\n<strong>Agencia:<\/strong> Hispanic Association of Colleges and Universities<br \/>\n<strong>\u00c1reas:<\/strong> Todas<br \/>\n<strong>P\u00e1gina electr\u00f3nica:\u00a0<\/strong><a href=\"http:\/\/www.hacu.net\/\">http:\/\/www.hacu.net<\/a><\/td>\n<\/tr>\n<tr>\n<td><strong>Nombre:<\/strong> Byron Hanke Fellowship<br \/>\n<strong>Agencia:<\/strong> Foundation for Community Association Research<br \/>\n<strong>\u00c1reas:<\/strong> Leyes, Econom\u00eda, Sociolog\u00eda, Planificaci\u00f3n Urbana<br \/>\n<strong>P\u00e1gina electr\u00f3nica:\u00a0<\/strong><a href=\"http:\/\/www.cairf.org\/scholarships\/hanke.aspx\">http:\/\/www.cairf.org\/scholarships\/hanke.aspx<\/a><\/td>\n<\/tr>\n<\/tbody>\n<\/table>\n<hr \/>\n<p>&nbsp;<\/p>\n<p><strong><a id=\"julio2015\"><\/a>Fecha l\u00edmite: Julio<\/strong><\/p>\n<table class=\"table table-striped table-bordered\">\n<tbody>\n<tr>\n<td><strong>Nombre:<\/strong> Kluge Fellowship<br \/>\n<strong>Agencia:<\/strong> Library of Congress<br \/>\n<strong>\u00c1reas:<\/strong> Humanidades y Ciencias Sociales (hacer investigaci\u00f3n usando los recursos del Kluge Center)<br \/>\n<strong>P\u00e1gina electr\u00f3nica:\u00a0<\/strong><a href=\"http:\/\/www.loc.gov\/loc\/kluge\/fellowships\/kluge.html\">http:\/\/www.loc.gov\/loc\/kluge\/fellowships\/kluge.html<\/a><\/td>\n<\/tr>\n<\/tbody>\n<\/table>\n<hr \/>\n<p>&nbsp;<\/p>\n<p><strong><a id=\"enlacesadicionales\"><\/a>En adici\u00f3n puede buscar ayudas econ\u00f3micas en los siguientes enlaces:<\/strong><\/p>\n<table class=\"table table-striped table-bordered\">\n<tbody>\n<tr>\n<td><strong>Fastweb<\/strong>\u00a0<a href=\"http:\/\/fastweb.com\/\">http:\/\/fastweb.com<\/a><br \/>\n<strong>FinAid<\/strong>\u00a0<a href=\"http:\/\/www.finaid.org\/scholarships\">http:\/\/www.finaid.org\/scholarships<\/a><br \/>\n<strong>Fedmoney<\/strong>\u00a0<a href=\"http:\/\/www.fedmoney.org\/\">http:\/\/www.fedmoney.org<\/a><br \/>\n<strong>Post-Docs.Com Fellowships Page<\/strong>\u00a0<a href=\"http:\/\/www.postdocjobs.com\/\">http:\/\/www.postdocjobs.com<\/a><br \/>\n<strong>Community of Science \u2013 Research Funding<\/strong>\u00a0<a href=\"http:\/\/www.cos.com\/\">http:\/\/www.cos.com<\/a><br \/>\n<strong>eStudent Loan<\/strong>\u00a0<a href=\"http:\/\/www.estudentloan.com\/\">http:\/\/www.estudentloan.com<\/a><br \/>\n<strong>All About Grad School.com<\/strong>\u00a0<a href=\"http:\/\/www.allaboutgradschool.com\/netguide\/financial-aid.htm\">http:\/\/www.allaboutgradschool.com\/netguide\/financial-aid.htm<\/a><br \/>\n<strong>Institute of International Education<\/strong>\u00a0<a href=\"http:\/\/www.studyabroadfunding.org\/\">http:\/\/www.studyabroadfunding.org\/<\/a><br \/>\n<strong>International Education Financial Aid<\/strong>\u00a0<a href=\"http:\/\/www.iefa.org\/\">http:\/\/www.iefa.org\/<\/a><br \/>\n<strong>Nationally Coveted College Scholarships, Graduate Fellowships &amp; Postdoctoral Awards<\/strong>\u00a0<a href=\"http:\/\/www.fatomei.com\/\">http:\/\/www.fatomei.com\/<\/a><br \/>\n<strong>Graduate Fellowships<\/strong>\u00a0<a href=\"http:\/\/www.graduatecenter.com\/schools\/fellowships.php\">http:\/\/www.graduatecenter.com\/schools\/fellowships.php<\/a><br \/>\n<strong>The Foundation Center<\/strong>\u00a0<a href=\"http:\/\/www.foundationcenter.org\/\">http:\/\/www.foundationcenter.org\/<\/a><\/td>\n<\/tr>\n<\/tbody>\n<\/table>\n","protected":false},"excerpt":{"rendered":"<p>Fechas l\u00edmites aproximadas por mes septiembre Nombre:\u00a0Fellowship &amp; Grant Programs Agencia:\u00a0American Council of Learned Societies \u00c1reas:\u00a0Humanidades, Ciencias Sociales P\u00e1gina electr\u00f3nica:\u00a0http:\/\/www.acls.org Nombre: AERA Dissertation Grants Program (pueden solicitar estudiantes internacionales) Agencia: American Educational Research Association Area: Educaci\u00f3n P\u00e1gina electr\u00f3nica:\u00a0http:\/\/www.aera.net\/ProfessionalOpportunitiesFunding\/FundingOpportunities\/tabid\/10241\/Default.aspx Nombre: Fellowships Agencia: American Council of Learned Societies Areas: Humanidades, Ciencias Sociales &#8230;<\/p>\n","protected":false},"author":4,"featured_media":0,"parent":0,"menu_order":0,"comment_status":"closed","ping_status":"closed","template":"","meta":{"footnotes":"","_links_to":"","_links_to_target":""},"class_list":["post-561","page","type-page","status-publish","hentry","column","twocol"],"_links":{"self":[{"href":"https:\/\/humanidades.uprrp.edu\/graduados\/wp-json\/wp\/v2\/pages\/561","targetHints":{"allow":["GET"]}}],"collection":[{"href":"https:\/\/humanidades.uprrp.edu\/graduados\/wp-json\/wp\/v2\/pages"}],"about":[{"href":"https:\/\/humanidades.uprrp.edu\/graduados\/wp-json\/wp\/v2\/types\/page"}],"author":[{"embeddable":true,"href":"https:\/\/humanidades.uprrp.edu\/graduados\/wp-json\/wp\/v2\/users\/4"}],"replies":[{"embeddable":true,"href":"https:\/\/humanidades.uprrp.edu\/graduados\/wp-json\/wp\/v2\/comments?post=561"}],"version-history":[{"count":1,"href":"https:\/\/humanidades.uprrp.edu\/graduados\/wp-json\/wp\/v2\/pages\/561\/revisions"}],"predecessor-version":[{"id":562,"href":"https:\/\/humanidades.uprrp.edu\/graduados\/wp-json\/wp\/v2\/pages\/561\/revisions\/562"}],"wp:attachment":[{"href":"https:\/\/humanidades.uprrp.edu\/graduados\/wp-json\/wp\/v2\/media?parent=561"}],"curies":[{"name":"wp","href":"https:\/\/api.w.org\/{rel}","templated":true}]}}