{"id":898,"date":"2021-06-29T15:38:10","date_gmt":"2021-06-29T19:38:10","guid":{"rendered":"https:\/\/humanidades.uprrp.edu\/filosofia\/?page_id=898"},"modified":"2023-04-18T09:20:37","modified_gmt":"2023-04-18T13:20:37","slug":"administracion","status":"publish","type":"page","link":"https:\/\/humanidades.uprrp.edu\/filosofia\/?page_id=898","title":{"rendered":"Administraci\u00f3n"},"content":{"rendered":"<p><strong>Dra. Dialitza Col\u00f3n P\u00e9rez<\/strong><br \/>\nDirectora Interina y Catedr\u00e1tica Auxiliar<br \/>\nUniversidad Aut\u00f3noma de Barcelona, Ph.D. Filosof\u00eda Contempor\u00e1nea, 2012<br \/>\nEst\u00e9tica y pol\u00edtica, Filosof\u00eda del Arte<br \/>\n<a href=\"mailto:dialitza.colon@upr.edu\">dialitza.colon@upr.edu<\/a><\/p>\n","protected":false},"excerpt":{"rendered":"<p>Dra. Dialitza Col\u00f3n P\u00e9rez Directora Interina y Catedr\u00e1tica Auxiliar Universidad Aut\u00f3noma de Barcelona, Ph.D. Filosof\u00eda Contempor\u00e1nea, 2012 Est\u00e9tica y pol\u00edtica, Filosof\u00eda del Arte dialitza.colon@upr.edu<\/p>\n","protected":false},"author":7,"featured_media":0,"parent":0,"menu_order":0,"comment_status":"closed","ping_status":"closed","template":"","meta":{"footnotes":""},"class_list":["post-898","page","type-page","status-publish","hentry","column","twocol"],"_links":{"self":[{"href":"https:\/\/humanidades.uprrp.edu\/filosofia\/index.php?rest_route=\/wp\/v2\/pages\/898","targetHints":{"allow":["GET"]}}],"collection":[{"href":"https:\/\/humanidades.uprrp.edu\/filosofia\/index.php?rest_route=\/wp\/v2\/pages"}],"about":[{"href":"https:\/\/humanidades.uprrp.edu\/filosofia\/index.php?rest_route=\/wp\/v2\/types\/page"}],"author":[{"embeddable":true,"href":"https:\/\/humanidades.uprrp.edu\/filosofia\/index.php?rest_route=\/wp\/v2\/users\/7"}],"replies":[{"embeddable":true,"href":"https:\/\/humanidades.uprrp.edu\/filosofia\/index.php?rest_route=%2Fwp%2Fv2%2Fcomments&post=898"}],"version-history":[{"count":3,"href":"https:\/\/humanidades.uprrp.edu\/filosofia\/index.php?rest_route=\/wp\/v2\/pages\/898\/revisions"}],"predecessor-version":[{"id":928,"href":"https:\/\/humanidades.uprrp.edu\/filosofia\/index.php?rest_route=\/wp\/v2\/pages\/898\/revisions\/928"}],"wp:attachment":[{"href":"https:\/\/humanidades.uprrp.edu\/filosofia\/index.php?rest_route=%2Fwp%2Fv2%2Fmedia&parent=898"}],"curies":[{"name":"wp","href":"https:\/\/api.w.org\/{rel}","templated":true}]}}

Administración

<p><strong>Dra. Dialitza Colón Pérez</strong><br />
Directora Interina y Catedrática Auxiliar<br />
Universidad Autónoma de Barcelona, Ph.D. Filosofía Contemporánea, 2012<br />
Estética y política, Filosofía del Arte<br />
<a href="mailto:dialitza.colon@upr.edu">dialitza.colon@upr.edu</a></p>

<p>Dra. Dialitza Colón Pérez Directora Interina y Catedrática Auxiliar Universidad Autónoma de Barcelona, Ph.D. Filosofía Contemporánea, 2012 Estética y política, Filosofía del Arte dialitza.colon@upr.edu</p>
