{"id":891,"date":"2021-06-29T15:29:16","date_gmt":"2021-06-29T19:29:16","guid":{"rendered":"https:\/\/humanidades.uprrp.edu\/filosofia\/?page_id=891"},"modified":"2025-02-24T16:19:58","modified_gmt":"2025-02-24T20:19:58","slug":"programa-subgraduado-de-bachillerato-en-artes-con-concentracion-en-filosofia","status":"publish","type":"page","link":"https:\/\/humanidades.uprrp.edu\/filosofia\/?page_id=891","title":{"rendered":"Programa subgraduado de Bachillerato en Artes con concentraci\u00f3n en Filosof\u00eda"},"content":{"rendered":"\n<h2 class=\"wp-block-heading has-vivid-red-color has-text-color has-link-color wp-elements-bc13711543ddf72bbe58f508a38528d9\">Visi\u00f3n<\/h2>\n\n\n\n<p>Desarrollar en los estudiantes el cultivo del estudio de la Filosof\u00eda, mediante un enfoque amplio y sistem\u00e1tico, y con la cautela metodol\u00f3gica con que nuestra disciplina intelectual aborda cualquier cuesti\u00f3n, teor\u00e9tica o pr\u00e1ctica.<\/p>\n\n\n\n<h2 class=\"wp-block-heading has-vivid-red-color has-text-color has-link-color wp-elements-fa7b6e3d0239ab8b896e05dc1c2c8427\">Misi\u00f3n<\/h2>\n\n\n\n<p>Fomentar los estudios, la investigaci\u00f3n y la ense\u00f1anza de la Filosof\u00eda, atendiendo tanto a su historia y actualidad como a los aspectos te\u00f3ricos y pr\u00e1cticos que est\u00e1n presentes en sus preguntas, problemas y planteamientos.<\/p>\n\n\n\n<h2 class=\"wp-block-heading has-vivid-red-color has-text-color has-link-color wp-elements-a77de3eed2dcb46548bcf5e8720ee506\">Estructura<\/h2>\n\n\n\n<p>El\/La estudiante que desea realizar el Bachillerato en Artes con concentraci\u00f3n en Filosof\u00eda en el presente debe completar ciento veintinueve (129) cr\u00e9ditos distribuidos de la siguiente manera: treinta y seis (36) cr\u00e9ditos de cursos de educaci\u00f3n general, treinta y seis (36) cr\u00e9ditos de cursos medulares de la Facultad de Humanidades, treinta y nueve (39) cr\u00e9ditos de cursos medulares de la concentraci\u00f3n de Filosof\u00eda, y dieciocho (18) cr\u00e9ditos en electivas libres.<\/p>\n\n\n\n<p class=\"has-vivid-red-color has-text-color has-link-color wp-elements-5c05dd729f5e834c75d482bb9cf23ee9\"><strong>Los treinta y nueve (39) cr\u00e9ditos de la concentraci\u00f3n se distribuyen como sigue:<\/strong><\/p>\n\n\n\n<figure class=\"wp-block-table\"><table class=\"has-fixed-layout\"><tbody><tr><td colspan=\"2\">CURSOS DE CONCENTRACI\u00d3N (39 Cr\u00e9ditos)<\/td><\/tr><tr><td>3<\/td><td>L\u00f3gica I (FILO 4031)<\/td><\/tr><tr><td>6<\/td><td>Filosof\u00eda Antigua<\/td><\/tr><tr><td>6<\/td><td>Filosof\u00eda Moderna<\/td><\/tr><tr><td>6<\/td><td>Filosof\u00eda del Siglo XX y Contempor\u00e1nea<\/td><\/tr><tr><td>15<\/td><td>Cursos de selecci\u00f3n dirigida en Filosof\u00eda<\/td><\/tr><tr><td>3<\/td><td>Curso de Redacci\u00f3n y Estilo*<\/td><\/tr><tr><td><strong>39<\/strong><\/td><td><strong>Total**<\/strong><\/td><\/tr><\/tbody><\/table><\/figure>\n\n\n\n<p>*Se podr\u00e1n tomar cursos como ESPA 3208, ESPA 3209, INGL 3231, INGL 3232, INGL 3291, INGL4007. **No existen prerrequisitos para tomar cursos en Filosof\u00eda.<\/p>\n\n\n\n<h2 class=\"wp-block-heading has-vivid-red-color has-text-color has-link-color wp-elements-950bb3bf2b6d838984e5f68f832cc363\">Documentos de inter\u00e9s<\/h2>\n\n\n\n<ul class=\"wp-block-list\">\n<li class=\"has-medium-font-size\"><a href=\"https:\/\/drive.google.com\/file\/d\/177reC2qPzh6_VDsyWFqmpVHnojwFR6Gx\/view?usp=sharing\">Hoja de evaluaci\u00f3n subgraduada<\/a>&nbsp;<\/li>\n\n\n\n<li class=\"has-medium-font-size\"><a href=\"https:\/\/drive.google.com\/file\/d\/1CPy7BJblLartUsRCte8nzEfjYqvY70vt\/view?usp=sharing\">Cat\u00e1logo de cursos Subgraduado<\/a><\/li>\n<\/ul>\n","protected":false},"excerpt":{"rendered":"<p>Visi\u00f3n Desarrollar en los estudiantes el cultivo del estudio de la Filosof\u00eda, mediante un enfoque amplio y sistem\u00e1tico, y con la cautela metodol\u00f3gica con que nuestra disciplina intelectual aborda cualquier cuesti\u00f3n, teor\u00e9tica o pr\u00e1ctica. Misi\u00f3n Fomentar los estudios, la investigaci\u00f3n y la ense\u00f1anza de la Filosof\u00eda, atendiendo tanto a su &#8230;<\/p>\n","protected":false},"author":7,"featured_media":0,"parent":0,"menu_order":0,"comment_status":"closed","ping_status":"closed","template":"","meta":{"footnotes":""},"class_list":["post-891","page","type-page","status-publish","hentry","column","twocol"],"_links":{"self":[{"href":"https:\/\/humanidades.uprrp.edu\/filosofia\/index.php?rest_route=\/wp\/v2\/pages\/891","targetHints":{"allow":["GET"]}}],"collection":[{"href":"https:\/\/humanidades.uprrp.edu\/filosofia\/index.php?rest_route=\/wp\/v2\/pages"}],"about":[{"href":"https:\/\/humanidades.uprrp.edu\/filosofia\/index.php?rest_route=\/wp\/v2\/types\/page"}],"author":[{"embeddable":true,"href":"https:\/\/humanidades.uprrp.edu\/filosofia\/index.php?rest_route=\/wp\/v2\/users\/7"}],"replies":[{"embeddable":true,"href":"https:\/\/humanidades.uprrp.edu\/filosofia\/index.php?rest_route=%2Fwp%2Fv2%2Fcomments&post=891"}],"version-history":[{"count":7,"href":"https:\/\/humanidades.uprrp.edu\/filosofia\/index.php?rest_route=\/wp\/v2\/pages\/891\/revisions"}],"predecessor-version":[{"id":1258,"href":"https:\/\/humanidades.uprrp.edu\/filosofia\/index.php?rest_route=\/wp\/v2\/pages\/891\/revisions\/1258"}],"wp:attachment":[{"href":"https:\/\/humanidades.uprrp.edu\/filosofia\/index.php?rest_route=%2Fwp%2Fv2%2Fmedia&parent=891"}],"curies":[{"name":"wp","href":"https:\/\/api.w.org\/{rel}","templated":true}]}}

Programa subgraduado de Bachillerato en Artes con concentración en Filosofía

<h2 class="wp-block-heading has-vivid-red-color has-text-color has-link-color wp-elements-bc13711543ddf72bbe58f508a38528d9">Visión</h2>



<p>Desarrollar en los estudiantes el cultivo del estudio de la Filosofía, mediante un enfoque amplio y sistemático, y con la cautela metodológica con que nuestra disciplina intelectual aborda cualquier cuestión, teorética o práctica.</p>



<h2 class="wp-block-heading has-vivid-red-color has-text-color has-link-color wp-elements-fa7b6e3d0239ab8b896e05dc1c2c8427">Misión</h2>



<p>Fomentar los estudios, la investigación y la enseñanza de la Filosofía, atendiendo tanto a su historia y actualidad como a los aspectos teóricos y prácticos que están presentes en sus preguntas, problemas y planteamientos.</p>



<h2 class="wp-block-heading has-vivid-red-color has-text-color has-link-color wp-elements-a77de3eed2dcb46548bcf5e8720ee506">Estructura</h2>



<p>El/La estudiante que desea realizar el Bachillerato en Artes con concentración en Filosofía en el presente debe completar ciento veintinueve (129) créditos distribuidos de la siguiente manera: treinta y seis (36) créditos de cursos de educación general, treinta y seis (36) créditos de cursos medulares de la Facultad de Humanidades, treinta y nueve (39) créditos de cursos medulares de la concentración de Filosofía, y dieciocho (18) créditos en electivas libres.</p>



<p class="has-vivid-red-color has-text-color has-link-color wp-elements-5c05dd729f5e834c75d482bb9cf23ee9"><strong>Los treinta y nueve (39) créditos de la concentración se distribuyen como sigue:</strong></p>



<figure class="wp-block-table"><table class="has-fixed-layout"><tbody><tr><td colspan="2">CURSOS DE CONCENTRACIÓN (39 Créditos)</td></tr><tr><td>3</td><td>Lógica I (FILO 4031)</td></tr><tr><td>6</td><td>Filosofía Antigua</td></tr><tr><td>6</td><td>Filosofía Moderna</td></tr><tr><td>6</td><td>Filosofía del Siglo XX y Contemporánea</td></tr><tr><td>15</td><td>Cursos de selección dirigida en Filosofía</td></tr><tr><td>3</td><td>Curso de Redacción y Estilo*</td></tr><tr><td><strong>39</strong></td><td><strong>Total**</strong></td></tr></tbody></table></figure>



<p>*Se podrán tomar cursos como ESPA 3208, ESPA 3209, INGL 3231, INGL 3232, INGL 3291, INGL4007. **No existen prerrequisitos para tomar cursos en Filosofía.</p>



<h2 class="wp-block-heading has-vivid-red-color has-text-color has-link-color wp-elements-950bb3bf2b6d838984e5f68f832cc363">Documentos de interés</h2>



<ul class="wp-block-list">
<li class="has-medium-font-size"><a href="https://drive.google.com/file/d/177reC2qPzh6_VDsyWFqmpVHnojwFR6Gx/view?usp=sharing">Hoja de evaluación subgraduada</a>&nbsp;</li>



<li class="has-medium-font-size"><a href="https://drive.google.com/file/d/1CPy7BJblLartUsRCte8nzEfjYqvY70vt/view?usp=sharing">Catálogo de cursos Subgraduado</a></li>
</ul>

<p>Visión Desarrollar en los estudiantes el cultivo del estudio de la Filosofía, mediante un enfoque amplio y sistemático, y con la cautela metodológica con que nuestra disciplina intelectual aborda cualquier cuestión, teorética o práctica. Misión Fomentar los estudios, la investigación y la enseñanza de la Filosofía, atendiendo tanto a su &#8230;</p>
