{"id":853,"date":"2021-06-29T11:50:46","date_gmt":"2021-06-29T15:50:46","guid":{"rendered":"https:\/\/humanidades.uprrp.edu\/filosofia\/?page_id=853"},"modified":"2021-06-29T11:50:46","modified_gmt":"2021-06-29T15:50:46","slug":"revista-dialogos-2","status":"publish","type":"page","link":"https:\/\/humanidades.uprrp.edu\/filosofia\/?page_id=853","title":{"rendered":"Revista Di\u00e1logos"},"content":{"rendered":"<p style=\"text-align: justify;\"><a href=\"https:\/\/humanidades.uprrp.edu\/filosofia\/wp-content\/uploads\/2021\/06\/revista.png\"><img fetchpriority=\"high\" decoding=\"async\" class=\"alignleft wp-image-855 size-medium\" src=\"https:\/\/humanidades.uprrp.edu\/filosofia\/wp-content\/uploads\/2021\/06\/revista-e1624981813400-300x200.png\" alt=\"\" width=\"300\" height=\"200\" srcset=\"https:\/\/humanidades.uprrp.edu\/filosofia\/wp-content\/uploads\/2021\/06\/revista-e1624981813400-300x200.png 300w, https:\/\/humanidades.uprrp.edu\/filosofia\/wp-content\/uploads\/2021\/06\/revista-e1624981813400-768x512.png 768w, https:\/\/humanidades.uprrp.edu\/filosofia\/wp-content\/uploads\/2021\/06\/revista-e1624981813400-1024x683.png 1024w, https:\/\/humanidades.uprrp.edu\/filosofia\/wp-content\/uploads\/2021\/06\/revista-e1624981813400-700x467.png 700w, https:\/\/humanidades.uprrp.edu\/filosofia\/wp-content\/uploads\/2021\/06\/revista-e1624981813400-332x222.png 332w\" sizes=\"(max-width: 300px) 100vw, 300px\" \/><\/a>El Departamento tambi\u00e9n cuenta con la revista bianual\u00a0<em>Di\u00e1logos,<\/em>\u00a0una de las revistas especializadas m\u00e1s longeva en Am\u00e9rica Latina. Fundada en 1964, desde entonces ha servido para divulgar los trabajos de investigaci\u00f3n de los profesores y los estudiantes, as\u00ed como escritos de colaboradores prestigiosos del \u00e1mbito internacional y conferencias de profesores que visitan el Departamento. Nuestra revista publica art\u00edculos diversos, siempre y cuando cumplan con los requisitos de excelencia que exige una revista acad\u00e9mica arbitrada. Por la calidad de sus art\u00edculos y la gran dedicaci\u00f3n de sus directores y organismos consultivos, la revista disfruta desde su origen de un gran prestigio internacional y es uno de nuestros m\u00e1s valiosos recursos para la divulgaci\u00f3n acad\u00e9mico-investigativa.<\/p>\n","protected":false},"excerpt":{"rendered":"<p>El Departamento tambi\u00e9n cuenta con la revista bianual\u00a0Di\u00e1logos,\u00a0una de las revistas especializadas m\u00e1s longeva en Am\u00e9rica Latina. Fundada en 1964, desde entonces ha servido para divulgar los trabajos de investigaci\u00f3n de los profesores y los estudiantes, as\u00ed como escritos de colaboradores prestigiosos del \u00e1mbito internacional y conferencias de profesores que &#8230;<\/p>\n","protected":false},"author":7,"featured_media":0,"parent":0,"menu_order":0,"comment_status":"closed","ping_status":"closed","template":"","meta":{"footnotes":""},"class_list":["post-853","page","type-page","status-publish","hentry","column","twocol"],"_links":{"self":[{"href":"https:\/\/humanidades.uprrp.edu\/filosofia\/index.php?rest_route=\/wp\/v2\/pages\/853","targetHints":{"allow":["GET"]}}],"collection":[{"href":"https:\/\/humanidades.uprrp.edu\/filosofia\/index.php?rest_route=\/wp\/v2\/pages"}],"about":[{"href":"https:\/\/humanidades.uprrp.edu\/filosofia\/index.php?rest_route=\/wp\/v2\/types\/page"}],"author":[{"embeddable":true,"href":"https:\/\/humanidades.uprrp.edu\/filosofia\/index.php?rest_route=\/wp\/v2\/users\/7"}],"replies":[{"embeddable":true,"href":"https:\/\/humanidades.uprrp.edu\/filosofia\/index.php?rest_route=%2Fwp%2Fv2%2Fcomments&post=853"}],"version-history":[{"count":1,"href":"https:\/\/humanidades.uprrp.edu\/filosofia\/index.php?rest_route=\/wp\/v2\/pages\/853\/revisions"}],"predecessor-version":[{"id":856,"href":"https:\/\/humanidades.uprrp.edu\/filosofia\/index.php?rest_route=\/wp\/v2\/pages\/853\/revisions\/856"}],"wp:attachment":[{"href":"https:\/\/humanidades.uprrp.edu\/filosofia\/index.php?rest_route=%2Fwp%2Fv2%2Fmedia&parent=853"}],"curies":[{"name":"wp","href":"https:\/\/api.w.org\/{rel}","templated":true}]}}