{"id":749,"date":"2018-10-10T08:38:15","date_gmt":"2018-10-10T12:38:15","guid":{"rendered":"https:\/\/humanidades.uprrp.edu\/filosofia\/?page_id=749"},"modified":"2021-06-29T15:36:39","modified_gmt":"2021-06-29T19:36:39","slug":"contacto","status":"publish","type":"page","link":"https:\/\/humanidades.uprrp.edu\/filosofia\/?page_id=749","title":{"rendered":"Contacto"},"content":{"rendered":"<p><strong>Direcci\u00f3n F\u00edsica:<\/strong><br \/>\nEdificio Pedreira, 2ndo piso<br \/>\nOficina 205<br \/>\nFacultad de Humanidades<br \/>\nUPR, R\u00edo Piedras<\/p>\n<p><strong>Direcci\u00f3n Postal:<\/strong><br \/>\nDepartamento de Filosof\u00eda<br \/>\n13 Ave. Universidad Ste. 1301<br \/>\nSan Juan, PR 00925-2533<\/p>\n<p><strong>Correo electr\u00f3nico:<\/strong><br \/>\n<a href=\"mailto:filosofia.rrp@upr.edu\">filosofia.rrp@upr.edu<\/a><\/p>\n<p><strong>Tel\u00e9fonos:<\/strong><br \/>\n(787)-764-0000\u00a0 ext: 89535 ,89549<\/p>\n<h4><span style=\"color: #ff0000;\">Horarios de atenci\u00f3n al p\u00fablico<\/span><\/h4>\n<p><strong>Horario del Departamento:<\/strong><br \/>\nPor cita previa<\/p>\n<p><strong>Horario de Direcci\u00f3n, Coordinaci\u00f3n del Programa Graduado y asesor\u00eda acad\u00e9mica:<\/strong><br \/>\nPor cita previa<\/p>\n<p><strong>Horario Seminario:<\/strong><br \/>\nPor cita previa<\/p>\n","protected":false},"excerpt":{"rendered":"<p>Direcci\u00f3n F\u00edsica: Edificio Pedreira, 2ndo piso Oficina 205 Facultad de Humanidades UPR, R\u00edo Piedras Direcci\u00f3n Postal: Departamento de Filosof\u00eda 13 Ave. Universidad Ste. 1301 San Juan, PR 00925-2533 Correo electr\u00f3nico: filosofia.rrp@upr.edu Tel\u00e9fonos: (787)-764-0000\u00a0 ext: 89535 ,89549 Horarios de atenci\u00f3n al p\u00fablico Horario del Departamento: Por cita previa Horario de Direcci\u00f3n, &#8230;<\/p>\n","protected":false},"author":7,"featured_media":0,"parent":0,"menu_order":0,"comment_status":"closed","ping_status":"closed","template":"","meta":{"footnotes":""},"class_list":["post-749","page","type-page","status-publish","hentry","column","twocol"],"_links":{"self":[{"href":"https:\/\/humanidades.uprrp.edu\/filosofia\/index.php?rest_route=\/wp\/v2\/pages\/749","targetHints":{"allow":["GET"]}}],"collection":[{"href":"https:\/\/humanidades.uprrp.edu\/filosofia\/index.php?rest_route=\/wp\/v2\/pages"}],"about":[{"href":"https:\/\/humanidades.uprrp.edu\/filosofia\/index.php?rest_route=\/wp\/v2\/types\/page"}],"author":[{"embeddable":true,"href":"https:\/\/humanidades.uprrp.edu\/filosofia\/index.php?rest_route=\/wp\/v2\/users\/7"}],"replies":[{"embeddable":true,"href":"https:\/\/humanidades.uprrp.edu\/filosofia\/index.php?rest_route=%2Fwp%2Fv2%2Fcomments&post=749"}],"version-history":[{"count":5,"href":"https:\/\/humanidades.uprrp.edu\/filosofia\/index.php?rest_route=\/wp\/v2\/pages\/749\/revisions"}],"predecessor-version":[{"id":897,"href":"https:\/\/humanidades.uprrp.edu\/filosofia\/index.php?rest_route=\/wp\/v2\/pages\/749\/revisions\/897"}],"wp:attachment":[{"href":"https:\/\/humanidades.uprrp.edu\/filosofia\/index.php?rest_route=%2Fwp%2Fv2%2Fmedia&parent=749"}],"curies":[{"name":"wp","href":"https:\/\/api.w.org\/{rel}","templated":true}]}}