{"id":625,"date":"2015-03-20T14:42:07","date_gmt":"2015-03-20T18:42:07","guid":{"rendered":"https:\/\/humanidades.uprrp.edu\/filosofia\/?page_id=625"},"modified":"2021-03-30T15:35:24","modified_gmt":"2021-03-30T19:35:24","slug":"dialogos-ano-xliv-numero-92-enero-2012","status":"publish","type":"page","link":"https:\/\/humanidades.uprrp.edu\/filosofia\/?page_id=625","title":{"rendered":"Di\u00e1logos     A\u00f1o XLIV     N\u00famero 92    enero, 2012"},"content":{"rendered":"<table style=\"width: 446px;\" border=\"1\" cellspacing=\"0\" cellpadding=\"0\">\n<tbody>\n<tr>\n<td valign=\"top\" width=\"152\">Art\u00edculo<\/td>\n<td valign=\"top\" width=\"152\">Autor<\/td>\n<td valign=\"top\" width=\"142\">P\u00e1ginas<\/td>\n<\/tr>\n<tr>\n<td valign=\"top\" width=\"152\"><a href=\"https:\/\/humanidades.uprrp.edu\/filosofia\/wp-content\/uploads\/2015\/03\/de-la-fenomenologia-de-la-corporeidad-a-una-epistemologia-del-sujeto-encarnado-ariela-battan-horenstein.pdf\">De la fenomenolog\u00eda de la corporeidad a una epistemolog\u00eda del sujeto encarnado<\/a><\/td>\n<td valign=\"top\" width=\"152\"><a href=\"https:\/\/humanidades.uprrp.edu\/filosofia\/wp-content\/uploads\/2015\/03\/de-la-fenomenologia-de-la-corporeidad-a-una-epistemologia-del-sujeto-encarnado-ariela-battan-horenstein.pdf\">Ariela Batt\u00e1n Horenstein<\/a><\/td>\n<td valign=\"top\" width=\"142\"><a href=\"https:\/\/humanidades.uprrp.edu\/filosofia\/wp-content\/uploads\/2015\/03\/de-la-fenomenologia-de-la-corporeidad-a-una-epistemologia-del-sujeto-encarnado-ariela-battan-horenstein.pdf\">pp. 9-22<\/a><\/td>\n<\/tr>\n<tr>\n<td valign=\"top\" width=\"152\"><a href=\"https:\/\/humanidades.uprrp.edu\/filosofia\/wp-content\/uploads\/2015\/03\/theoikos-as-a-political-device-in-platos-works-etienne-helmer.pdf\">The <i>oikos <\/i>as a political device in Plato\u2019s works<\/a><\/td>\n<td valign=\"top\" width=\"152\"><a href=\"https:\/\/humanidades.uprrp.edu\/filosofia\/wp-content\/uploads\/2015\/03\/theoikos-as-a-political-device-in-platos-works-etienne-helmer.pdf\">\u00c9tienne Helmer<\/a><\/td>\n<td valign=\"top\" width=\"142\"><a href=\"https:\/\/humanidades.uprrp.edu\/filosofia\/wp-content\/uploads\/2015\/03\/theoikos-as-a-political-device-in-platos-works-etienne-helmer.pdf\">pp. 23-32<\/a><\/td>\n<\/tr>\n<tr>\n<td valign=\"top\" width=\"152\"><a href=\"https:\/\/humanidades.uprrp.edu\/filosofia\/wp-content\/uploads\/2015\/03\/el-exilio-de-la-oralidad-en-la-hermeneutica-textual-de-paul-ricoeur-silvaia-cristina-gabriel.pdf\">El exilio de la oralidad en la hermen\u00e9utica textual de la Paul Ricoeur<\/a><\/td>\n<td valign=\"top\" width=\"152\"><a href=\"https:\/\/humanidades.uprrp.edu\/filosofia\/wp-content\/uploads\/2015\/03\/el-exilio-de-la-oralidad-en-la-hermeneutica-textual-de-paul-ricoeur-silvaia-cristina-gabriel.pdf\">Silvia Cristina Gabriel<\/a><\/td>\n<td valign=\"top\" width=\"142\"><a href=\"https:\/\/humanidades.uprrp.edu\/filosofia\/wp-content\/uploads\/2015\/03\/el-exilio-de-la-oralidad-en-la-hermeneutica-textual-de-paul-ricoeur-silvaia-cristina-gabriel.pdf\">pp. 33-55<\/a><\/td>\n<\/tr>\n<tr>\n<td valign=\"top\" width=\"152\"><a href=\"https:\/\/humanidades.uprrp.edu\/filosofia\/wp-content\/uploads\/2015\/03\/la-revolucion-espinocista-en-la-filosofia-europea-del-siglo-xx-carlos-rojas-osorio.pdf\">La revoluci\u00f3n espinosista en la filosof\u00eda Europea del siglo XX<\/a><\/td>\n<td valign=\"top\" width=\"152\"><a href=\"https:\/\/humanidades.uprrp.edu\/filosofia\/wp-content\/uploads\/2015\/03\/la-revolucion-espinocista-en-la-filosofia-europea-del-siglo-xx-carlos-rojas-osorio.pdf\">Carlos Rojas Osorio<\/a><\/td>\n<td valign=\"top\" width=\"142\"><a href=\"https:\/\/humanidades.uprrp.edu\/filosofia\/wp-content\/uploads\/2015\/03\/la-revolucion-espinocista-en-la-filosofia-europea-del-siglo-xx-carlos-rojas-osorio.pdf\">pp. 57- 71<\/a><\/td>\n<\/tr>\n<tr>\n<td valign=\"top\" width=\"152\"><a href=\"https:\/\/humanidades.uprrp.edu\/filosofia\/wp-content\/uploads\/2015\/03\/los-argumentos-del-lenguaje-privado-notas-para-la-reconstruccion-de-una-controversia-pedro-d-karczmarczyk.pdf\">Los argumentos del lenguaje privado. Notas para la reconstrucci\u00f3n de una nueva controversia<\/a><\/td>\n<td valign=\"top\" width=\"152\"><a href=\"https:\/\/humanidades.uprrp.edu\/filosofia\/wp-content\/uploads\/2015\/03\/los-argumentos-del-lenguaje-privado-notas-para-la-reconstruccion-de-una-controversia-pedro-d-karczmarczyk.pdf\">Pedro D. Karczmarczyk<\/a><\/td>\n<td valign=\"top\" width=\"142\"><a href=\"https:\/\/humanidades.uprrp.edu\/filosofia\/wp-content\/uploads\/2015\/03\/los-argumentos-del-lenguaje-privado-notas-para-la-reconstruccion-de-una-controversia-pedro-d-karczmarczyk.pdf\">pp. 73-124<\/a><\/td>\n<\/tr>\n<tr>\n<td valign=\"top\" width=\"152\"><a href=\"https:\/\/humanidades.uprrp.edu\/filosofia\/wp-content\/uploads\/2015\/03\/hobbes-vs-descartes-un-dialogo-entre-sordos-geor-h-fromm.pdf\">Hobbes VS. Descartes: Un di\u00e1logo entre sordos<\/a><\/td>\n<td valign=\"top\" width=\"152\"><a href=\"https:\/\/humanidades.uprrp.edu\/filosofia\/wp-content\/uploads\/2015\/03\/hobbes-vs-descartes-un-dialogo-entre-sordos-geor-h-fromm.pdf\">Georg H. Fromm<\/a><\/td>\n<td valign=\"top\" width=\"142\"><a href=\"https:\/\/humanidades.uprrp.edu\/filosofia\/wp-content\/uploads\/2015\/03\/hobbes-vs-descartes-un-dialogo-entre-sordos-geor-h-fromm.pdf\">pp.125-160<\/a><\/td>\n<\/tr>\n<tr>\n<td valign=\"top\" width=\"152\"><a href=\"https:\/\/humanidades.uprrp.edu\/filosofia\/wp-content\/uploads\/2015\/03\/realismo-y-referencia-hacia-un-enfoque-sincronico-desde-la-practica-cientifica-marina-cordoba-olimpia-lombardi.pdf\">Realismo y referencia: Hacia un enfoque sincr\u00f3nico desde la pr\u00e1ctica cient\u00edfica<\/a><\/td>\n<td valign=\"top\" width=\"152\"><a href=\"https:\/\/humanidades.uprrp.edu\/filosofia\/wp-content\/uploads\/2015\/03\/realismo-y-referencia-hacia-un-enfoque-sincronico-desde-la-practica-cientifica-marina-cordoba-olimpia-lombardi.pdf\">Mariana C\u00f3rdoba \u2013 Olimpia Lombardi<\/a><\/td>\n<td valign=\"top\" width=\"142\"><a href=\"https:\/\/humanidades.uprrp.edu\/filosofia\/wp-content\/uploads\/2015\/03\/realismo-y-referencia-hacia-un-enfoque-sincronico-desde-la-practica-cientifica-marina-cordoba-olimpia-lombardi.pdf\">pp.169-179<\/a><\/td>\n<\/tr>\n<tr>\n<td valign=\"top\" width=\"152\"><a href=\"https:\/\/humanidades.uprrp.edu\/filosofia\/wp-content\/uploads\/2015\/03\/resumenes-sometidos-de-los-trabajos-publicados.pdf\">Res\u00famenes sometidos de los trabajos publicados\u00a0 (submitted abstracts)<\/a><\/td>\n<td valign=\"top\" width=\"152\"><a href=\"https:\/\/humanidades.uprrp.edu\/filosofia\/wp-content\/uploads\/2015\/03\/resumenes-sometidos-de-los-trabajos-publicados.pdf\">\u00a0<\/a><\/td>\n<td valign=\"top\" width=\"142\"><a href=\"https:\/\/humanidades.uprrp.edu\/filosofia\/wp-content\/uploads\/2015\/03\/resumenes-sometidos-de-los-trabajos-publicados.pdf\">pp. 181-185<\/a><\/td>\n<\/tr>\n<\/tbody>\n<\/table>\n","protected":false},"excerpt":{"rendered":"<p>Art\u00edculo Autor P\u00e1ginas De la fenomenolog\u00eda de la corporeidad a una epistemolog\u00eda del sujeto encarnado Ariela Batt\u00e1n Horenstein pp. 9-22 The oikos as a political device in Plato\u2019s works \u00c9tienne Helmer pp. 23-32 El exilio de la oralidad en la hermen\u00e9utica textual de la Paul Ricoeur Silvia Cristina Gabriel pp. &#8230;<\/p>\n","protected":false},"author":7,"featured_media":0,"parent":0,"menu_order":0,"comment_status":"closed","ping_status":"closed","template":"","meta":{"footnotes":""},"class_list":["post-625","page","type-page","status-publish","hentry","column","twocol"],"_links":{"self":[{"href":"https:\/\/humanidades.uprrp.edu\/filosofia\/index.php?rest_route=\/wp\/v2\/pages\/625","targetHints":{"allow":["GET"]}}],"collection":[{"href":"https:\/\/humanidades.uprrp.edu\/filosofia\/index.php?rest_route=\/wp\/v2\/pages"}],"about":[{"href":"https:\/\/humanidades.uprrp.edu\/filosofia\/index.php?rest_route=\/wp\/v2\/types\/page"}],"author":[{"embeddable":true,"href":"https:\/\/humanidades.uprrp.edu\/filosofia\/index.php?rest_route=\/wp\/v2\/users\/7"}],"replies":[{"embeddable":true,"href":"https:\/\/humanidades.uprrp.edu\/filosofia\/index.php?rest_route=%2Fwp%2Fv2%2Fcomments&post=625"}],"version-history":[{"count":11,"href":"https:\/\/humanidades.uprrp.edu\/filosofia\/index.php?rest_route=\/wp\/v2\/pages\/625\/revisions"}],"predecessor-version":[{"id":803,"href":"https:\/\/humanidades.uprrp.edu\/filosofia\/index.php?rest_route=\/wp\/v2\/pages\/625\/revisions\/803"}],"wp:attachment":[{"href":"https:\/\/humanidades.uprrp.edu\/filosofia\/index.php?rest_route=%2Fwp%2Fv2%2Fmedia&parent=625"}],"curies":[{"name":"wp","href":"https:\/\/api.w.org\/{rel}","templated":true}]}}