{"id":622,"date":"2015-03-20T14:40:11","date_gmt":"2015-03-20T18:40:11","guid":{"rendered":"https:\/\/humanidades.uprrp.edu\/filosofia\/?page_id=622"},"modified":"2021-03-30T15:34:53","modified_gmt":"2021-03-30T19:34:53","slug":"dialogos-ano-xliii-numero-91-enero-2009","status":"publish","type":"page","link":"https:\/\/humanidades.uprrp.edu\/filosofia\/?page_id=622","title":{"rendered":"Di\u00e1logos     A\u00f1o XLIII     N\u00famero 91    enero, 2009"},"content":{"rendered":"<table style=\"width: 447px;\" border=\"1\" cellspacing=\"0\" cellpadding=\"0\">\n<tbody>\n<tr>\n<td valign=\"top\" width=\"152\">Art\u00edculo<\/td>\n<td valign=\"top\" width=\"153\">Autor<\/td>\n<td valign=\"top\" width=\"142\">P\u00e1ginas<\/td>\n<\/tr>\n<tr>\n<td valign=\"top\" width=\"152\">The trascendental dimensi\u00f3n of phenomenology<i> <\/i><\/td>\n<td valign=\"top\" width=\"153\">Sebastian Luft<\/td>\n<td valign=\"top\" width=\"142\">pp. 7-18<\/td>\n<\/tr>\n<tr>\n<td valign=\"top\" width=\"152\">Phenomenology from the metaphysical standpoint<\/td>\n<td valign=\"top\" width=\"153\">Claire Ortiz Hill<\/td>\n<td valign=\"top\" width=\"142\">pp. 19-35<\/td>\n<\/tr>\n<tr>\n<td valign=\"top\" width=\"152\">Mathemathics and the crisis of science<\/td>\n<td valign=\"top\" width=\"153\">Jairo Jos\u00e9 Da Silva<\/td>\n<td valign=\"top\" width=\"142\">pp. 37-58<\/td>\n<\/tr>\n<tr>\n<td valign=\"top\" width=\"152\">Elements of G\u00f6del\u2019s turn to transcendental phenomenology<\/td>\n<td valign=\"top\" width=\"153\">Richard Tieszen<\/td>\n<td valign=\"top\" width=\"142\">pp. 59-82<\/td>\n<\/tr>\n<tr>\n<td valign=\"top\" width=\"152\">Sentido y temporalidad en Husserl<\/td>\n<td valign=\"top\" width=\"153\">Ra\u00fal Iturrino Montes<\/td>\n<td valign=\"top\" width=\"142\">pp.83-102<\/p>\n<p>&nbsp;<\/td>\n<\/tr>\n<tr>\n<td valign=\"top\" width=\"152\">Good is better tan evil because it is nicer: Socrates\u2019 defense of justice in the <i>republic<\/i><\/td>\n<td valign=\"top\" width=\"153\">T.F. Morris<\/td>\n<td valign=\"top\" width=\"142\">pp. 103-124<\/td>\n<\/tr>\n<tr>\n<td valign=\"top\" width=\"152\">Problemas concernientes a la introducci\u00f3n de la sustancia en la historia de la interpretaci\u00f3n de la teor\u00eda de las categor\u00edas de Arist\u00f3les<\/td>\n<td valign=\"top\" width=\"153\">Fabi\u00e1n Mi\u00e9<\/td>\n<td valign=\"top\" width=\"142\">pp. 125-158<\/td>\n<\/tr>\n<tr>\n<td valign=\"top\" width=\"152\">Juicio est\u00e9tico, imaginaci\u00f3n y conciencia subjetiva en la <i>cr\u00edtica de la facultad de juzgar<\/i><\/td>\n<td valign=\"top\" width=\"153\">Claudia J\u00e1uregui<\/td>\n<td valign=\"top\" width=\"142\">pp. 159-173<\/td>\n<\/tr>\n<tr>\n<td valign=\"top\" width=\"152\">La estructura de la relaci\u00f3n en las filosof\u00edas de H. Cohen y J. G Fichte<\/td>\n<td valign=\"top\" width=\"153\">H\u00e9ctor O. Arrese Igor<\/td>\n<td valign=\"top\" width=\"142\">pp. 175-196<\/td>\n<\/tr>\n<tr>\n<td valign=\"top\" width=\"152\">Rese\u00f1as<\/td>\n<td valign=\"top\" width=\"153\"><\/td>\n<td valign=\"top\" width=\"142\">pp. 197-226<\/td>\n<\/tr>\n<tr>\n<td valign=\"top\" width=\"152\">Res\u00famenes sometidos de los trabajos publicados<\/td>\n<td valign=\"top\" width=\"153\"><\/td>\n<td valign=\"top\" width=\"142\">pp. 227-230<\/td>\n<\/tr>\n<\/tbody>\n<\/table>\n","protected":false},"excerpt":{"rendered":"<p>Art\u00edculo Autor P\u00e1ginas The trascendental dimensi\u00f3n of phenomenology Sebastian Luft pp. 7-18 Phenomenology from the metaphysical standpoint Claire Ortiz Hill pp. 19-35 Mathemathics and the crisis of science Jairo Jos\u00e9 Da Silva pp. 37-58 Elements of G\u00f6del\u2019s turn to transcendental phenomenology Richard Tieszen pp. 59-82 Sentido y temporalidad en Husserl &#8230;<\/p>\n","protected":false},"author":7,"featured_media":0,"parent":0,"menu_order":0,"comment_status":"closed","ping_status":"closed","template":"","meta":{"footnotes":""},"class_list":["post-622","page","type-page","status-publish","hentry","column","twocol"],"_links":{"self":[{"href":"https:\/\/humanidades.uprrp.edu\/filosofia\/index.php?rest_route=\/wp\/v2\/pages\/622","targetHints":{"allow":["GET"]}}],"collection":[{"href":"https:\/\/humanidades.uprrp.edu\/filosofia\/index.php?rest_route=\/wp\/v2\/pages"}],"about":[{"href":"https:\/\/humanidades.uprrp.edu\/filosofia\/index.php?rest_route=\/wp\/v2\/types\/page"}],"author":[{"embeddable":true,"href":"https:\/\/humanidades.uprrp.edu\/filosofia\/index.php?rest_route=\/wp\/v2\/users\/7"}],"replies":[{"embeddable":true,"href":"https:\/\/humanidades.uprrp.edu\/filosofia\/index.php?rest_route=%2Fwp%2Fv2%2Fcomments&post=622"}],"version-history":[{"count":2,"href":"https:\/\/humanidades.uprrp.edu\/filosofia\/index.php?rest_route=\/wp\/v2\/pages\/622\/revisions"}],"predecessor-version":[{"id":802,"href":"https:\/\/humanidades.uprrp.edu\/filosofia\/index.php?rest_route=\/wp\/v2\/pages\/622\/revisions\/802"}],"wp:attachment":[{"href":"https:\/\/humanidades.uprrp.edu\/filosofia\/index.php?rest_route=%2Fwp%2Fv2%2Fmedia&parent=622"}],"curies":[{"name":"wp","href":"https:\/\/api.w.org\/{rel}","templated":true}]}}