{"id":413,"date":"2014-10-28T15:00:53","date_gmt":"2014-10-28T15:00:53","guid":{"rendered":"https:\/\/humanidades.uprrp.edu\/filosofia\/?page_id=413"},"modified":"2021-04-05T15:12:24","modified_gmt":"2021-04-05T19:12:24","slug":"proyecto-digitalizacion-manfred-kerkhoff","status":"publish","type":"page","link":"https:\/\/humanidades.uprrp.edu\/filosofia\/?page_id=413","title":{"rendered":"Manfred Kerkhoff: del tiempo sacro al tiempo vivido (logos y sabidur\u00eda del kair\u00f3s)"},"content":{"rendered":"<p style=\"padding-left: 30px; text-align: justify;\"><a href=\"https:\/\/humanidades.uprrp.edu\/filosofia\/wp-content\/uploads\/2014\/10\/KERKHOFF.jpeg\"><img decoding=\"async\" class=\"size-full wp-image-486 alignleft\" src=\"https:\/\/humanidades.uprrp.edu\/filosofia\/wp-content\/uploads\/2014\/10\/KERKHOFF.jpeg\" alt=\"KERKHOFF\" width=\"115\" height=\"148\" \/><\/a>Manfred Kerkhoff (Alemania, 1938 \u2013 Puerto Rico, 2007)\u00a0 lleg\u00f3 a Puerto Rico en 1964 y desde 1965 se desempe\u00f1\u00f3 como profesor del Departamento de Filosof\u00eda de la U.P.R. Recinto de R\u00edo Piedras.\u00a0 La obra filos\u00f3fica de Kerkhoff centra su atenci\u00f3n principalmente en el estudio de la noci\u00f3n de <i>kair\u00f3s<\/i> o tiempo oportuno.\u00a0 En su libro <i>Kair\u00f3s. Exploraciones ocasionales en torno a tiempo y destiempo<\/i> (San Juan, E.U.P.R., 1997) se recogen m\u00faltiples aproximaciones a este tema, que van desde el estudio de la temporalidad en autores cl\u00e1sicos como P\u00edndaro o Arist\u00f3teles hasta figuras del pensamiento moderno y contempor\u00e1neo como Kant, Schopenhauer, Hegel, Schelling, Kierkegaard, Heidegger o Adorno.\u00a0 La problem\u00e1tica de la temporalidad y del tiempo sagrado lo condujo al estudio del pensamiento maya, leg\u00e1ndonos importantes investigaciones al respecto, sin dejar de explorar sobre esta misma tem\u00e1tica en las culturas egipcias e indias.<\/p>\n<p style=\"padding-left: 30px; text-align: justify;\">La filosof\u00eda de Nietzsche y la poes\u00eda de H\u00f6lderlin tambi\u00e9n son ejes centrales de su pensamiento.\u00a0 Al fil\u00f3sofo le dedic\u00f3 su disertaci\u00f3n doctoral <i>Physis und Metaphysik.<\/i> <i>Untersuchungen zur Herkunkt der Auseinandersetzung zwischen dionysischem und christlichem Lebensideal auf Grund der Wiederkehr archaisch-mythischer Wertungen im Denken Friedrich Nietzsches<\/i>, adem\u00e1s de numerosos escritos y la edici\u00f3n del libro <i>Filosof\u00eda del desencanto. <\/i><i>Nietzsche en Puerto Rico<\/i> (San Juan, E.U.P.R., 1998).\u00a0 Mientras que al poeta le dedic\u00f3, entre otras colaboraciones, un extenso trabajo bajo el t\u00edtulo de <i>Vivir eleg\u00edacamente: la temporalidad de lo tr\u00e1gico en Friedrich H\u00f6lderlin <\/i>(<i>Estudios de Filosof\u00eda<\/i>, n\u00fam. 9, 1994, pp. 11-142).<\/p>\n<p style=\"padding-left: 30px; text-align: justify;\">Si bien estos estudios y un buen n\u00famero de art\u00edculos a\u00fan no recogidos en formato de libro pueden considerarse como investigaciones de historia conceptual, debe enfatizarse la radicalidad que pretenden manifestar. \u00a0No se trata solo de rastrear la presencia tem\u00e1tica del tiempo oportuno o <i>kair\u00f3s<\/i>, sino de responder a planteamientos como los siguientes: \u201caclarar la paradoja de c\u00f3mo un momento pr\u00e1cticamente inextenso puede, no obstante, contener el peso de toda una existencia\u201d o \u201ces, no obstante, muy extra\u00f1o que un fen\u00f3meno cuya importancia para una vida bien lograda nadie niega, no haya recibido un tratamiento serio por parte de los fil\u00f3sofos\u201d.<\/p>\n<p style=\"padding-left: 30px; text-align: justify;\">Lo que inicialmente se plante\u00f3 como un proyecto kairol\u00f3gico se vio sacudido por las influencias de autores como Derrida y L\u00e9vinas, que hicieron que Kerkhoff reconsiderara las pretensiones metaf\u00edsicas intr\u00ednsecas a sus investigaciones.\u00a0 Esta tensi\u00f3n entre el lenguaje metaf\u00edsico tradicional y la valoraci\u00f3n de \u00e1mbitos previamente infravalorados como lo accidental, hace de la obra de Kerkhoff un escenario a considerar para aquellos interesados en los alcances y l\u00edmites de la historia de la filosof\u00eda occidental.\u00a0 Por medio de este soporte presentamos una variada muestra de sus trabajos en <i>Di\u00e1logos.<\/i><\/p>\n<h3 style=\"text-align: center;\"><a href=\"https:\/\/humanidades.uprrp.edu\/filosofia\/?page_id=415\">Art\u00edculos Revista Di\u00e1logos &#8211; Manfred Kerkhoff<\/a><\/h3>\n","protected":false},"excerpt":{"rendered":"<p>Manfred Kerkhoff (Alemania, 1938 \u2013 Puerto Rico, 2007)\u00a0 lleg\u00f3 a Puerto Rico en 1964 y desde 1965 se desempe\u00f1\u00f3 como profesor del Departamento de Filosof\u00eda de la U.P.R. Recinto de R\u00edo Piedras.\u00a0 La obra filos\u00f3fica de Kerkhoff centra su atenci\u00f3n principalmente en el estudio de la noci\u00f3n de kair\u00f3s o &#8230;<\/p>\n","protected":false},"author":7,"featured_media":0,"parent":0,"menu_order":0,"comment_status":"closed","ping_status":"closed","template":"","meta":{"footnotes":""},"class_list":["post-413","page","type-page","status-publish","hentry","column","twocol"],"_links":{"self":[{"href":"https:\/\/humanidades.uprrp.edu\/filosofia\/index.php?rest_route=\/wp\/v2\/pages\/413","targetHints":{"allow":["GET"]}}],"collection":[{"href":"https:\/\/humanidades.uprrp.edu\/filosofia\/index.php?rest_route=\/wp\/v2\/pages"}],"about":[{"href":"https:\/\/humanidades.uprrp.edu\/filosofia\/index.php?rest_route=\/wp\/v2\/types\/page"}],"author":[{"embeddable":true,"href":"https:\/\/humanidades.uprrp.edu\/filosofia\/index.php?rest_route=\/wp\/v2\/users\/7"}],"replies":[{"embeddable":true,"href":"https:\/\/humanidades.uprrp.edu\/filosofia\/index.php?rest_route=%2Fwp%2Fv2%2Fcomments&post=413"}],"version-history":[{"count":11,"href":"https:\/\/humanidades.uprrp.edu\/filosofia\/index.php?rest_route=\/wp\/v2\/pages\/413\/revisions"}],"predecessor-version":[{"id":837,"href":"https:\/\/humanidades.uprrp.edu\/filosofia\/index.php?rest_route=\/wp\/v2\/pages\/413\/revisions\/837"}],"wp:attachment":[{"href":"https:\/\/humanidades.uprrp.edu\/filosofia\/index.php?rest_route=%2Fwp%2Fv2%2Fmedia&parent=413"}],"curies":[{"name":"wp","href":"https:\/\/api.w.org\/{rel}","templated":true}]}}

Manfred Kerkhoff: del tiempo sacro al tiempo vivido (logos y sabiduría del kairós)

<p style="padding-left: 30px; text-align: justify;"><a href="https://humanidades.uprrp.edu/filosofia/wp-content/uploads/2014/10/KERKHOFF.jpeg"><img decoding="async" class="size-full wp-image-486 alignleft" src="https://humanidades.uprrp.edu/filosofia/wp-content/uploads/2014/10/KERKHOFF.jpeg" alt="KERKHOFF" width="115" height="148" /></a>Manfred Kerkhoff (Alemania, 1938 – Puerto Rico, 2007)  llegó a Puerto Rico en 1964 y desde 1965 se desempeñó como profesor del Departamento de Filosofía de la U.P.R. Recinto de Río Piedras.  La obra filosófica de Kerkhoff centra su atención principalmente en el estudio de la noción de <i>kairós</i> o tiempo oportuno.  En su libro <i>Kairós. Exploraciones ocasionales en torno a tiempo y destiempo</i> (San Juan, E.U.P.R., 1997) se recogen múltiples aproximaciones a este tema, que van desde el estudio de la temporalidad en autores clásicos como Píndaro o Aristóteles hasta figuras del pensamiento moderno y contemporáneo como Kant, Schopenhauer, Hegel, Schelling, Kierkegaard, Heidegger o Adorno.  La problemática de la temporalidad y del tiempo sagrado lo condujo al estudio del pensamiento maya, legándonos importantes investigaciones al respecto, sin dejar de explorar sobre esta misma temática en las culturas egipcias e indias.</p>
<p style="padding-left: 30px; text-align: justify;">La filosofía de Nietzsche y la poesía de Hölderlin también son ejes centrales de su pensamiento.  Al filósofo le dedicó su disertación doctoral <i>Physis und Metaphysik.</i> <i>Untersuchungen zur Herkunkt der Auseinandersetzung zwischen dionysischem und christlichem Lebensideal auf Grund der Wiederkehr archaisch-mythischer Wertungen im Denken Friedrich Nietzsches</i>, además de numerosos escritos y la edición del libro <i>Filosofía del desencanto. </i><i>Nietzsche en Puerto Rico</i> (San Juan, E.U.P.R., 1998).  Mientras que al poeta le dedicó, entre otras colaboraciones, un extenso trabajo bajo el título de <i>Vivir elegíacamente: la temporalidad de lo trágico en Friedrich Hölderlin </i>(<i>Estudios de Filosofía</i>, núm. 9, 1994, pp. 11-142).</p>
<p style="padding-left: 30px; text-align: justify;">Si bien estos estudios y un buen número de artículos aún no recogidos en formato de libro pueden considerarse como investigaciones de historia conceptual, debe enfatizarse la radicalidad que pretenden manifestar.  No se trata solo de rastrear la presencia temática del tiempo oportuno o <i>kairós</i>, sino de responder a planteamientos como los siguientes: “aclarar la paradoja de cómo un momento prácticamente inextenso puede, no obstante, contener el peso de toda una existencia” o “es, no obstante, muy extraño que un fenómeno cuya importancia para una vida bien lograda nadie niega, no haya recibido un tratamiento serio por parte de los filósofos”.</p>
<p style="padding-left: 30px; text-align: justify;">Lo que inicialmente se planteó como un proyecto kairológico se vio sacudido por las influencias de autores como Derrida y Lévinas, que hicieron que Kerkhoff reconsiderara las pretensiones metafísicas intrínsecas a sus investigaciones.  Esta tensión entre el lenguaje metafísico tradicional y la valoración de ámbitos previamente infravalorados como lo accidental, hace de la obra de Kerkhoff un escenario a considerar para aquellos interesados en los alcances y límites de la historia de la filosofía occidental.  Por medio de este soporte presentamos una variada muestra de sus trabajos en <i>Diálogos.</i></p>
<h3 style="text-align: center;"><a href="https://humanidades.uprrp.edu/filosofia/?page_id=415">Artículos Revista Diálogos &#8211; Manfred Kerkhoff</a></h3>

<p>Manfred Kerkhoff (Alemania, 1938 – Puerto Rico, 2007)  llegó a Puerto Rico en 1964 y desde 1965 se desempeñó como profesor del Departamento de Filosofía de la U.P.R. Recinto de Río Piedras.  La obra filosófica de Kerkhoff centra su atención principalmente en el estudio de la noción de kairós o &#8230;</p>
