{"id":225,"date":"2013-10-29T00:53:44","date_gmt":"2013-10-29T00:53:44","guid":{"rendered":"https:\/\/humanidades.uprrp.edu\/filosofia\/?page_id=225"},"modified":"2025-02-24T16:20:37","modified_gmt":"2025-02-24T20:20:37","slug":"graduado","status":"publish","type":"page","link":"https:\/\/humanidades.uprrp.edu\/filosofia\/?page_id=225","title":{"rendered":"Programa Graduado de Maestr\u00eda en Filosof\u00eda"},"content":{"rendered":"\n<h2 class=\"wp-block-heading has-vivid-red-color has-text-color has-link-color wp-elements-bc13711543ddf72bbe58f508a38528d9\">Visi\u00f3n<\/h2>\n\n\n\n<p><strong><br><\/strong>Desarrollar en sus estudiantes la capacidad para el an\u00e1lisis cr\u00edtico y una formaci\u00f3n acad\u00e9mico-investigativa en Filosof\u00eda, mediante el estudio de las \u00e1reas m\u00e1s importantes de la disciplina tal como est\u00e1n representadas por los fil\u00f3sofos y las fil\u00f3sofas m\u00e1s sobresalientes de ella. Nos rige la convicci\u00f3n de promover y habilitar un espacio abierto a todas las corrientes filos\u00f3ficas para modelar el discurrir libre y sin barreras ideol\u00f3gicas que delimiten de antemano el rumbo que deben seguir las preguntas y respuestas filos\u00f3ficas.<\/p>\n\n\n\n<h2 class=\"wp-block-heading has-vivid-red-color has-text-color has-link-color wp-elements-fa7b6e3d0239ab8b896e05dc1c2c8427\">Misi\u00f3n<\/h2>\n\n\n\n<p>Fortalecer en el estudiantado la capacidad para el examen cr\u00edtico, la curiosidad intelectual, el despliegue conceptual y las competencias necesarias para llevar a cabo de modo aut\u00f3nomo una investigaci\u00f3n creativa e innovadora, al igual que impulsar su divulgaci\u00f3n de manera que el\/la egresado\/a est\u00e9 preparado\/a para continuar sus estudios graduados, contribuir con el conocimiento y cultivo de la disciplina y con su entorno laboral, social, pol\u00edtico y\/o acad\u00e9mico.<\/p>\n\n\n\n<h2 class=\"wp-block-heading has-vivid-red-color has-text-color has-link-color wp-elements-a77de3eed2dcb46548bcf5e8720ee506\">Estructura<\/h2>\n\n\n\n<p>En estos momentos, el <strong>PGMF<\/strong> posee una estructura lectiva de treinta (<strong>30<\/strong>) cr\u00e9ditos, que se distribuyen de la siguiente manera:<\/p>\n\n\n\n<figure class=\"wp-block-table\"><table class=\"has-fixed-layout\"><tbody><tr><td><strong>REQUISITOS DEL PROGRAMA<\/strong><\/td><td><strong>CR\u00c9DITOS<\/strong><\/td><\/tr><tr><td>Un curso de tres (3) cr\u00e9ditos en cada una de las siguientes \u00e1reas tem\u00e1ticas: L\u00f3gica o Filosof\u00eda del Lenguaje; Metaf\u00edsica o Epistemolog\u00eda; Est\u00e9tica o Filosof\u00eda pr\u00e1ctica.<\/td><td>9<\/td><\/tr><tr><td>FILO 6060: Investigaci\u00f3n y Redacci\u00f3n en Filosof\u00eda<\/td><td>3<\/td><\/tr><tr><td>Cursos de selecci\u00f3n dirigida en Filosof\u00eda<\/td><td>9<\/td><\/tr><tr><td>Electivas libres* (dentro del PGMF o en cualquier otro programa graduado)<\/td><td>6<\/td><\/tr><tr><td>Proyecto de Investigaci\u00f3n en Filosof\u00eda<\/td><td>3<\/td><\/tr><tr><td><strong>TOTAL<\/strong><\/td><td><strong>30<\/strong><\/td><\/tr><\/tbody><\/table><\/figure>\n\n\n\n<p>*El curso FILO 6002: \u00bfQu\u00e9 es la Filosof\u00eda? ser\u00e1 requisito para estudiantes que no tengan un bachillerato o una concentraci\u00f3n menor en Filosof\u00eda.<\/p>\n\n\n\n<p>En el presente, no tenemos una secuencia curricular, pues los cursos se agrupan por \u00e1reas tem\u00e1ticas y se pueden ofrecer diversos cursos cada semestre que cubran las necesidades curriculares del Programa. Una vez el\/la estudiante completa el <strong>100% <\/strong>de los <strong>cr\u00e9ditos medulares<\/strong> y el <strong>50%<\/strong> de los <strong>cr\u00e9ditos de cursos electivos<\/strong> puede matricularse en el <strong>Proyecto de Investigaci\u00f3n de Filosof\u00eda<\/strong>. En dicho curso el\/la estudiante podr\u00e1 explorar un tema filos\u00f3fico de su inter\u00e9s en compa\u00f1\u00eda de un\/a director\/a, desarrollar una propuesta de investigaci\u00f3n, redactar y completar un proyecto para ser defendido como el proyecto final de investigaci\u00f3n, conducente al grado de maestr\u00eda. El producto final de esta investigaci\u00f3n dirigida puede ser: 1) la redacci\u00f3n de un ensayo filos\u00f3fico similar a un art\u00edculo de calidad cient\u00edfica, o 2) el dise\u00f1o y ejecuci\u00f3n de un proyecto de intervenci\u00f3n filos\u00f3fica en un \u00e1rea espec\u00edfica de inter\u00e9s. El\/La estudiante defender\u00e1 el resultado de su trabajo ante el un Comit\u00e9 del Proyecto de Investigaci\u00f3n (compuesto por m\u00ednimo dos (2) profesores, adem\u00e1s del\/de la directora\/a).<\/p>\n\n\n\n<p>Como requisito de grado, todo estudiante debe demostrar conocimiento de un <strong>tercer idioma<\/strong> que le permita continuar estudios y adelantar un proyecto investigativo en filosof\u00eda (6 cr\u00e9ditos de una misma lengua extranjera). Dicho requisito puede consignarse al momento de ser admitido o completarlo durante el periodo de los estudios de maestr\u00eda.<\/p>\n\n\n\n<h2 class=\"wp-block-heading has-vivid-red-color has-text-color has-link-color wp-elements-b8c1604d7b177ee2545d13316b80ce4b\">Requisitos de admisi\u00f3n<\/h2>\n\n\n\n<p class=\"has-vivid-red-color has-text-color has-link-color wp-elements-e8b7f7fdd6094d4818997e6e18baa787\"><strong>Requisitos Espec\u00edficos del Programa de Maestr\u00eda en Filosof\u00eda:<\/strong><\/p>\n\n\n\n<ul class=\"wp-block-list\">\n<li><strong>Bachillerato<\/strong> o su equivalente de una universidad reconocida.<\/li>\n\n\n\n<li>\u00cdndice acad\u00e9mico general y de la especialidad de <strong>3.00<\/strong> puntos en escala de 4.00 puntos.<\/li>\n\n\n\n<li>Dominio de los idiomas <strong>espa\u00f1ol<\/strong> e <strong>ingl\u00e9s<\/strong>.<\/li>\n\n\n\n<li>Algunos cursos subgraduados en filosof\u00eda. Es recomendable que el solicitante tenga <strong>alg\u00fan conocimiento <\/strong>de las siguientes \u00e1reas: <strong>l\u00f3gica, filosof\u00eda antigua y filosof\u00eda moderna<\/strong>.<\/li>\n\n\n\n<li><strong>Dos<\/strong> cartas de recomendaci\u00f3n.<\/li>\n<\/ul>\n\n\n\n<p class=\"has-vivid-red-color has-text-color has-link-color wp-elements-c5807250481cde5cd2a57bd1a3a3732e\"><strong>Documentos Requeridos para la Solicitud de Admisi\u00f3n<\/strong><\/p>\n\n\n\n<ul class=\"wp-block-list\">\n<li><a href=\"https:\/\/solicitud.upr.edu\/index.php?a=default&amp;l=1\"><strong>Solicitud de Admisi\u00f3n<\/strong>&nbsp;<\/a>a Estudios Graduados en formato electr\u00f3nico<\/li>\n\n\n\n<li><strong>Una<\/strong>&nbsp;copia de <strong>transcripci\u00f3n de cr\u00e9ditos oficial<\/strong>, puede enviarse electr\u00f3nicamente al correo de la Coordinadora o a la siguiente direcci\u00f3n postal:<\/li>\n<\/ul>\n\n\n\n<p>Decanato de Estudios Graduados e Investigaci\u00f3nATT: Admisiones Graduadas<br>18 Avenida Universidad&nbsp;Suite 1801<br>San Juan, PR 00925-2512<\/p>\n\n\n\n<ul class=\"wp-block-list\">\n<li><strong>Dos<\/strong> cartas de recomendaci\u00f3n&nbsp;de docentes o de personas que puedan proveer informaci\u00f3n sobre el desempe\u00f1o acad\u00e9mico, cualidades intelectuales y otros atributos que faculten al solicitante para los estudios graduados. Los recomendadores <strong>recibir\u00e1n una notificaci\u00f3n al correo electr\u00f3nico<\/strong> que usted indique en su solicitud con las claves de acceso e instrucciones para someter la recomendaci\u00f3n en nuestra plataforma de admisiones.<\/li>\n\n\n\n<li><strong>Comprobante de pago<\/strong> por concepto de solicitud de admisi\u00f3n.<\/li>\n\n\n\n<li><strong>Entrevista<\/strong> con el Comit\u00e9 de Estudios Graduados, de ser necesario.<\/li>\n<\/ul>\n\n\n\n<h2 class=\"wp-block-heading has-vivid-red-color has-text-color has-link-color wp-elements-8dc929dcec05fa54478df6d12c20edc2\">Horarios de atenci\u00f3n al p\u00fablico<\/h2>\n\n\n\n<p><strong>Horario del Departamento:<\/strong><br>8:00 am \u2013 4:30 pm de lunes a viernes<\/p>\n\n\n\n<p><strong>Horario de Direcci\u00f3n, Coordinaci\u00f3n del Programa Graduado y asesor\u00eda acad\u00e9mica:<\/strong><br>9:00 am \u2013 4:00 pm de lunes a viernes<\/p>\n\n\n\n<p><strong>Horario Seminario:<\/strong><br>Por cita previa<\/p>\n\n\n\n<h2 class=\"wp-block-heading has-vivid-red-color has-text-color has-link-color wp-elements-950bb3bf2b6d838984e5f68f832cc363\">Documentos de inter\u00e9s<\/h2>\n\n\n\n<ul class=\"wp-block-list\">\n<li class=\"has-medium-font-size\"><a href=\"https:\/\/drive.google.com\/file\/d\/1mslQA-EOMcoxy0gUXr0MVO4_WL31ryxm\/view?usp=sharing\">Hoja de evaluaci\u00f3n graduada<\/a><\/li>\n\n\n\n<li class=\"has-medium-font-size\"><a href=\"https:\/\/humanidades.uprrp.edu\/filosofia\/wp-content\/uploads\/2024\/10\/Cata%CC%81logo-Graduado-Filosofi%CC%81a-2023-2024revnov2023.pdf\">Cat\u00e1logo de cursos graduados<\/a><\/li>\n<\/ul>\n","protected":false},"excerpt":{"rendered":"<p>Visi\u00f3n Desarrollar en sus estudiantes la capacidad para el an\u00e1lisis cr\u00edtico y una formaci\u00f3n acad\u00e9mico-investigativa en Filosof\u00eda, mediante el estudio de las \u00e1reas m\u00e1s importantes de la disciplina tal como est\u00e1n representadas por los fil\u00f3sofos y las fil\u00f3sofas m\u00e1s sobresalientes de ella. Nos rige la convicci\u00f3n de promover y habilitar &#8230;<\/p>\n","protected":false},"author":7,"featured_media":0,"parent":0,"menu_order":0,"comment_status":"closed","ping_status":"closed","template":"","meta":{"footnotes":""},"class_list":["post-225","page","type-page","status-publish","hentry","column","twocol"],"_links":{"self":[{"href":"https:\/\/humanidades.uprrp.edu\/filosofia\/index.php?rest_route=\/wp\/v2\/pages\/225","targetHints":{"allow":["GET"]}}],"collection":[{"href":"https:\/\/humanidades.uprrp.edu\/filosofia\/index.php?rest_route=\/wp\/v2\/pages"}],"about":[{"href":"https:\/\/humanidades.uprrp.edu\/filosofia\/index.php?rest_route=\/wp\/v2\/types\/page"}],"author":[{"embeddable":true,"href":"https:\/\/humanidades.uprrp.edu\/filosofia\/index.php?rest_route=\/wp\/v2\/users\/7"}],"replies":[{"embeddable":true,"href":"https:\/\/humanidades.uprrp.edu\/filosofia\/index.php?rest_route=%2Fwp%2Fv2%2Fcomments&post=225"}],"version-history":[{"count":22,"href":"https:\/\/humanidades.uprrp.edu\/filosofia\/index.php?rest_route=\/wp\/v2\/pages\/225\/revisions"}],"predecessor-version":[{"id":1259,"href":"https:\/\/humanidades.uprrp.edu\/filosofia\/index.php?rest_route=\/wp\/v2\/pages\/225\/revisions\/1259"}],"wp:attachment":[{"href":"https:\/\/humanidades.uprrp.edu\/filosofia\/index.php?rest_route=%2Fwp%2Fv2%2Fmedia&parent=225"}],"curies":[{"name":"wp","href":"https:\/\/api.w.org\/{rel}","templated":true}]}}