{"id":217,"date":"2013-10-29T00:51:04","date_gmt":"2013-10-29T00:51:04","guid":{"rendered":"https:\/\/humanidades.uprrp.edu\/filosofia\/?page_id=217"},"modified":"2025-01-28T14:53:11","modified_gmt":"2025-01-28T18:53:11","slug":"sobre-nosotros-3","status":"publish","type":"page","link":"https:\/\/humanidades.uprrp.edu\/filosofia\/?page_id=217","title":{"rendered":"Sobre nosotros"},"content":{"rendered":"\n<div class=\"wp-block-columns is-layout-flex wp-container-core-columns-is-layout-9d6595d7 wp-block-columns-is-layout-flex\">\n<div class=\"wp-block-column is-layout-flow wp-block-column-is-layout-flow\" style=\"flex-basis:33.33%\">\n<figure class=\"wp-block-video\"><video controls src=\"https:\/\/humanidades.uprrp.edu\/filosofia\/wp-content\/uploads\/2024\/10\/e429c0c3-a4fd-4c6d-b8a2-5b195dafc73e.mp4\"><\/video><\/figure>\n<\/div>\n\n\n\n<div class=\"wp-block-column is-layout-flow wp-block-column-is-layout-flow\" style=\"flex-basis:66.66%\">\n<p>Desde su fundaci\u00f3n, el Departamento de Filosof\u00eda se ha comprometido con la tarea de brindar a su alumnado una formaci\u00f3n de excelencia en las distintas \u00e1reas del quehacer filos\u00f3fico y fomentar la investigaci\u00f3n. Nuestros Programas y cursos est\u00e1n concebidos con el prop\u00f3sito de desarrollar en el alumnado universitario pensamiento cr\u00edtico, razonamiento l\u00f3gico, responsabilidad social, comunicaci\u00f3n efectiva, destrezas de investigaci\u00f3n, entre otros dominios propios de la disciplina. <\/p>\n<\/div>\n<\/div>\n\n\n\n<p>Asegurar y sostener un ofrecimiento acad\u00e9mico en Filosof\u00eda es fundamental para la formaci\u00f3n integral de personas aut\u00f3nomas, con capacidad cr\u00edtica, que les permita responder y aportar a la realidad hist\u00f3rico-social del pa\u00eds.<\/p>\n\n\n\n<p>En la actualidad, el Departamento de Filosof\u00eda es la \u00fanica unidad acad\u00e9mica del pa\u00eds que ofrece estudios de filosof\u00eda tanto a nivel de bachillerato como de maestr\u00eda completamente laicos. Esto es, los programas de la Universidad de Puerto Rico tienen como mandato ser programas abiertos al estudio de todas las corrientes filos\u00f3ficas \u2014en la medida que cuenten con especialistas para ello\u2014 y modelar el discurrir libre sin cortapisas ideol\u00f3gicas que delimiten de antemano el rumbo que deben seguir las preguntas y contestaciones filos\u00f3ficas.<\/p>\n\n\n\n<p>Nuestro programa se encuentra en la Facultad de Humanidades de R\u00edo Piedras y &nbsp;tiene otros aspectos que lo hacen \u00fanico en el pa\u00eds. Cuenta con la mayor biblioteca p\u00fablica especializada en filosof\u00eda en Puerto Rico, el Seminario Ludwig Shajowicz, con alrededor de 21,000 vol\u00famenes en varios idiomas, la mayor parte de ellos en espa\u00f1ol y donde destacan una serie de primeras ediciones en este idioma. Publica, adem\u00e1s, la revista <em>Di\u00e1logos<\/em> fundada en 1964 y es una de las revistas especializadas de m\u00e1s larga trayectoria en Am\u00e9rica Latina.<\/p>\n\n\n\n<p>Nuestro Departamento tiene un Programa Graduado de Maestr\u00eda \u00fanico en el pa\u00eds, con un&nbsp; promedio de 30 alumnos para los cuales se realiza una programaci\u00f3n semestral de al menos 3 cursos (9 cr\u00e9ditos) por semestre. &nbsp;Esto permite a nuestros estudiantes m\u00e1s avanzados y aventajados del Bachillerato tomar alg\u00fan curso graduado antes de completar su programa.<\/p>\n\n\n\n<p>Los estudiantes del Bachillerato en Filosof\u00eda en R\u00edo Piedras, inmersos entre estudiantes de Humanidades y con acceso a las actividades del Programa Graduado, pueden profundizar en sus temas de especialidad con m\u00e1s facilidad e iniciarse en la investigaci\u00f3n y la divulgaci\u00f3n mucho antes.<\/p>\n\n\n\n<p>Por \u00faltimo, debemos destacar que adem\u00e1s de atender a sus estudiantes de concentraci\u00f3n, el Programa ofrece a los estudiantes de la Facultad 6 cr\u00e9ditos en cursos requisito sobre las \u00e1reas de la Filosof\u00eda de su preferencia.<\/p>\n\n\n\n<p><\/p>\n\n\n<div class=\"wp-block-image\">\n<figure class=\"alignleft is-resized\"><a href=\"https:\/\/humanidades.uprrp.edu\/filosofia\/wp-content\/uploads\/2021\/06\/IMG_Seminario-e1624980930290.jpg\"><img fetchpriority=\"high\" decoding=\"async\" src=\"https:\/\/humanidades.uprrp.edu\/filosofia\/wp-content\/uploads\/2021\/06\/IMG_Seminario-e1624980930290-300x225.jpg\" alt=\"\" class=\"wp-image-843\" width=\"293\" height=\"220\" srcset=\"https:\/\/humanidades.uprrp.edu\/filosofia\/wp-content\/uploads\/2021\/06\/IMG_Seminario-e1624980930290-300x225.jpg 300w, https:\/\/humanidades.uprrp.edu\/filosofia\/wp-content\/uploads\/2021\/06\/IMG_Seminario-e1624980930290-768x576.jpg 768w, https:\/\/humanidades.uprrp.edu\/filosofia\/wp-content\/uploads\/2021\/06\/IMG_Seminario-e1624980930290-1024x768.jpg 1024w, https:\/\/humanidades.uprrp.edu\/filosofia\/wp-content\/uploads\/2021\/06\/IMG_Seminario-e1624980930290-700x525.jpg 700w, https:\/\/humanidades.uprrp.edu\/filosofia\/wp-content\/uploads\/2021\/06\/IMG_Seminario-e1624980930290-332x249.jpg 332w\" sizes=\"(max-width: 293px) 100vw, 293px\" \/><\/a><\/figure><\/div>\n\n\n<h4 class=\"wp-block-heading\"><strong>Breve nota sobre la historia del Departamento<\/strong><\/h4>\n\n\n\n<p>Desde 1919 exist\u00eda un Departamento de Filosof\u00eda, incluso antes de la fundaci\u00f3n de la Facultad de Humanidades en 1943. A partir de ese a\u00f1o la unidad se reactiva dentro de la Facultad de Humanidades bajo la direcci\u00f3n de Juan B. Soto. El Seminario de Filosof\u00eda se habilita en 1970 para la investigaci\u00f3n y consulta tanto de profesores como de estudiantes. El Seminario ha sido un espacio importante de investigaci\u00f3n y de encuentro para estimular actividades acad\u00e9micas no restringidas al \u00e1mbito de la filosof\u00eda. Al a\u00f1o siguiente se funda la revista <em>Di\u00e1logos<\/em> que ha servido para divulgar la labor investigativa de profesores, estudiantes y colaboradores de reconocimiento internacional. Inicialmente, la concentraci\u00f3n de Filosof\u00eda se cre\u00f3 en 1947. Si bien no es hasta 1955 que se establecieron las bases para la estructura actual del Departamento bajo la direcci\u00f3n de Ludwig Schajowicz. Para esto se tomaron como modelos acad\u00e9micos otros departamentos de Filosof\u00eda de prestigiosas universidades europeas, estadounidenses y latinoamericanas. Dicha estructura sirvi\u00f3 como plataforma para la creaci\u00f3n del Programa Graduado de Maestr\u00eda en Filosof\u00eda en 1963. Tanto el estudio de la historia de la Filosof\u00eda como de sus \u00e1reas tem\u00e1ticas principales son la base para la formaci\u00f3n y desarrollo del estudiantado que ha tomado la decisi\u00f3n de dedicarse a esta disciplina. Por tal raz\u00f3n, la concentraci\u00f3n de bachillerato se organiz\u00f3 por \u00e1reas hist\u00f3ricas, enfoc\u00e1ndose entonces prioritariamente en las principales corrientes de la filosof\u00eda antigua y moderna, y la maestr\u00eda por \u00e1reas tem\u00e1ticas (Epistemolog\u00eda, Metaf\u00edsica, Est\u00e9tica, Filosof\u00eda pr\u00e1ctica, L\u00f3gica y Filosof\u00eda del Lenguaje).<\/p>\n\n\n\n<h4 class=\"wp-block-heading\"><strong>\u00c1REAS DE DESARROLLO PROFESIONAL QUE ABREN LOS ESTUDIOS EN FILOSOF\u00cdA<\/strong><\/h4>\n\n\n<div class=\"wp-block-image\">\n<figure class=\"alignright\"><a href=\"https:\/\/humanidades.uprrp.edu\/filosofia\/wp-content\/uploads\/2021\/06\/Fachada-2-Seminario-e1624980880162.jpg\"><img decoding=\"async\" width=\"300\" height=\"200\" src=\"https:\/\/humanidades.uprrp.edu\/filosofia\/wp-content\/uploads\/2021\/06\/Fachada-2-Seminario-e1624980880162-300x200.jpg\" alt=\"\" class=\"wp-image-841\" srcset=\"https:\/\/humanidades.uprrp.edu\/filosofia\/wp-content\/uploads\/2021\/06\/Fachada-2-Seminario-e1624980880162-300x200.jpg 300w, https:\/\/humanidades.uprrp.edu\/filosofia\/wp-content\/uploads\/2021\/06\/Fachada-2-Seminario-e1624980880162-768x512.jpg 768w, https:\/\/humanidades.uprrp.edu\/filosofia\/wp-content\/uploads\/2021\/06\/Fachada-2-Seminario-e1624980880162-1024x683.jpg 1024w, https:\/\/humanidades.uprrp.edu\/filosofia\/wp-content\/uploads\/2021\/06\/Fachada-2-Seminario-e1624980880162-700x467.jpg 700w, https:\/\/humanidades.uprrp.edu\/filosofia\/wp-content\/uploads\/2021\/06\/Fachada-2-Seminario-e1624980880162-332x221.jpg 332w\" sizes=\"(max-width: 300px) 100vw, 300px\" \/><\/a><\/figure><\/div>\n\n\n<p>Es manifiesto el beneficio tanto personal como social de la disciplina intelectual, del enfoque amplio y sistem\u00e1tico, y cautela metodol\u00f3gica con que la filosof\u00eda aborda cualquier cuesti\u00f3n, teor\u00e9tica o pr\u00e1ctica. \u00c9stas son imprescindibles para comenzar a pensar por cuenta propia, con responsabilidad, sensatez y plantear, analizar y resolver problemas con eficacia en cualquier campo de estudio o acci\u00f3n de la vida privada y p\u00fablica.<\/p>\n\n\n\n<p>Con la formaci\u00f3n que el Departamento les dot\u00f3, muchos de sus alumnos han hecho el doctorado en universidades con departamentos de filosof\u00eda de primera en Europa y Estados Unidos. Algunos de entre ellos, han venido a formar parte del Departamento de Filosof\u00eda, mientras que muchos otros, se han convertido en profesores de otros departamentos y programas en universidades dentro y fuera de Puerto Rico.<\/p>\n\n\n\n<p>Por otro lado, la disciplina y rigor intelectual que fomenta, hace muy aptos a nuestros estudiantes para destacarse en profesiones como las leyes y en campos diversos como las ciencias sociales, la educaci\u00f3n secundaria y superior, y el servicio p\u00fablico.<\/p>\n\n\n\n<p><\/p>\n\n\n\n<p><\/p>\n","protected":false},"excerpt":{"rendered":"<p>Desde su fundaci\u00f3n, el Departamento de Filosof\u00eda se ha comprometido con la tarea de brindar a su alumnado una formaci\u00f3n de excelencia en las distintas \u00e1reas del quehacer filos\u00f3fico y fomentar la investigaci\u00f3n. Nuestros Programas y cursos est\u00e1n concebidos con el prop\u00f3sito de desarrollar en el alumnado universitario pensamiento cr\u00edtico, &#8230;<\/p>\n","protected":false},"author":7,"featured_media":0,"parent":0,"menu_order":0,"comment_status":"closed","ping_status":"closed","template":"template-content-sidebar.php","meta":{"footnotes":""},"class_list":["post-217","page","type-page","status-publish","hentry","column","twocol"],"_links":{"self":[{"href":"https:\/\/humanidades.uprrp.edu\/filosofia\/index.php?rest_route=\/wp\/v2\/pages\/217","targetHints":{"allow":["GET"]}}],"collection":[{"href":"https:\/\/humanidades.uprrp.edu\/filosofia\/index.php?rest_route=\/wp\/v2\/pages"}],"about":[{"href":"https:\/\/humanidades.uprrp.edu\/filosofia\/index.php?rest_route=\/wp\/v2\/types\/page"}],"author":[{"embeddable":true,"href":"https:\/\/humanidades.uprrp.edu\/filosofia\/index.php?rest_route=\/wp\/v2\/users\/7"}],"replies":[{"embeddable":true,"href":"https:\/\/humanidades.uprrp.edu\/filosofia\/index.php?rest_route=%2Fwp%2Fv2%2Fcomments&post=217"}],"version-history":[{"count":13,"href":"https:\/\/humanidades.uprrp.edu\/filosofia\/index.php?rest_route=\/wp\/v2\/pages\/217\/revisions"}],"predecessor-version":[{"id":1032,"href":"https:\/\/humanidades.uprrp.edu\/filosofia\/index.php?rest_route=\/wp\/v2\/pages\/217\/revisions\/1032"}],"wp:attachment":[{"href":"https:\/\/humanidades.uprrp.edu\/filosofia\/index.php?rest_route=%2Fwp%2Fv2%2Fmedia&parent=217"}],"curies":[{"name":"wp","href":"https:\/\/api.w.org\/{rel}","templated":true}]}}