{"id":1239,"date":"2025-02-24T15:32:37","date_gmt":"2025-02-24T19:32:37","guid":{"rendered":"https:\/\/humanidades.uprrp.edu\/filosofia\/?page_id=1239"},"modified":"2025-03-05T15:50:28","modified_gmt":"2025-03-05T19:50:28","slug":"conocenos","status":"publish","type":"page","link":"https:\/\/humanidades.uprrp.edu\/filosofia\/?page_id=1239","title":{"rendered":"\u00a1Con\u00f3cenos!"},"content":{"rendered":"<div class=\"wp-block-image\">\n<figure class=\"alignright size-full is-resized\"><a href=\"https:\/\/humanidades.uprrp.edu\/filosofia\/wp-content\/uploads\/2024\/10\/EH.jpg\"><img fetchpriority=\"high\" decoding=\"async\" width=\"383\" height=\"512\" src=\"https:\/\/humanidades.uprrp.edu\/filosofia\/wp-content\/uploads\/2024\/10\/EH.jpg\" alt=\"\" class=\"wp-image-974\" style=\"width:200px\" srcset=\"https:\/\/humanidades.uprrp.edu\/filosofia\/wp-content\/uploads\/2024\/10\/EH.jpg 383w, https:\/\/humanidades.uprrp.edu\/filosofia\/wp-content\/uploads\/2024\/10\/EH-224x300.jpg 224w, https:\/\/humanidades.uprrp.edu\/filosofia\/wp-content\/uploads\/2024\/10\/EH-332x444.jpg 332w\" sizes=\"(max-width: 383px) 100vw, 383px\" \/><\/a><\/figure><\/div>\n\n\n<h2 class=\"wp-block-heading has-vivid-red-color has-text-color has-link-color wp-elements-04267d24afc451a94595f0a59e015005\">Dr.  \u00c9tienne Helmer<\/h2>\n\n\n\n<p>El <strong>Dr. \u00c9tienne Helmer <\/strong>es director de nuestra revista <em>Di\u00e1logos<\/em> y se dedica al estudio del pensamiento econ\u00f3mico, social y pol\u00edtico de la Grecia antigua, en particular la Filosof\u00eda de Plat\u00f3n, Arist\u00f3teles, los epic\u00fareos y los c\u00ednicos. Tambi\u00e9n investiga temas contempor\u00e1neos como la pobreza, los lugares y la intersecci\u00f3n de la Antropolog\u00eda y la Filosof\u00eda.&nbsp;<\/p>\n\n\n\n<p><em>\u201cDescubr\u00ed la Filosof\u00eda un poco antes de mis 18 a\u00f1os, en la clase mandatoria que se da en el \u00faltimo a\u00f1o de escuela superior en Francia. Recuerdo que los cuatro primeros meses, no entend\u00eda nada &#8230; Los cuatro meses siguientes, estaba enamorado. La Filosof\u00eda no solo provee un incre\u00edble placer, sino que fortalece nuestro esp\u00edritu cr\u00edtico al permitirnos apalabrar lo que, sin ella, no podr\u00edamos pensar. Es como hacer visible lo que hasta el momento no pod\u00edamos ver\u201d.<\/em><\/p>\n\n\n\n<h2 class=\"wp-block-heading has-text-align-left has-vivid-red-color has-text-color has-link-color wp-elements-2eeeda9a80f0d98b0fae2ffeee006d26\">Mar\u00eda Fortu\u00f1o<\/h2>\n\n\n<div class=\"wp-block-image\">\n<figure class=\"alignleft size-large is-resized\"><a href=\"https:\/\/humanidades.uprrp.edu\/filosofia\/wp-content\/uploads\/2025\/02\/foto-mari\u0301a-fortun\u0303o.jpg\"><img decoding=\"async\" width=\"1024\" height=\"1024\" src=\"https:\/\/humanidades.uprrp.edu\/filosofia\/wp-content\/uploads\/2025\/02\/foto-mari\u0301a-fortun\u0303o-1024x1024.jpg\" alt=\"\" class=\"wp-image-1064\" style=\"aspect-ratio:1;object-fit:cover;width:200px\" srcset=\"https:\/\/humanidades.uprrp.edu\/filosofia\/wp-content\/uploads\/2025\/02\/foto-mari\u0301a-fortun\u0303o-1024x1024.jpg 1024w, https:\/\/humanidades.uprrp.edu\/filosofia\/wp-content\/uploads\/2025\/02\/foto-mari\u0301a-fortun\u0303o-300x300.jpg 300w, https:\/\/humanidades.uprrp.edu\/filosofia\/wp-content\/uploads\/2025\/02\/foto-mari\u0301a-fortun\u0303o-150x150.jpg 150w, https:\/\/humanidades.uprrp.edu\/filosofia\/wp-content\/uploads\/2025\/02\/foto-mari\u0301a-fortun\u0303o-768x768.jpg 768w, https:\/\/humanidades.uprrp.edu\/filosofia\/wp-content\/uploads\/2025\/02\/foto-mari\u0301a-fortun\u0303o-700x700.jpg 700w, https:\/\/humanidades.uprrp.edu\/filosofia\/wp-content\/uploads\/2025\/02\/foto-mari\u0301a-fortun\u0303o-332x332.jpg 332w, https:\/\/humanidades.uprrp.edu\/filosofia\/wp-content\/uploads\/2025\/02\/foto-mari\u0301a-fortun\u0303o-432x432.jpg 432w, https:\/\/humanidades.uprrp.edu\/filosofia\/wp-content\/uploads\/2025\/02\/foto-mari\u0301a-fortun\u0303o-268x268.jpg 268w, https:\/\/humanidades.uprrp.edu\/filosofia\/wp-content\/uploads\/2025\/02\/foto-mari\u0301a-fortun\u0303o.jpg 1125w\" sizes=\"(max-width: 1024px) 100vw, 1024px\" \/><\/a><\/figure><\/div>\n\n\n<p><strong>Mar\u00eda Fortu\u00f1o<\/strong> es una estudiante subgraduada de quinto a\u00f1o y actualmente est\u00e1 cursando una Segunda Concentraci\u00f3n en nuestro Departamento.<\/p>\n\n\n\n<p><em>\u201cDescubr\u00ed la Filosof\u00eda por primera vez en el curso de Introducci\u00f3n a la Filosof\u00eda con la Profesora Zambrana.&nbsp;Toda mi vida he crecido rodeada de mentes pr\u00e1cticas, que solo confiaban en lo que pod\u00edan ver y medir, que consideraban cualquier cosa fuera de ese caj\u00f3n una p\u00e9rdida de tiempo sin m\u00e1s. Sin embargo, al tomar ese curso, finalmente encontr\u00e9 un espacio para esa parte de m\u00ed que siempre pregunt\u00f3: \u00bfPor qu\u00e9? Solicit\u00e9 la Segunda Concentraci\u00f3n inmediatamente, y no me arrepiento en lo absoluto\u201d.<\/em><\/p>\n\n\n<div class=\"wp-block-image\">\n<figure class=\"alignright size-full\"><a href=\"https:\/\/humanidades.uprrp.edu\/filosofia\/wp-content\/uploads\/2024\/10\/RZ.jpg\"><img decoding=\"async\" width=\"225\" height=\"300\" src=\"https:\/\/humanidades.uprrp.edu\/filosofia\/wp-content\/uploads\/2024\/10\/RZ.jpg\" alt=\"\" class=\"wp-image-975\"\/><\/a><\/figure><\/div>\n\n\n<h2 class=\"wp-block-heading has-vivid-red-color has-text-color has-link-color wp-elements-23010dec1a7085c70feada069d24b703\">Dra. Roc\u00edo Zambrana<\/h2>\n\n\n\n<p>Las \u00e1reas de inter\u00e9s de la Dra. Roc\u00edo Zambrana son el idealismo alem\u00e1n (en especial Hegel), Marx y Teor\u00eda Critica (en especial Escuela de Frankfurt), la epistemolog\u00eda, el pensamiento descolonial y el feminismo.<\/p>\n\n\n\n<p><em>\u201cDescubr\u00ed la Filosof\u00eda por accidente. Como no se ense\u00f1a en las escuelas en Puerto Rico, no sab\u00eda lo que era la Filosof\u00eda, que se puede estudiar, que es posible desempe\u00f1arse en varios campos laborales como fil\u00f3sofx, hasta mi tercer a\u00f1o en la UPR, RUM. Una noche conoc\u00ed al amigo de un amigo que me habl\u00f3 de ser estudiante de Filosof\u00eda. Tom\u00e9 un curso de introducci\u00f3n a la \u00e9tica donde le\u00edmos a Michel Foucault y Hannah Arendt para pensar la acci\u00f3n en contextos de violencia institucional en Am\u00e9rica Latina. Recuerdo pensar, lo que sea que est\u00e1 sucediendo en este sal\u00f3n, eso es lo que quiero hacer por el resto de mi vida<\/em>. <em>Y as\u00ed fue. La Filosof\u00eda cambi\u00f3 mi vida\u2014no solo lo que estudi\u00e9 y en lo que trabajo, sino c\u00f3mo pienso, siento, y me muevo en el mundo\u201d.<\/em><\/p>\n\n\n\n<h2 class=\"wp-block-heading has-vivid-red-color has-text-color has-link-color wp-elements-ddeffb07752044862ba3d31a85c35071\">Katerina Ramos Burgos<\/h2>\n\n\n<div class=\"wp-block-image\">\n<figure class=\"alignleft size-large is-resized\"><a href=\"https:\/\/humanidades.uprrp.edu\/filosofia\/wp-content\/uploads\/2025\/02\/foto-katerina-e1740426283353.jpg\"><img loading=\"lazy\" decoding=\"async\" width=\"1024\" height=\"1024\" src=\"https:\/\/humanidades.uprrp.edu\/filosofia\/wp-content\/uploads\/2025\/02\/foto-katerina-1024x1024.jpg\" alt=\"\" class=\"wp-image-1243\" style=\"width:200px\"\/><\/a><\/figure><\/div>\n\n\n<p><strong>Katerina Ramos Burgos<\/strong> es una estudiante graduada de Filosof\u00eda.<\/p>\n\n\n\n<p><em>\u201cAunque tuve la oportunidad de conocer la Filosof\u00eda desde mi adolescencia, mi primer acercamiento importante fue durante mi bachillerato en la UPR-RP. Poco a poco fui entendiendo la importancia de la Filosof\u00eda para analizar nuestro mundo y el contexto colonial puertorrique\u00f1o. Decid\u00ed estudiarla para poder profundizar mi conocimiento sobre la filosof\u00eda pol\u00edtica, y para desarrollar mis destrezas como investigadora\u201d.<\/em><\/p>\n","protected":false},"excerpt":{"rendered":"<p>Dr. \u00c9tienne Helmer El Dr. \u00c9tienne Helmer es director de nuestra revista Di\u00e1logos y se dedica al estudio del pensamiento econ\u00f3mico, social y pol\u00edtico de la Grecia antigua, en particular la Filosof\u00eda de Plat\u00f3n, Arist\u00f3teles, los epic\u00fareos y los c\u00ednicos. Tambi\u00e9n investiga temas contempor\u00e1neos como la pobreza, los lugares y &#8230;<\/p>\n","protected":false},"author":7,"featured_media":0,"parent":0,"menu_order":0,"comment_status":"closed","ping_status":"closed","template":"","meta":{"footnotes":""},"class_list":["post-1239","page","type-page","status-publish","hentry","column","twocol"],"_links":{"self":[{"href":"https:\/\/humanidades.uprrp.edu\/filosofia\/index.php?rest_route=\/wp\/v2\/pages\/1239","targetHints":{"allow":["GET"]}}],"collection":[{"href":"https:\/\/humanidades.uprrp.edu\/filosofia\/index.php?rest_route=\/wp\/v2\/pages"}],"about":[{"href":"https:\/\/humanidades.uprrp.edu\/filosofia\/index.php?rest_route=\/wp\/v2\/types\/page"}],"author":[{"embeddable":true,"href":"https:\/\/humanidades.uprrp.edu\/filosofia\/index.php?rest_route=\/wp\/v2\/users\/7"}],"replies":[{"embeddable":true,"href":"https:\/\/humanidades.uprrp.edu\/filosofia\/index.php?rest_route=%2Fwp%2Fv2%2Fcomments&post=1239"}],"version-history":[{"count":5,"href":"https:\/\/humanidades.uprrp.edu\/filosofia\/index.php?rest_route=\/wp\/v2\/pages\/1239\/revisions"}],"predecessor-version":[{"id":1283,"href":"https:\/\/humanidades.uprrp.edu\/filosofia\/index.php?rest_route=\/wp\/v2\/pages\/1239\/revisions\/1283"}],"wp:attachment":[{"href":"https:\/\/humanidades.uprrp.edu\/filosofia\/index.php?rest_route=%2Fwp%2Fv2%2Fmedia&parent=1239"}],"curies":[{"name":"wp","href":"https:\/\/api.w.org\/{rel}","templated":true}]}}