{"id":1199,"date":"2025-02-13T15:14:14","date_gmt":"2025-02-13T19:14:14","guid":{"rendered":"https:\/\/humanidades.uprrp.edu\/filosofia\/?page_id=1199"},"modified":"2025-02-13T15:14:14","modified_gmt":"2025-02-13T19:14:14","slug":"segunda-concentracion-en-filosofia","status":"publish","type":"page","link":"https:\/\/humanidades.uprrp.edu\/filosofia\/?page_id=1199","title":{"rendered":"Segunda concentraci\u00f3n en Filosof\u00eda"},"content":{"rendered":"\n<p>Requisitos:<\/p>\n\n\n\n<ul class=\"wp-block-list\">\n<li>Tener aprobados <strong>al menos 30 cr\u00e9ditos<\/strong> al momento de solicitar (segundo a\u00f1o en adelante).<\/li>\n\n\n\n<li>Promedio m\u00ednimo de <strong>2.50<\/strong>.<\/li>\n<\/ul>\n\n\n\n<p>Fecha l\u00edmite para solicitar: <strong>21 de febrero de 2025<\/strong><\/p>\n\n\n\n<p>Costo de la solicitud: $1.35<\/p>\n\n\n\n<p><a href=\"https:\/\/drive.google.com\/file\/d\/18FWTBj3jEk0j3RLz8uTE7UbuZ_JYBudn\/view\">Curr\u00edculo de segunda concentraci\u00f3n en Filosof\u00eda<\/a><\/p>\n\n\n\n<p><a href=\"https:\/\/services.portal.upr.edu\/\">Solicitud en l\u00ednea<\/a><\/p>\n","protected":false},"excerpt":{"rendered":"<p>Requisitos: Fecha l\u00edmite para solicitar: 21 de febrero de 2025 Costo de la solicitud: $1.35 Curr\u00edculo de segunda concentraci\u00f3n en Filosof\u00eda Solicitud en l\u00ednea<\/p>\n","protected":false},"author":7,"featured_media":0,"parent":0,"menu_order":0,"comment_status":"closed","ping_status":"closed","template":"","meta":{"footnotes":""},"class_list":["post-1199","page","type-page","status-publish","hentry","column","twocol"],"_links":{"self":[{"href":"https:\/\/humanidades.uprrp.edu\/filosofia\/index.php?rest_route=\/wp\/v2\/pages\/1199","targetHints":{"allow":["GET"]}}],"collection":[{"href":"https:\/\/humanidades.uprrp.edu\/filosofia\/index.php?rest_route=\/wp\/v2\/pages"}],"about":[{"href":"https:\/\/humanidades.uprrp.edu\/filosofia\/index.php?rest_route=\/wp\/v2\/types\/page"}],"author":[{"embeddable":true,"href":"https:\/\/humanidades.uprrp.edu\/filosofia\/index.php?rest_route=\/wp\/v2\/users\/7"}],"replies":[{"embeddable":true,"href":"https:\/\/humanidades.uprrp.edu\/filosofia\/index.php?rest_route=%2Fwp%2Fv2%2Fcomments&post=1199"}],"version-history":[{"count":1,"href":"https:\/\/humanidades.uprrp.edu\/filosofia\/index.php?rest_route=\/wp\/v2\/pages\/1199\/revisions"}],"predecessor-version":[{"id":1200,"href":"https:\/\/humanidades.uprrp.edu\/filosofia\/index.php?rest_route=\/wp\/v2\/pages\/1199\/revisions\/1200"}],"wp:attachment":[{"href":"https:\/\/humanidades.uprrp.edu\/filosofia\/index.php?rest_route=%2Fwp%2Fv2%2Fmedia&parent=1199"}],"curies":[{"name":"wp","href":"https:\/\/api.w.org\/{rel}","templated":true}]}}

Segunda concentración en Filosofía

<p>Requisitos:</p>



<ul class="wp-block-list">
<li>Tener aprobados <strong>al menos 30 créditos</strong> al momento de solicitar (segundo año en adelante).</li>



<li>Promedio mínimo de <strong>2.50</strong>.</li>
</ul>



<p>Fecha límite para solicitar: <strong>21 de febrero de 2025</strong></p>



<p>Costo de la solicitud: $1.35</p>



<p><a href="https://drive.google.com/file/d/18FWTBj3jEk0j3RLz8uTE7UbuZ_JYBudn/view">Currículo de segunda concentración en Filosofía</a></p>



<p><a href="https://services.portal.upr.edu/">Solicitud en línea</a></p>

<p>Requisitos: Fecha límite para solicitar: 21 de febrero de 2025 Costo de la solicitud: $1.35 Currículo de segunda concentración en Filosofía Solicitud en línea</p>
