{"id":1175,"date":"2025-02-13T14:52:00","date_gmt":"2025-02-13T18:52:00","guid":{"rendered":"https:\/\/humanidades.uprrp.edu\/filosofia\/?page_id=1175"},"modified":"2025-02-13T15:30:21","modified_gmt":"2025-02-13T19:30:21","slug":"elementor-1175","status":"publish","type":"page","link":"https:\/\/humanidades.uprrp.edu\/filosofia\/?page_id=1175","title":{"rendered":"Elementor #1175"},"content":{"rendered":"\t\t<div data-elementor-type=\"wp-page\" data-elementor-id=\"1175\" class=\"elementor elementor-1175\">\n\t\t\t\t<div class=\"elementor-element elementor-element-8932298 e-flex e-con-boxed e-con e-parent\" data-id=\"8932298\" data-element_type=\"container\" data-e-type=\"container\">\n\t\t\t\t\t<div class=\"e-con-inner\">\n\t\t\t\t<div class=\"elementor-element elementor-element-285f410 elementor-widget elementor-widget-heading\" data-id=\"285f410\" data-element_type=\"widget\" data-e-type=\"widget\" data-widget_type=\"heading.default\">\n\t\t\t\t<div class=\"elementor-widget-container\">\n\t\t\t\t\t<h2 class=\"elementor-heading-title elementor-size-default\">Ciclo de Conferencias<\/h2>\t\t\t\t<\/div>\n\t\t\t\t<\/div>\n\t\t\t\t<div class=\"elementor-element elementor-element-ac224db elementor-widget elementor-widget-text-editor\" data-id=\"ac224db\" data-element_type=\"widget\" data-e-type=\"widget\" data-widget_type=\"text-editor.default\">\n\t\t\t\t<div class=\"elementor-widget-container\">\n\t\t\t\t\t\t\t\t\t<p>El Ciclo de Conferencias, en el Seminario Ludwig Shajowicz, se realiza cada a\u00f1o acad\u00e9mico con la participaci\u00f3n de al menos ocho ponentes, entre los que se encuentran estudiantes graduados, profesores e invitados internacionales. Son precisamente los estudiantes graduados y subgraduados los que colaboran con la organizaci\u00f3n de esta actividad, por esa inquietud precoz para la especializaci\u00f3n que no se da en menoscabo de las oportunidades interdisciplinarias. Todos los semestres, entre los invitados al Ciclo de Conferencias se encuentran especialistas de otras ramas del saber. El ciclo de conferencias es uno de los espacios abiertos a la comunidad acad\u00e9mica donde se propicia m\u00e1s claramente los intercambios entre la filosof\u00eda y otras ramas del saber.<\/p>\t\t\t\t\t\t\t\t<\/div>\n\t\t\t\t<\/div>\n\t\t\t\t\t<\/div>\n\t\t\t\t<\/div>\n\t\t<div class=\"elementor-element elementor-element-6cb5099 e-flex e-con-boxed e-con e-parent\" data-id=\"6cb5099\" data-element_type=\"container\" data-e-type=\"container\">\n\t\t\t\t\t<div class=\"e-con-inner\">\n\t\t<div class=\"elementor-element elementor-element-90b075a e-con-full e-flex e-con e-child\" data-id=\"90b075a\" data-element_type=\"container\" data-e-type=\"container\">\n\t\t\t\t<div class=\"elementor-element elementor-element-43baec4 elementor-widget elementor-widget-image\" data-id=\"43baec4\" data-element_type=\"widget\" data-e-type=\"widget\" data-widget_type=\"image.default\">\n\t\t\t\t<div class=\"elementor-widget-container\">\n\t\t\t\t\t\t\t\t\t\t\t\t\t\t\t<img fetchpriority=\"high\" decoding=\"async\" width=\"660\" height=\"495\" src=\"https:\/\/humanidades.uprrp.edu\/filosofia\/wp-content\/uploads\/2025\/02\/foto-ciclo-de-conferencias-1024x768.jpg\" class=\"attachment-large size-large wp-image-1210\" alt=\"\" srcset=\"https:\/\/humanidades.uprrp.edu\/filosofia\/wp-content\/uploads\/2025\/02\/foto-ciclo-de-conferencias-1024x768.jpg 1024w, https:\/\/humanidades.uprrp.edu\/filosofia\/wp-content\/uploads\/2025\/02\/foto-ciclo-de-conferencias-300x225.jpg 300w, https:\/\/humanidades.uprrp.edu\/filosofia\/wp-content\/uploads\/2025\/02\/foto-ciclo-de-conferencias-768x576.jpg 768w, https:\/\/humanidades.uprrp.edu\/filosofia\/wp-content\/uploads\/2025\/02\/foto-ciclo-de-conferencias-1536x1152.jpg 1536w, https:\/\/humanidades.uprrp.edu\/filosofia\/wp-content\/uploads\/2025\/02\/foto-ciclo-de-conferencias-2048x1536.jpg 2048w, https:\/\/humanidades.uprrp.edu\/filosofia\/wp-content\/uploads\/2025\/02\/foto-ciclo-de-conferencias-700x525.jpg 700w, https:\/\/humanidades.uprrp.edu\/filosofia\/wp-content\/uploads\/2025\/02\/foto-ciclo-de-conferencias-332x249.jpg 332w\" sizes=\"(max-width: 660px) 100vw, 660px\" \/>\t\t\t\t\t\t\t\t\t\t\t\t\t\t\t<\/div>\n\t\t\t\t<\/div>\n\t\t\t\t<\/div>\n\t\t<div class=\"elementor-element elementor-element-60bb673 e-con-full e-flex e-con e-child\" data-id=\"60bb673\" data-element_type=\"container\" data-e-type=\"container\">\n\t\t\t\t<div class=\"elementor-element elementor-element-f4e3e16 elementor-widget elementor-widget-spacer\" data-id=\"f4e3e16\" data-element_type=\"widget\" data-e-type=\"widget\" data-widget_type=\"spacer.default\">\n\t\t\t\t<div class=\"elementor-widget-container\">\n\t\t\t\t\t\t\t<div class=\"elementor-spacer\">\n\t\t\t<div class=\"elementor-spacer-inner\"><\/div>\n\t\t<\/div>\n\t\t\t\t\t\t<\/div>\n\t\t\t\t<\/div>\n\t\t\t\t<div class=\"elementor-element elementor-element-c81451e elementor-widget elementor-widget-heading\" data-id=\"c81451e\" data-element_type=\"widget\" data-e-type=\"widget\" data-widget_type=\"heading.default\">\n\t\t\t\t<div class=\"elementor-widget-container\">\n\t\t\t\t\t<h3 class=\"elementor-heading-title elementor-size-default\"><a href=\"https:\/\/humanidades.uprrp.edu\/filosofia\/wp-content\/uploads\/2025\/02\/calendario-foto-para-circular-1.jpg\">Calendario de conferencias<\/a><\/h3>\t\t\t\t<\/div>\n\t\t\t\t<\/div>\n\t\t\t\t<div class=\"elementor-element elementor-element-bb26f44 elementor-widget elementor-widget-text-editor\" data-id=\"bb26f44\" data-element_type=\"widget\" data-e-type=\"widget\" data-widget_type=\"text-editor.default\">\n\t\t\t\t<div class=\"elementor-widget-container\">\n\t\t\t\t\t\t\t\t\t<h4>Para actualizaciones frecuentes, acceda a:<\/h4><h4>Instagram: <a href=\"https:\/\/www.instagram.com\/filosofiauprrp\/\">@filosofiauprrp<\/a><\/h4><h4>Facebook: <u><a href=\"https:\/\/www.facebook.com\/deptofilosofiauprrp\/?ref=embed_page\">Departamento de Filosof\u00eda &#8211; Humanidades-UPRRP\u00a0<\/a><\/u><\/h4>\t\t\t\t\t\t\t\t<\/div>\n\t\t\t\t<\/div>\n\t\t\t\t<\/div>\n\t\t\t\t\t<\/div>\n\t\t\t\t<\/div>\n\t\t\t\t<\/div>\n\t\t","protected":false},"excerpt":{"rendered":"<p>Ciclo de Conferencias El Ciclo de Conferencias, en el Seminario Ludwig Shajowicz, se realiza cada a\u00f1o acad\u00e9mico con la participaci\u00f3n de al menos ocho ponentes, entre los que se encuentran estudiantes graduados, profesores e invitados internacionales. Son precisamente los estudiantes graduados y subgraduados los que colaboran con la organizaci\u00f3n de &#8230;<\/p>\n","protected":false},"author":7,"featured_media":0,"parent":0,"menu_order":0,"comment_status":"closed","ping_status":"closed","template":"","meta":{"footnotes":""},"class_list":["post-1175","page","type-page","status-publish","hentry","column","twocol"],"_links":{"self":[{"href":"https:\/\/humanidades.uprrp.edu\/filosofia\/index.php?rest_route=\/wp\/v2\/pages\/1175","targetHints":{"allow":["GET"]}}],"collection":[{"href":"https:\/\/humanidades.uprrp.edu\/filosofia\/index.php?rest_route=\/wp\/v2\/pages"}],"about":[{"href":"https:\/\/humanidades.uprrp.edu\/filosofia\/index.php?rest_route=\/wp\/v2\/types\/page"}],"author":[{"embeddable":true,"href":"https:\/\/humanidades.uprrp.edu\/filosofia\/index.php?rest_route=\/wp\/v2\/users\/7"}],"replies":[{"embeddable":true,"href":"https:\/\/humanidades.uprrp.edu\/filosofia\/index.php?rest_route=%2Fwp%2Fv2%2Fcomments&post=1175"}],"version-history":[{"count":10,"href":"https:\/\/humanidades.uprrp.edu\/filosofia\/index.php?rest_route=\/wp\/v2\/pages\/1175\/revisions"}],"predecessor-version":[{"id":1213,"href":"https:\/\/humanidades.uprrp.edu\/filosofia\/index.php?rest_route=\/wp\/v2\/pages\/1175\/revisions\/1213"}],"wp:attachment":[{"href":"https:\/\/humanidades.uprrp.edu\/filosofia\/index.php?rest_route=%2Fwp%2Fv2%2Fmedia&parent=1175"}],"curies":[{"name":"wp","href":"https:\/\/api.w.org\/{rel}","templated":true}]}}

<div data-elementor-type="wp-page" data-elementor-id="1175" class="elementor elementor-1175">
				<div class="elementor-element elementor-element-8932298 e-flex e-con-boxed e-con e-parent" data-id="8932298" data-element_type="container" data-e-type="container">
					<div class="e-con-inner">
				<div class="elementor-element elementor-element-285f410 elementor-widget elementor-widget-heading" data-id="285f410" data-element_type="widget" data-e-type="widget" data-widget_type="heading.default">
				<div class="elementor-widget-container">
					<h2 class="elementor-heading-title elementor-size-default">Ciclo de Conferencias</h2>				</div>
				</div>
				<div class="elementor-element elementor-element-ac224db elementor-widget elementor-widget-text-editor" data-id="ac224db" data-element_type="widget" data-e-type="widget" data-widget_type="text-editor.default">
				<div class="elementor-widget-container">
									<p>El Ciclo de Conferencias, en el Seminario Ludwig Shajowicz, se realiza cada año académico con la participación de al menos ocho ponentes, entre los que se encuentran estudiantes graduados, profesores e invitados internacionales. Son precisamente los estudiantes graduados y subgraduados los que colaboran con la organización de esta actividad, por esa inquietud precoz para la especialización que no se da en menoscabo de las oportunidades interdisciplinarias. Todos los semestres, entre los invitados al Ciclo de Conferencias se encuentran especialistas de otras ramas del saber. El ciclo de conferencias es uno de los espacios abiertos a la comunidad académica donde se propicia más claramente los intercambios entre la filosofía y otras ramas del saber.</p>								</div>
				</div>
					</div>
				</div>
		<div class="elementor-element elementor-element-6cb5099 e-flex e-con-boxed e-con e-parent" data-id="6cb5099" data-element_type="container" data-e-type="container">
					<div class="e-con-inner">
		<div class="elementor-element elementor-element-90b075a e-con-full e-flex e-con e-child" data-id="90b075a" data-element_type="container" data-e-type="container">
				<div class="elementor-element elementor-element-43baec4 elementor-widget elementor-widget-image" data-id="43baec4" data-element_type="widget" data-e-type="widget" data-widget_type="image.default">
				<div class="elementor-widget-container">
															<img fetchpriority="high" decoding="async" width="660" height="495" src="https://humanidades.uprrp.edu/filosofia/wp-content/uploads/2025/02/foto-ciclo-de-conferencias-1024x768.jpg" class="attachment-large size-large wp-image-1210" alt="" srcset="https://humanidades.uprrp.edu/filosofia/wp-content/uploads/2025/02/foto-ciclo-de-conferencias-1024x768.jpg 1024w, https://humanidades.uprrp.edu/filosofia/wp-content/uploads/2025/02/foto-ciclo-de-conferencias-300x225.jpg 300w, https://humanidades.uprrp.edu/filosofia/wp-content/uploads/2025/02/foto-ciclo-de-conferencias-768x576.jpg 768w, https://humanidades.uprrp.edu/filosofia/wp-content/uploads/2025/02/foto-ciclo-de-conferencias-1536x1152.jpg 1536w, https://humanidades.uprrp.edu/filosofia/wp-content/uploads/2025/02/foto-ciclo-de-conferencias-2048x1536.jpg 2048w, https://humanidades.uprrp.edu/filosofia/wp-content/uploads/2025/02/foto-ciclo-de-conferencias-700x525.jpg 700w, https://humanidades.uprrp.edu/filosofia/wp-content/uploads/2025/02/foto-ciclo-de-conferencias-332x249.jpg 332w" sizes="(max-width: 660px) 100vw, 660px" />															</div>
				</div>
				</div>
		<div class="elementor-element elementor-element-60bb673 e-con-full e-flex e-con e-child" data-id="60bb673" data-element_type="container" data-e-type="container">
				<div class="elementor-element elementor-element-f4e3e16 elementor-widget elementor-widget-spacer" data-id="f4e3e16" data-element_type="widget" data-e-type="widget" data-widget_type="spacer.default">
				<div class="elementor-widget-container">
							<div class="elementor-spacer">
			<div class="elementor-spacer-inner"></div>
		</div>
						</div>
				</div>
				<div class="elementor-element elementor-element-c81451e elementor-widget elementor-widget-heading" data-id="c81451e" data-element_type="widget" data-e-type="widget" data-widget_type="heading.default">
				<div class="elementor-widget-container">
					<h3 class="elementor-heading-title elementor-size-default"><a href="https://humanidades.uprrp.edu/filosofia/wp-content/uploads/2025/02/calendario-foto-para-circular-1.jpg">Calendario de conferencias</a></h3>				</div>
				</div>
				<div class="elementor-element elementor-element-bb26f44 elementor-widget elementor-widget-text-editor" data-id="bb26f44" data-element_type="widget" data-e-type="widget" data-widget_type="text-editor.default">
				<div class="elementor-widget-container">
									<h4>Para actualizaciones frecuentes, acceda a:</h4><h4>Instagram: <a href="https://www.instagram.com/filosofiauprrp/">@filosofiauprrp</a></h4><h4>Facebook: <u><a href="https://www.facebook.com/deptofilosofiauprrp/?ref=embed_page">Departamento de Filosofía &#8211; Humanidades-UPRRP </a></u></h4>								</div>
				</div>
				</div>
					</div>
				</div>
				</div>

<p>Ciclo de Conferencias El Ciclo de Conferencias, en el Seminario Ludwig Shajowicz, se realiza cada año académico con la participación de al menos ocho ponentes, entre los que se encuentran estudiantes graduados, profesores e invitados internacionales. Son precisamente los estudiantes graduados y subgraduados los que colaboran con la organización de &#8230;</p>
