{"id":1160,"date":"2025-02-13T13:36:05","date_gmt":"2025-02-13T17:36:05","guid":{"rendered":"https:\/\/humanidades.uprrp.edu\/filosofia\/?page_id=1160"},"modified":"2025-02-13T14:33:22","modified_gmt":"2025-02-13T18:33:22","slug":"dia-mundial-de-la-filosofia","status":"publish","type":"page","link":"https:\/\/humanidades.uprrp.edu\/filosofia\/?page_id=1160","title":{"rendered":"D\u00eda Mundial de la Filosof\u00eda"},"content":{"rendered":"\t\t<div data-elementor-type=\"wp-page\" data-elementor-id=\"1160\" class=\"elementor elementor-1160\">\n\t\t\t\t<div class=\"elementor-element elementor-element-d4e1571 e-flex e-con-boxed e-con e-parent\" data-id=\"d4e1571\" data-element_type=\"container\" data-e-type=\"container\">\n\t\t\t\t\t<div class=\"e-con-inner\">\n\t\t<div class=\"elementor-element elementor-element-6bda663 e-con-full e-flex e-con e-child\" data-id=\"6bda663\" data-element_type=\"container\" data-e-type=\"container\">\n\t\t\t\t<div class=\"elementor-element elementor-element-ba80f46 elementor-widget elementor-widget-spacer\" data-id=\"ba80f46\" data-element_type=\"widget\" data-e-type=\"widget\" data-widget_type=\"spacer.default\">\n\t\t\t\t<div class=\"elementor-widget-container\">\n\t\t\t\t\t\t\t<div class=\"elementor-spacer\">\n\t\t\t<div class=\"elementor-spacer-inner\"><\/div>\n\t\t<\/div>\n\t\t\t\t\t\t<\/div>\n\t\t\t\t<\/div>\n\t\t\t\t<div class=\"elementor-element elementor-element-711597b elementor-widget elementor-widget-heading\" data-id=\"711597b\" data-element_type=\"widget\" data-e-type=\"widget\" data-widget_type=\"heading.default\">\n\t\t\t\t<div class=\"elementor-widget-container\">\n\t\t\t\t\t<h2 class=\"elementor-heading-title elementor-size-default\">D\u00eda Mundial de la Filosof\u00eda<\/h2>\t\t\t\t<\/div>\n\t\t\t\t<\/div>\n\t\t\t\t<div class=\"elementor-element elementor-element-c9eddd2 elementor-widget elementor-widget-text-editor\" data-id=\"c9eddd2\" data-element_type=\"widget\" data-e-type=\"widget\" data-widget_type=\"text-editor.default\">\n\t\t\t\t<div class=\"elementor-widget-container\">\n\t\t\t\t\t\t\t\t\t<p>La celebraci\u00f3n del D\u00eda Mundial de la Filosof\u00eda, establecida por la UNESCO en 2005, busca reconocer que \u201cla Filosof\u00eda es una disciplina que fomenta el pensamiento cr\u00edtico e independiente y es capaz de trabajar en pro de una mejor comprensi\u00f3n del mundo\u201d. Se conmemora a nivel mundial cada a\u00f1o el tercer jueves de noviembre y en nuestro departamento la celebramos la primera semana de diciembre. Es una celebraci\u00f3n de alcance mundial que nos integra a una experiencia compartida por todos aquellos que amamos la Filosof\u00eda.<\/p>\n<p>En nuestro recinto, esta tradici\u00f3n comenz\u00f3 en el 2014 por iniciativa del Dr. Ra\u00fal de Pablos, en colaboraci\u00f3n con estudiantes del PEAF (Programa de Experiencias Acad\u00e9micas Formativas) y la Asociaci\u00f3n de Estudiantes de Filosof\u00eda, como parte de las iniciativas del Departamento para promover la investigaci\u00f3n y la divulgaci\u00f3n de la Filosof\u00eda en Puerto Rico. Cada D\u00eda Mundial incluye conferencias magistrales impartidas por colegas distinguidos y presentaciones de estudiantes, tanto subgraduados como graduados, que abordan diversos temas.<\/p>\n<p><!-- \/wp:paragraph --><!-- wp:paragraph --><!-- \/wp:paragraph --><!-- wp:paragraph --><\/p>\n<p>\u00a0<\/p>\t\t\t\t\t\t\t\t<\/div>\n\t\t\t\t<\/div>\n\t\t\t\t<\/div>\n\t\t<div class=\"elementor-element elementor-element-808d8c7 e-con-full e-flex e-con e-child\" data-id=\"808d8c7\" data-element_type=\"container\" data-e-type=\"container\">\n\t\t\t\t<div class=\"elementor-element elementor-element-8fb9388 elementor-arrows-position-inside elementor-pagination-position-outside elementor-widget elementor-widget-image-carousel\" data-id=\"8fb9388\" data-element_type=\"widget\" data-e-type=\"widget\" data-settings=\"{&quot;slides_to_show&quot;:&quot;1&quot;,&quot;navigation&quot;:&quot;both&quot;,&quot;autoplay&quot;:&quot;yes&quot;,&quot;pause_on_hover&quot;:&quot;yes&quot;,&quot;pause_on_interaction&quot;:&quot;yes&quot;,&quot;autoplay_speed&quot;:5000,&quot;infinite&quot;:&quot;yes&quot;,&quot;effect&quot;:&quot;slide&quot;,&quot;speed&quot;:500}\" data-widget_type=\"image-carousel.default\">\n\t\t\t\t<div class=\"elementor-widget-container\">\n\t\t\t\t\t\t\t<div class=\"elementor-image-carousel-wrapper swiper\" role=\"region\" aria-roledescription=\"carousel\" aria-label=\"Image Carousel\" dir=\"ltr\">\n\t\t\t<div class=\"elementor-image-carousel swiper-wrapper\" aria-live=\"off\">\n\t\t\t\t\t\t\t\t<div class=\"swiper-slide\" role=\"group\" aria-roledescription=\"slide\" aria-label=\"1 of 5\"><figure class=\"swiper-slide-inner\"><img decoding=\"async\" class=\"swiper-slide-image\" src=\"https:\/\/humanidades.uprrp.edu\/filosofia\/wp-content\/uploads\/2025\/02\/di\u0301a-mundial-foto-para-circular-3-432x432.jpg\" alt=\"di\u0301a mundial - foto para circular 3\" \/><\/figure><\/div><div class=\"swiper-slide\" role=\"group\" aria-roledescription=\"slide\" aria-label=\"2 of 5\"><figure class=\"swiper-slide-inner\"><img decoding=\"async\" class=\"swiper-slide-image\" src=\"https:\/\/humanidades.uprrp.edu\/filosofia\/wp-content\/uploads\/2025\/02\/dia-mundial-foto-para-circular-4-432x432.jpg\" alt=\"dia mundial - foto para circular 4\" \/><\/figure><\/div><div class=\"swiper-slide\" role=\"group\" aria-roledescription=\"slide\" aria-label=\"3 of 5\"><figure class=\"swiper-slide-inner\"><img decoding=\"async\" class=\"swiper-slide-image\" src=\"https:\/\/humanidades.uprrp.edu\/filosofia\/wp-content\/uploads\/2025\/02\/Di\u0301a-Mundial-de-la-Filosofi\u0301a-foto-para-circular-2-432x432.jpg\" alt=\"Di\u0301a Mundial de la Filosofi\u0301a -foto para circular 2\" \/><\/figure><\/div><div class=\"swiper-slide\" role=\"group\" aria-roledescription=\"slide\" aria-label=\"4 of 5\"><figure class=\"swiper-slide-inner\"><img decoding=\"async\" class=\"swiper-slide-image\" src=\"https:\/\/humanidades.uprrp.edu\/filosofia\/wp-content\/uploads\/2025\/02\/dia-mundial-foto-para-circular-6-432x432.jpg\" alt=\"dia mundial - foto para circular 6\" \/><\/figure><\/div><div class=\"swiper-slide\" role=\"group\" aria-roledescription=\"slide\" aria-label=\"5 of 5\"><figure class=\"swiper-slide-inner\"><img decoding=\"async\" class=\"swiper-slide-image\" src=\"https:\/\/humanidades.uprrp.edu\/filosofia\/wp-content\/uploads\/2025\/02\/dia-mundial-foto-para-circular-5-432x432.jpg\" alt=\"dia mundial - foto para circular 5\" \/><\/figure><\/div>\t\t\t<\/div>\n\t\t\t\t\t\t\t\t\t\t\t\t<div class=\"elementor-swiper-button elementor-swiper-button-prev\" role=\"button\" tabindex=\"0\">\n\t\t\t\t\t\t<svg aria-hidden=\"true\" class=\"e-font-icon-svg e-eicon-chevron-left\" viewBox=\"0 0 1000 1000\" xmlns=\"http:\/\/www.w3.org\/2000\/svg\"><path d=\"M646 125C629 125 613 133 604 142L308 442C296 454 292 471 292 487 292 504 296 521 308 533L604 854C617 867 629 875 646 875 663 875 679 871 692 858 704 846 713 829 713 812 713 796 708 779 692 767L438 487 692 225C700 217 708 204 708 187 708 171 704 154 692 142 675 129 663 125 646 125Z\"><\/path><\/svg>\t\t\t\t\t<\/div>\n\t\t\t\t\t<div class=\"elementor-swiper-button elementor-swiper-button-next\" role=\"button\" tabindex=\"0\">\n\t\t\t\t\t\t<svg aria-hidden=\"true\" class=\"e-font-icon-svg e-eicon-chevron-right\" viewBox=\"0 0 1000 1000\" xmlns=\"http:\/\/www.w3.org\/2000\/svg\"><path d=\"M696 533C708 521 713 504 713 487 713 471 708 454 696 446L400 146C388 133 375 125 354 125 338 125 325 129 313 142 300 154 292 171 292 187 292 204 296 221 308 233L563 492 304 771C292 783 288 800 288 817 288 833 296 850 308 863 321 871 338 875 354 875 371 875 388 867 400 854L696 533Z\"><\/path><\/svg>\t\t\t\t\t<\/div>\n\t\t\t\t\n\t\t\t\t\t\t\t\t\t<div class=\"swiper-pagination\"><\/div>\n\t\t\t\t\t\t\t\t\t<\/div>\n\t\t\t\t\t\t<\/div>\n\t\t\t\t<\/div>\n\t\t\t\t<\/div>\n\t\t\t\t\t<\/div>\n\t\t\t\t<\/div>\n\t\t<div class=\"elementor-element elementor-element-4abef065 e-flex e-con-boxed e-con e-parent\" data-id=\"4abef065\" data-element_type=\"container\" data-e-type=\"container\">\n\t\t\t\t\t<div class=\"e-con-inner\">\n\t\t\t\t<div class=\"elementor-element elementor-element-138a2ae8 elementor-widget elementor-widget-text-editor\" data-id=\"138a2ae8\" data-element_type=\"widget\" data-e-type=\"widget\" data-widget_type=\"text-editor.default\">\n\t\t\t\t<div class=\"elementor-widget-container\">\n\t\t\t\t\t\t\t\t\t<!-- wp:paragraph -->\n<p>\u00a0<\/p>\n<!-- \/wp:paragraph --><!-- wp:heading -->\n<h2 class=\"wp-block-heading\">Transmisiones en vivo:<\/h2>\n<!-- \/wp:heading --><!-- wp:columns -->\n<div class=\"wp-block-columns\"><!-- wp:column -->\n<div class=\"wp-block-column\"><!-- wp:paragraph {\"align\":\"left\",\"style\":{\"elements\":{\"link\":{\"color\":{\"text\":\"var:preset|color|vivid-red\"}}}},\"textColor\":\"vivid-red\"} -->\n<p class=\"has-text-align-left has-vivid-red-color has-text-color has-link-color\"><strong>Novena celebraci\u00f3n del D\u00eda Mundial <br \/>(3, 4 y 5 de diciembre 2024)<\/strong><\/p>\n<!-- \/wp:paragraph --><!-- wp:paragraph -->\n<p>3 de diciembre \u2013 <a href=\"https:\/\/fb.watch\/xAzOEfH98-\/\">Parte 1<\/a><\/p>\n<!-- \/wp:paragraph --><!-- wp:paragraph -->\n<p>3 de diciembre \u2013 <a href=\"https:\/\/fb.watch\/xAzPuaeVWA\/\">Parte 2<\/a><\/p>\n<!-- \/wp:paragraph --><!-- wp:paragraph -->\n<p>4 de diciembre \u2013 <a href=\"https:\/\/www.facebook.com\/61559878537803\/videos\/1256387952259264\/\">Parte 1<\/a><\/p>\n<!-- \/wp:paragraph --><!-- wp:paragraph -->\n<p>4 de diciembre \u2013 <a href=\"https:\/\/www.facebook.com\/61559878537803\/videos\/561725916712793\/\">Parte 2<\/a><\/p>\n<!-- \/wp:paragraph --><!-- wp:paragraph -->\n<p>5 de diciembre \u2013 <a href=\"https:\/\/www.facebook.com\/61559878537803\/videos\/941104290783687\">Parte 1<\/a><\/p>\n<!-- \/wp:paragraph --><!-- wp:paragraph -->\n<p>5 de diciembre \u2013 <a href=\"https:\/\/www.facebook.com\/61559878537803\/videos\/974321257850348\">Parte 2<\/a><\/p>\n<!-- \/wp:paragraph --><!-- wp:paragraph -->\n<p>5 de diciembre \u2013 <a href=\"https:\/\/www.facebook.com\/61559878537803\/videos\/1318861212446259\">Parte 3<\/a><\/p>\n<!-- \/wp:paragraph --><\/div>\n<!-- \/wp:column --><!-- wp:column -->\n<div class=\"wp-block-column\"><!-- wp:paragraph {\"align\":\"left\",\"style\":{\"elements\":{\"link\":{\"color\":{\"text\":\"var:preset|color|vivid-red\"}}}},\"textColor\":\"vivid-red\"} -->\n<p class=\"has-text-align-left has-vivid-red-color has-text-color has-link-color\"><strong>S\u00e9ptima celebraci\u00f3n del D\u00eda Mundial <br \/>(4, 7 y 8 de diciembre 2023)<\/strong><\/p>\n<!-- \/wp:paragraph --><!-- wp:paragraph -->\n<p>7 de diciembre \u2013 <a href=\"https:\/\/www.youtube.com\/watch?v=PamrCqzEXLI\">Parte 1<\/a><\/p>\n<!-- \/wp:paragraph --><!-- wp:paragraph -->\n<p>7 de diciembre \u2013\u00a0 <a href=\"https:\/\/www.youtube.com\/watch?v=-XNa3oWhiiA\">Parte 2<\/a><\/p>\n<!-- \/wp:paragraph --><!-- wp:paragraph -->\n<p>7 de diciembre \u2013\u00a0 <a href=\"https:\/\/www.youtube.com\/watch?v=EunZv4w-z10\">Parte 3<\/a><\/p>\n<!-- \/wp:paragraph --><!-- wp:paragraph -->\n<p>8 de diciembre \u2013 <a href=\"https:\/\/www.youtube.com\/watch?v=3wobtfh7UcM\">Parte 1<\/a><\/p>\n<!-- \/wp:paragraph --><!-- wp:paragraph -->\n<p>8 de diciembre \u2013 <a href=\"https:\/\/www.youtube.com\/watch?v=g4xgkMlrWcs\">Parte 2<\/a><\/p>\n<!-- \/wp:paragraph --><\/div>\n<!-- \/wp:column --><\/div>\n<!-- \/wp:columns --><!-- wp:paragraph -->\n<p>\u00a0<\/p>\n<!-- \/wp:paragraph -->\t\t\t\t\t\t\t\t<\/div>\n\t\t\t\t<\/div>\n\t\t\t\t\t<\/div>\n\t\t\t\t<\/div>\n\t\t<div class=\"elementor-element elementor-element-bc94178 e-flex e-con-boxed e-con e-parent\" data-id=\"bc94178\" data-element_type=\"container\" data-e-type=\"container\">\n\t\t\t\t\t<div class=\"e-con-inner\">\n\t\t\t\t\t<\/div>\n\t\t\t\t<\/div>\n\t\t\t\t<\/div>\n\t\t","protected":false},"excerpt":{"rendered":"<p>D\u00eda Mundial de la Filosof\u00eda La celebraci\u00f3n del D\u00eda Mundial de la Filosof\u00eda, establecida por la UNESCO en 2005, busca reconocer que \u201cla Filosof\u00eda es una disciplina que fomenta el pensamiento cr\u00edtico e independiente y es capaz de trabajar en pro de una mejor comprensi\u00f3n del mundo\u201d. Se conmemora a &#8230;<\/p>\n","protected":false},"author":7,"featured_media":0,"parent":0,"menu_order":0,"comment_status":"closed","ping_status":"closed","template":"","meta":{"footnotes":""},"class_list":["post-1160","page","type-page","status-publish","hentry","column","twocol"],"_links":{"self":[{"href":"https:\/\/humanidades.uprrp.edu\/filosofia\/index.php?rest_route=\/wp\/v2\/pages\/1160","targetHints":{"allow":["GET"]}}],"collection":[{"href":"https:\/\/humanidades.uprrp.edu\/filosofia\/index.php?rest_route=\/wp\/v2\/pages"}],"about":[{"href":"https:\/\/humanidades.uprrp.edu\/filosofia\/index.php?rest_route=\/wp\/v2\/types\/page"}],"author":[{"embeddable":true,"href":"https:\/\/humanidades.uprrp.edu\/filosofia\/index.php?rest_route=\/wp\/v2\/users\/7"}],"replies":[{"embeddable":true,"href":"https:\/\/humanidades.uprrp.edu\/filosofia\/index.php?rest_route=%2Fwp%2Fv2%2Fcomments&post=1160"}],"version-history":[{"count":10,"href":"https:\/\/humanidades.uprrp.edu\/filosofia\/index.php?rest_route=\/wp\/v2\/pages\/1160\/revisions"}],"predecessor-version":[{"id":1171,"href":"https:\/\/humanidades.uprrp.edu\/filosofia\/index.php?rest_route=\/wp\/v2\/pages\/1160\/revisions\/1171"}],"wp:attachment":[{"href":"https:\/\/humanidades.uprrp.edu\/filosofia\/index.php?rest_route=%2Fwp%2Fv2%2Fmedia&parent=1160"}],"curies":[{"name":"wp","href":"https:\/\/api.w.org\/{rel}","templated":true}]}}

Día Mundial de la Filosofía

<div data-elementor-type="wp-page" data-elementor-id="1160" class="elementor elementor-1160">
				<div class="elementor-element elementor-element-d4e1571 e-flex e-con-boxed e-con e-parent" data-id="d4e1571" data-element_type="container" data-e-type="container">
					<div class="e-con-inner">
		<div class="elementor-element elementor-element-6bda663 e-con-full e-flex e-con e-child" data-id="6bda663" data-element_type="container" data-e-type="container">
				<div class="elementor-element elementor-element-ba80f46 elementor-widget elementor-widget-spacer" data-id="ba80f46" data-element_type="widget" data-e-type="widget" data-widget_type="spacer.default">
				<div class="elementor-widget-container">
							<div class="elementor-spacer">
			<div class="elementor-spacer-inner"></div>
		</div>
						</div>
				</div>
				<div class="elementor-element elementor-element-711597b elementor-widget elementor-widget-heading" data-id="711597b" data-element_type="widget" data-e-type="widget" data-widget_type="heading.default">
				<div class="elementor-widget-container">
					<h2 class="elementor-heading-title elementor-size-default">Día Mundial de la Filosofía</h2>				</div>
				</div>
				<div class="elementor-element elementor-element-c9eddd2 elementor-widget elementor-widget-text-editor" data-id="c9eddd2" data-element_type="widget" data-e-type="widget" data-widget_type="text-editor.default">
				<div class="elementor-widget-container">
									<p>La celebración del Día Mundial de la Filosofía, establecida por la UNESCO en 2005, busca reconocer que “la Filosofía es una disciplina que fomenta el pensamiento crítico e independiente y es capaz de trabajar en pro de una mejor comprensión del mundo”. Se conmemora a nivel mundial cada año el tercer jueves de noviembre y en nuestro departamento la celebramos la primera semana de diciembre. Es una celebración de alcance mundial que nos integra a una experiencia compartida por todos aquellos que amamos la Filosofía.</p>
<p>En nuestro recinto, esta tradición comenzó en el 2014 por iniciativa del Dr. Raúl de Pablos, en colaboración con estudiantes del PEAF (Programa de Experiencias Académicas Formativas) y la Asociación de Estudiantes de Filosofía, como parte de las iniciativas del Departamento para promover la investigación y la divulgación de la Filosofía en Puerto Rico. Cada Día Mundial incluye conferencias magistrales impartidas por colegas distinguidos y presentaciones de estudiantes, tanto subgraduados como graduados, que abordan diversos temas.</p>
<p><!-- /wp:paragraph --><!-- wp:paragraph --><!-- /wp:paragraph --><!-- wp:paragraph --></p>
<p> </p>								</div>
				</div>
				</div>
		<div class="elementor-element elementor-element-808d8c7 e-con-full e-flex e-con e-child" data-id="808d8c7" data-element_type="container" data-e-type="container">
				<div class="elementor-element elementor-element-8fb9388 elementor-arrows-position-inside elementor-pagination-position-outside elementor-widget elementor-widget-image-carousel" data-id="8fb9388" data-element_type="widget" data-e-type="widget" data-settings="{&quot;slides_to_show&quot;:&quot;1&quot;,&quot;navigation&quot;:&quot;both&quot;,&quot;autoplay&quot;:&quot;yes&quot;,&quot;pause_on_hover&quot;:&quot;yes&quot;,&quot;pause_on_interaction&quot;:&quot;yes&quot;,&quot;autoplay_speed&quot;:5000,&quot;infinite&quot;:&quot;yes&quot;,&quot;effect&quot;:&quot;slide&quot;,&quot;speed&quot;:500}" data-widget_type="image-carousel.default">
				<div class="elementor-widget-container">
							<div class="elementor-image-carousel-wrapper swiper" role="region" aria-roledescription="carousel" aria-label="Image Carousel" dir="ltr">
			<div class="elementor-image-carousel swiper-wrapper" aria-live="off">
								<div class="swiper-slide" role="group" aria-roledescription="slide" aria-label="1 of 5"><figure class="swiper-slide-inner"><img decoding="async" class="swiper-slide-image" src="https://humanidades.uprrp.edu/filosofia/wp-content/uploads/2025/02/día-mundial-foto-para-circular-3-432x432.jpg" alt="día mundial - foto para circular 3" /></figure></div><div class="swiper-slide" role="group" aria-roledescription="slide" aria-label="2 of 5"><figure class="swiper-slide-inner"><img decoding="async" class="swiper-slide-image" src="https://humanidades.uprrp.edu/filosofia/wp-content/uploads/2025/02/dia-mundial-foto-para-circular-4-432x432.jpg" alt="dia mundial - foto para circular 4" /></figure></div><div class="swiper-slide" role="group" aria-roledescription="slide" aria-label="3 of 5"><figure class="swiper-slide-inner"><img decoding="async" class="swiper-slide-image" src="https://humanidades.uprrp.edu/filosofia/wp-content/uploads/2025/02/Día-Mundial-de-la-Filosofía-foto-para-circular-2-432x432.jpg" alt="Día Mundial de la Filosofía -foto para circular 2" /></figure></div><div class="swiper-slide" role="group" aria-roledescription="slide" aria-label="4 of 5"><figure class="swiper-slide-inner"><img decoding="async" class="swiper-slide-image" src="https://humanidades.uprrp.edu/filosofia/wp-content/uploads/2025/02/dia-mundial-foto-para-circular-6-432x432.jpg" alt="dia mundial - foto para circular 6" /></figure></div><div class="swiper-slide" role="group" aria-roledescription="slide" aria-label="5 of 5"><figure class="swiper-slide-inner"><img decoding="async" class="swiper-slide-image" src="https://humanidades.uprrp.edu/filosofia/wp-content/uploads/2025/02/dia-mundial-foto-para-circular-5-432x432.jpg" alt="dia mundial - foto para circular 5" /></figure></div>			</div>
												<div class="elementor-swiper-button elementor-swiper-button-prev" role="button" tabindex="0">
						<svg aria-hidden="true" class="e-font-icon-svg e-eicon-chevron-left" viewBox="0 0 1000 1000" xmlns="http://www.w3.org/2000/svg"><path d="M646 125C629 125 613 133 604 142L308 442C296 454 292 471 292 487 292 504 296 521 308 533L604 854C617 867 629 875 646 875 663 875 679 871 692 858 704 846 713 829 713 812 713 796 708 779 692 767L438 487 692 225C700 217 708 204 708 187 708 171 704 154 692 142 675 129 663 125 646 125Z"></path></svg>					</div>
					<div class="elementor-swiper-button elementor-swiper-button-next" role="button" tabindex="0">
						<svg aria-hidden="true" class="e-font-icon-svg e-eicon-chevron-right" viewBox="0 0 1000 1000" xmlns="http://www.w3.org/2000/svg"><path d="M696 533C708 521 713 504 713 487 713 471 708 454 696 446L400 146C388 133 375 125 354 125 338 125 325 129 313 142 300 154 292 171 292 187 292 204 296 221 308 233L563 492 304 771C292 783 288 800 288 817 288 833 296 850 308 863 321 871 338 875 354 875 371 875 388 867 400 854L696 533Z"></path></svg>					</div>
				
									<div class="swiper-pagination"></div>
									</div>
						</div>
				</div>
				</div>
					</div>
				</div>
		<div class="elementor-element elementor-element-4abef065 e-flex e-con-boxed e-con e-parent" data-id="4abef065" data-element_type="container" data-e-type="container">
					<div class="e-con-inner">
				<div class="elementor-element elementor-element-138a2ae8 elementor-widget elementor-widget-text-editor" data-id="138a2ae8" data-element_type="widget" data-e-type="widget" data-widget_type="text-editor.default">
				<div class="elementor-widget-container">
									<!-- wp:paragraph -->
<p> </p>
<!-- /wp:paragraph --><!-- wp:heading -->
<h2 class="wp-block-heading">Transmisiones en vivo:</h2>
<!-- /wp:heading --><!-- wp:columns -->
<div class="wp-block-columns"><!-- wp:column -->
<div class="wp-block-column"><!-- wp:paragraph {"align":"left","style":{"elements":{"link":{"color":{"text":"var:preset|color|vivid-red"}}}},"textColor":"vivid-red"} -->
<p class="has-text-align-left has-vivid-red-color has-text-color has-link-color"><strong>Novena celebración del Día Mundial <br />(3, 4 y 5 de diciembre 2024)</strong></p>
<!-- /wp:paragraph --><!-- wp:paragraph -->
<p>3 de diciembre – <a href="https://fb.watch/xAzOEfH98-/">Parte 1</a></p>
<!-- /wp:paragraph --><!-- wp:paragraph -->
<p>3 de diciembre – <a href="https://fb.watch/xAzPuaeVWA/">Parte 2</a></p>
<!-- /wp:paragraph --><!-- wp:paragraph -->
<p>4 de diciembre – <a href="https://www.facebook.com/61559878537803/videos/1256387952259264/">Parte 1</a></p>
<!-- /wp:paragraph --><!-- wp:paragraph -->
<p>4 de diciembre – <a href="https://www.facebook.com/61559878537803/videos/561725916712793/">Parte 2</a></p>
<!-- /wp:paragraph --><!-- wp:paragraph -->
<p>5 de diciembre – <a href="https://www.facebook.com/61559878537803/videos/941104290783687">Parte 1</a></p>
<!-- /wp:paragraph --><!-- wp:paragraph -->
<p>5 de diciembre – <a href="https://www.facebook.com/61559878537803/videos/974321257850348">Parte 2</a></p>
<!-- /wp:paragraph --><!-- wp:paragraph -->
<p>5 de diciembre – <a href="https://www.facebook.com/61559878537803/videos/1318861212446259">Parte 3</a></p>
<!-- /wp:paragraph --></div>
<!-- /wp:column --><!-- wp:column -->
<div class="wp-block-column"><!-- wp:paragraph {"align":"left","style":{"elements":{"link":{"color":{"text":"var:preset|color|vivid-red"}}}},"textColor":"vivid-red"} -->
<p class="has-text-align-left has-vivid-red-color has-text-color has-link-color"><strong>Séptima celebración del Día Mundial <br />(4, 7 y 8 de diciembre 2023)</strong></p>
<!-- /wp:paragraph --><!-- wp:paragraph -->
<p>7 de diciembre – <a href="https://www.youtube.com/watch?v=PamrCqzEXLI">Parte 1</a></p>
<!-- /wp:paragraph --><!-- wp:paragraph -->
<p>7 de diciembre –  <a href="https://www.youtube.com/watch?v=-XNa3oWhiiA">Parte 2</a></p>
<!-- /wp:paragraph --><!-- wp:paragraph -->
<p>7 de diciembre –  <a href="https://www.youtube.com/watch?v=EunZv4w-z10">Parte 3</a></p>
<!-- /wp:paragraph --><!-- wp:paragraph -->
<p>8 de diciembre – <a href="https://www.youtube.com/watch?v=3wobtfh7UcM">Parte 1</a></p>
<!-- /wp:paragraph --><!-- wp:paragraph -->
<p>8 de diciembre – <a href="https://www.youtube.com/watch?v=g4xgkMlrWcs">Parte 2</a></p>
<!-- /wp:paragraph --></div>
<!-- /wp:column --></div>
<!-- /wp:columns --><!-- wp:paragraph -->
<p> </p>
<!-- /wp:paragraph -->								</div>
				</div>
					</div>
				</div>
		<div class="elementor-element elementor-element-bc94178 e-flex e-con-boxed e-con e-parent" data-id="bc94178" data-element_type="container" data-e-type="container">
					<div class="e-con-inner">
					</div>
				</div>
				</div>

<p>Día Mundial de la Filosofía La celebración del Día Mundial de la Filosofía, establecida por la UNESCO en 2005, busca reconocer que “la Filosofía es una disciplina que fomenta el pensamiento crítico e independiente y es capaz de trabajar en pro de una mejor comprensión del mundo”. Se conmemora a &#8230;</p>
