{"id":1008,"date":"2024-10-25T11:14:16","date_gmt":"2024-10-25T15:14:16","guid":{"rendered":"https:\/\/humanidades.uprrp.edu\/filosofia\/?page_id=1008"},"modified":"2025-02-24T16:06:56","modified_gmt":"2025-02-24T20:06:56","slug":"programa-bymf","status":"publish","type":"page","link":"https:\/\/humanidades.uprrp.edu\/filosofia\/?page_id=1008","title":{"rendered":"Programa BYMF"},"content":{"rendered":"\n<h2 class=\"wp-block-heading has-vivid-red-color has-text-color has-link-color wp-elements-f0f930a17c625d1b98d906144ca8b782\">Requisitos del BYM en Filosof\u00eda<\/h2>\n\n\n\n<p>Para ingresar al programa combinado de Bachillerato y Maestr\u00eda en Filosof\u00eda (BYMF) todo estudiante debe cumplir con los requisitos de admisi\u00f3n al Recinto de R\u00edo Piedras, as\u00ed como los requisitos espec\u00edficos de la Facultad de Humanidades y del Departamento (<strong>IGS de 225<\/strong> y promedio general de, al menos, <strong>2.5<\/strong>).<\/p>\n\n\n\n<p>El\/La estudiante interesado podr\u00e1 acogerse a esta ruta desde su <strong>primer a\u00f1o<\/strong> y ratificar su intenci\u00f3n de continuar en dicha ruta durante el <strong>segundo semestre de su tercer a\u00f1o de estudios<\/strong>. En el caso que el\/la estudiante desista de continuar en esta v\u00eda, deber\u00e1 informarlo durante el <strong>primer semestre del tercer a\u00f1o<\/strong>, para que pueda continuar con la secuencia regular del bachillerato.<\/p>\n\n\n\n<p>El\/La asesor\/a acad\u00e9mico\/a de la unidad y el\/la Coordinador\/a del Programa Graduado ser\u00e1n las figuras encargadas de generar un plan de estudio que el\/la estudiante pueda seguir y de comprobar el progreso acad\u00e9mico.<\/p>\n\n\n\n<h2 class=\"wp-block-heading has-vivid-red-color has-text-color has-link-color wp-elements-8490f4d6c023e9ee9730e952527ad7e0\">El\/La estudiante que cursa actualmente un bachillerato:<\/h2>\n\n\n\n<ul class=\"wp-block-list\">\n<li>debe tener <strong>3.00<\/strong> o m\u00e1s de promedio general y de concentraci\u00f3n, y sostenerlo durante el BYMF;<\/li>\n\n\n\n<li>debe solicitar una <strong>evaluaci\u00f3n acad\u00e9mica<\/strong> para determinar si es candidato\/a para el BYMF;<\/li>\n\n\n\n<li>debe tener <strong>9 cr\u00e9ditos<\/strong> o m\u00e1s <strong>disponibles<\/strong> de sus <strong>electivas libres<\/strong>;<\/li>\n\n\n\n<li>debe comprometerse a <strong>realizar la matr\u00edcula<\/strong> de los cursos de concentraci\u00f3n con el\/la asesor\/a acad\u00e9mico\/a;<\/li>\n\n\n\n<li>debe seguir la <strong>secuencia propuesta<\/strong> en el curr\u00edculo del BYMF (que estar\u00e1 disponible en la p\u00e1gina electr\u00f3nica del departamento);<\/li>\n\n\n\n<li>debe tener una carga acad\u00e9mica semestral de <strong>18 cr\u00e9ditos<\/strong> semestrales durante los <strong>primeros dos a\u00f1os<\/strong>, de <strong>15 cr\u00e9ditos<\/strong> semestrales durante el <strong>tercer y cuarto a\u00f1o<\/strong>, y de <strong>12 cr\u00e9ditos<\/strong> semestrales durante su <strong>quinto a\u00f1o<\/strong> para completar el BYMF en cinco a\u00f1os. Esto supone ser <strong>estudiante a tiempo completo<\/strong>. Cualquier cambio en esta secuencia afecta el tiempo a grado de cinco a\u00f1os;<\/li>\n\n\n\n<li>una vez completados los 36 cr\u00e9ditos de educaci\u00f3n general, los 36 cr\u00e9ditos de los cursos medulares de facultad, los 39 cr\u00e9ditos de la concentraci\u00f3n de filosof\u00eda y los 18 cr\u00e9ditos de electivas libres (a completarse con cursos de nivel 6000 de la secuencia de la maestr\u00eda), deber\u00e1 solicitar admisi\u00f3n al Programa Graduado de Filosof\u00eda y pagar las tasas correspondientes.<\/li>\n<\/ul>\n\n\n\n<h2 class=\"wp-block-heading has-vivid-red-color has-text-color has-link-color wp-elements-571f8b16730da75246b5746265f3f128\">Elegibilidad para Beca Pell:<\/h2>\n\n\n\n<ul class=\"wp-block-list\">\n<li>Este programa combinado es elegible para <strong>Beca Pell<\/strong>. Esto significa que el\/la estudiante elegible para recibir la ayuda federal, de acuerdo a las necesidades econ\u00f3micas y evaluaci\u00f3n, puede tomar cursos de nivel 6000 conducentes al grado de bachillerato. Sin embargo, <strong>no<\/strong> est\u00e1 permitido que tomen cursos de nivel 6000 que <strong>no son convalidables<\/strong> o conducentes al grado de bachillerato.<\/li>\n\n\n\n<li>A cada beneficiario de la Beca Pell se le otorga un tope de ayuda, este tope <strong>puede ser distinto para cada estudiante<\/strong>. Por tanto, el porciento de beneficio para cubrir parcialmente los costos de matr\u00edcula para este programa variar\u00e1 de caso en caso.<\/li>\n\n\n\n<li>En el momento que el estudiante haya cumplido con los requisitos de Bachillerato, aunque no tenga una certificaci\u00f3n de bachillerato otorgada y una admisi\u00f3n o cambio de clasificaci\u00f3n a Maestr\u00eda, se le va a <strong>cortar la ayuda econ\u00f3mica<\/strong> como requiere la reglamentaci\u00f3n.<\/li>\n<\/ul>\n\n\n\n<h2 class=\"wp-block-heading has-vivid-red-color has-text-color has-link-color wp-elements-c0465d4c85275fb456d9b4d7b5c4a230\">Cambio de clasificaci\u00f3n:<\/h2>\n\n\n\n<ul class=\"wp-block-list\">\n<li>El cambio de bachillerato a maestr\u00eda se establece por la <strong>cantidad de cr\u00e9ditos aprobados<\/strong> conducentes al bachillerato (129 cr\u00e9ditos).<\/li>\n\n\n\n<li>El Departamento de Filosof\u00eda otorgar\u00e1 una <strong>certificaci\u00f3n al Registrador<\/strong> que indique que el estudiante cumpli\u00f3 con los requisitos del bachillerato y cambia de clasificaci\u00f3n a maestr\u00eda.<\/li>\n\n\n\n<li>El estudiante debe <strong>solicitar formalmente admisi\u00f3n<\/strong> a la maestr\u00eda en Filosof\u00eda por el portal&nbsp;<em>Next<\/em>&nbsp;y pagar las cuotas y cargos aplicables en su momento.<\/li>\n\n\n\n<li>Este cambio de clasificaci\u00f3n le permitir\u00e1 al estudiante tener <strong>elegibilidad para el PEAF, Pr\u00e9stamos Federales y otras ayudas<\/strong> disponibles para estudiantes graduados.<\/li>\n\n\n\n<li>El estudiante que decida <strong>no continuar<\/strong> en el programa BYMF luego de haber tomado los 18 cr\u00e9ditos de nivel 6000 de clases electivas requeridos, <strong>puede terminar su bachillerato<\/strong>, pero <strong>no puede utilizar esos 18 cr\u00e9ditos de nivel 6000<\/strong> si desea continuar una maestr\u00eda fuera del programa combinado.<\/li>\n<\/ul>\n\n\n\n<h2 class=\"wp-block-heading has-vivid-red-color has-text-color has-link-color wp-elements-e1b29ff62b6f0b68fe830ae97978f30b\">Graduaci\u00f3n:<\/h2>\n\n\n\n<ul class=\"wp-block-list\">\n<li>Los estudiantes deben solicitar graduaci\u00f3n en la <strong>fecha estipulada por la Oficina del Registrador <\/strong>cuando la evaluaci\u00f3n indique que est\u00e1n pr\u00f3ximos a completar el BYMF.<\/li>\n\n\n\n<li>A los estudiantes <strong>se les otorgar\u00e1n ambos<\/strong> grados en la misma colaci\u00f3n.<\/li>\n<\/ul>\n\n\n\n<h2 class=\"wp-block-heading has-vivid-red-color has-text-color has-link-color wp-elements-a77de3eed2dcb46548bcf5e8720ee506\">Estructura<\/h2>\n\n\n\n<p>El\/La estudiante que desea realizar el BYMF en el presente debe completar ciento cuarenta y un (<strong>141<\/strong>) cr\u00e9ditos distribuidos de la siguiente manera: treinta y seis (36) cr\u00e9ditos de cursos de educaci\u00f3n general, treinta y seis (36) cr\u00e9ditos de cursos medulares de la Facultad de Humanidades, treinta y nueve (39) cr\u00e9ditos de cursos medulares de la concentraci\u00f3n de Filosof\u00eda, y terinta (30) cr\u00e9ditos en cursos graduados.<\/p>\n\n\n\n<h2 class=\"wp-block-heading has-vivid-red-color has-text-color has-link-color wp-elements-7d419fd63421265d16699d056883a02e\">Dise\u00f1o curricular:<\/h2>\n\n\n\n<figure class=\"wp-block-table\"><table class=\"has-fixed-layout\"><tbody><tr><td>DISE\u00d1O CURRICULAR DEL BYMF<\/td><td>CRS<\/td><\/tr><tr><td><strong>Cursos medulares<\/strong><\/td><td><strong>72<\/strong><\/td><\/tr><tr><td>Cursos generales de bachillerato<\/td><td>36<\/td><\/tr><tr><td>Cursos medulares de la Facultad de Humanidades<\/td><td>36<\/td><\/tr><tr><td><strong>Cursos del BYMF: Medulares de Bachillerato<\/strong><\/td><td><strong>3<\/strong><\/td><\/tr><tr><td>Curso medular en Filosof\u00eda \u2013 FILO 4031: L\u00f3gica<\/td><td>3<\/td><\/tr><tr><td><strong>Cursos del BYMF: Requisitos de concentraci\u00f3n del Bachillerato<\/strong><\/td><td><strong>21<\/strong><\/td><\/tr><tr><td>Filosof\u00eda Antigua \u2013 (Ejemplo: FILO 3015, FILO 4181)<\/td><td>6<\/td><\/tr><tr><td>Filosof\u00eda Moderna \u2013 (Ejemplo: FILO 4065, FILO 4245)<\/td><td>6<\/td><\/tr><tr><td>Filosof\u00eda del Siglo XX o Contempor\u00e1nea \u2013 (Ejemplo: FILO 3177, FILO 4262)<\/td><td>6<\/td><\/tr><tr><td>Redacci\u00f3n y Estilo \u2013 (Ejemplo: ESPA 3028, INGL 3232)<\/td><td>3<\/td><\/tr><tr><td><strong>Cursos de selecci\u00f3n dirigida en Filosof\u00eda de Bachillerato<\/strong><\/td><td><strong>15<\/strong><\/td><\/tr><tr><td>Cursos electivos en Filosof\u00eda de nivel subgraduado (Ejemplo: FILO 3003, FILO 4605)<\/td><td>15<\/td><\/tr><tr><td><strong>Los cr\u00e9ditos de electivas libres del Bachillerato se utilizar\u00e1n en el BYMF para tomar cursos de nivel de Maestr\u00eda<\/strong><\/td><td><strong>-18<\/strong><\/td><\/tr><tr><td><strong>Subtotal de cr\u00e9ditos del Bachillerato<\/strong><\/td><td><strong>111<\/strong><\/td><\/tr><tr><td><strong>Cursos del BYMF: Medulares de Maestr\u00eda<\/strong><\/td><td><strong>15<\/strong><\/td><\/tr><tr><td>\u00c1rea tem\u00e1tica: L\u00f3gica o Filosof\u00eda del Lenguaje \u2013(Ejemplo: FILO 6721, FILO 6025)<\/td><td>3<\/td><\/tr><tr><td>\u00c1rea tem\u00e1tica: Epistemolog\u00eda o Metaf\u00edsica \u2013 (Ejemplo: FILO 6425, FILO 6731)<\/td><td>3<\/td><\/tr><tr><td>\u00c1rea tem\u00e1tica: Filosof\u00eda Pr\u00e1ctica o Est\u00e9tica \u2013 (Ejemplo: FILO 6035, FILO 6993)<\/td><td>3<\/td><\/tr><tr><td>FILO 6060: Investigaci\u00f3n y Redacci\u00f3n en Filosof\u00eda<\/td><td>3<\/td><\/tr><tr><td>FILO 6795: Proyecto de investigaci\u00f3n en Filosof\u00eda<\/td><td>3<\/td><\/tr><tr><td><strong>Cursos de selecci\u00f3n dirigida en Filosof\u00eda de Maestr\u00eda<\/strong><\/td><td><strong>9<\/strong><\/td><\/tr><tr><td>Curso electivo de nivel 6000 en Filosof\u00eda \u2013 (Ejemplo: FILO 6206)<\/td><td>3<\/td><\/tr><tr><td>Curso electivo de nivel 6000 en Filosof\u00eda \u2013 (Ejemplo: FILO 6415)<\/td><td>3<\/td><\/tr><tr><td>Curso electivo de nivel 6000 en Filosof\u00eda \u2013 (Ejemplo: FILO 6998)<\/td><td>3<\/td><\/tr><tr><td><strong>Cursos del BYMF: Electivas de Maestr\u00eda<\/strong><\/td><td><strong>6<\/strong><\/td><\/tr><tr><td>FILO 6002: \u00bfQu\u00e9 es la Filosof\u00eda? o electiva libre de nivel graduado<\/td><td>3<\/td><\/tr><tr><td>Electiva libre de nivel graduado<\/td><td>3<\/td><\/tr><tr><td><strong>Subtotal de cr\u00e9ditos de Maestr\u00eda<\/strong><\/td><td><strong>30<\/strong><\/td><\/tr><tr><td><strong>TOTAL BYMF<\/strong><\/td><td><strong>141<\/strong><\/td><\/tr><\/tbody><\/table><\/figure>\n\n\n\n<h2 class=\"wp-block-heading has-vivid-red-color has-text-color has-link-color wp-elements-950bb3bf2b6d838984e5f68f832cc363\">Documentos de inter\u00e9s<\/h2>\n\n\n\n<p class=\"has-medium-font-size\"><a href=\"https:\/\/drive.google.com\/file\/d\/19bCiercD6oN0pFUlJ6f_d5HGtjo6hmiF\/view?usp=drive_link\">Secuencia curricular<\/a><\/p>\n\n\n\n<p><\/p>\n","protected":false},"excerpt":{"rendered":"<p>Requisitos del BYM en Filosof\u00eda Para ingresar al programa combinado de Bachillerato y Maestr\u00eda en Filosof\u00eda (BYMF) todo estudiante debe cumplir con los requisitos de admisi\u00f3n al Recinto de R\u00edo Piedras, as\u00ed como los requisitos espec\u00edficos de la Facultad de Humanidades y del Departamento (IGS de 225 y promedio general &#8230;<\/p>\n","protected":false},"author":7,"featured_media":0,"parent":0,"menu_order":0,"comment_status":"closed","ping_status":"closed","template":"","meta":{"footnotes":""},"class_list":["post-1008","page","type-page","status-publish","hentry","column","twocol"],"_links":{"self":[{"href":"https:\/\/humanidades.uprrp.edu\/filosofia\/index.php?rest_route=\/wp\/v2\/pages\/1008","targetHints":{"allow":["GET"]}}],"collection":[{"href":"https:\/\/humanidades.uprrp.edu\/filosofia\/index.php?rest_route=\/wp\/v2\/pages"}],"about":[{"href":"https:\/\/humanidades.uprrp.edu\/filosofia\/index.php?rest_route=\/wp\/v2\/types\/page"}],"author":[{"embeddable":true,"href":"https:\/\/humanidades.uprrp.edu\/filosofia\/index.php?rest_route=\/wp\/v2\/users\/7"}],"replies":[{"embeddable":true,"href":"https:\/\/humanidades.uprrp.edu\/filosofia\/index.php?rest_route=%2Fwp%2Fv2%2Fcomments&post=1008"}],"version-history":[{"count":4,"href":"https:\/\/humanidades.uprrp.edu\/filosofia\/index.php?rest_route=\/wp\/v2\/pages\/1008\/revisions"}],"predecessor-version":[{"id":1254,"href":"https:\/\/humanidades.uprrp.edu\/filosofia\/index.php?rest_route=\/wp\/v2\/pages\/1008\/revisions\/1254"}],"wp:attachment":[{"href":"https:\/\/humanidades.uprrp.edu\/filosofia\/index.php?rest_route=%2Fwp%2Fv2%2Fmedia&parent=1008"}],"curies":[{"name":"wp","href":"https:\/\/api.w.org\/{rel}","templated":true}]}}

<h2 class="wp-block-heading has-vivid-red-color has-text-color has-link-color wp-elements-f0f930a17c625d1b98d906144ca8b782">Requisitos del BYM en Filosofía</h2>



<p>Para ingresar al programa combinado de Bachillerato y Maestría en Filosofía (BYMF) todo estudiante debe cumplir con los requisitos de admisión al Recinto de Río Piedras, así como los requisitos específicos de la Facultad de Humanidades y del Departamento (<strong>IGS de 225</strong> y promedio general de, al menos, <strong>2.5</strong>).</p>



<p>El/La estudiante interesado podrá acogerse a esta ruta desde su <strong>primer año</strong> y ratificar su intención de continuar en dicha ruta durante el <strong>segundo semestre de su tercer año de estudios</strong>. En el caso que el/la estudiante desista de continuar en esta vía, deberá informarlo durante el <strong>primer semestre del tercer año</strong>, para que pueda continuar con la secuencia regular del bachillerato.</p>



<p>El/La asesor/a académico/a de la unidad y el/la Coordinador/a del Programa Graduado serán las figuras encargadas de generar un plan de estudio que el/la estudiante pueda seguir y de comprobar el progreso académico.</p>



<h2 class="wp-block-heading has-vivid-red-color has-text-color has-link-color wp-elements-8490f4d6c023e9ee9730e952527ad7e0">El/La estudiante que cursa actualmente un bachillerato:</h2>



<ul class="wp-block-list">
<li>debe tener <strong>3.00</strong> o más de promedio general y de concentración, y sostenerlo durante el BYMF;</li>



<li>debe solicitar una <strong>evaluación académica</strong> para determinar si es candidato/a para el BYMF;</li>



<li>debe tener <strong>9 créditos</strong> o más <strong>disponibles</strong> de sus <strong>electivas libres</strong>;</li>



<li>debe comprometerse a <strong>realizar la matrícula</strong> de los cursos de concentración con el/la asesor/a académico/a;</li>



<li>debe seguir la <strong>secuencia propuesta</strong> en el currículo del BYMF (que estará disponible en la página electrónica del departamento);</li>



<li>debe tener una carga académica semestral de <strong>18 créditos</strong> semestrales durante los <strong>primeros dos años</strong>, de <strong>15 créditos</strong> semestrales durante el <strong>tercer y cuarto año</strong>, y de <strong>12 créditos</strong> semestrales durante su <strong>quinto año</strong> para completar el BYMF en cinco años. Esto supone ser <strong>estudiante a tiempo completo</strong>. Cualquier cambio en esta secuencia afecta el tiempo a grado de cinco años;</li>



<li>una vez completados los 36 créditos de educación general, los 36 créditos de los cursos medulares de facultad, los 39 créditos de la concentración de filosofía y los 18 créditos de electivas libres (a completarse con cursos de nivel 6000 de la secuencia de la maestría), deberá solicitar admisión al Programa Graduado de Filosofía y pagar las tasas correspondientes.</li>
</ul>



<h2 class="wp-block-heading has-vivid-red-color has-text-color has-link-color wp-elements-571f8b16730da75246b5746265f3f128">Elegibilidad para Beca Pell:</h2>



<ul class="wp-block-list">
<li>Este programa combinado es elegible para <strong>Beca Pell</strong>. Esto significa que el/la estudiante elegible para recibir la ayuda federal, de acuerdo a las necesidades económicas y evaluación, puede tomar cursos de nivel 6000 conducentes al grado de bachillerato. Sin embargo, <strong>no</strong> está permitido que tomen cursos de nivel 6000 que <strong>no son convalidables</strong> o conducentes al grado de bachillerato.</li>



<li>A cada beneficiario de la Beca Pell se le otorga un tope de ayuda, este tope <strong>puede ser distinto para cada estudiante</strong>. Por tanto, el porciento de beneficio para cubrir parcialmente los costos de matrícula para este programa variará de caso en caso.</li>



<li>En el momento que el estudiante haya cumplido con los requisitos de Bachillerato, aunque no tenga una certificación de bachillerato otorgada y una admisión o cambio de clasificación a Maestría, se le va a <strong>cortar la ayuda económica</strong> como requiere la reglamentación.</li>
</ul>



<h2 class="wp-block-heading has-vivid-red-color has-text-color has-link-color wp-elements-c0465d4c85275fb456d9b4d7b5c4a230">Cambio de clasificación:</h2>



<ul class="wp-block-list">
<li>El cambio de bachillerato a maestría se establece por la <strong>cantidad de créditos aprobados</strong> conducentes al bachillerato (129 créditos).</li>



<li>El Departamento de Filosofía otorgará una <strong>certificación al Registrador</strong> que indique que el estudiante cumplió con los requisitos del bachillerato y cambia de clasificación a maestría.</li>



<li>El estudiante debe <strong>solicitar formalmente admisión</strong> a la maestría en Filosofía por el portal&nbsp;<em>Next</em>&nbsp;y pagar las cuotas y cargos aplicables en su momento.</li>



<li>Este cambio de clasificación le permitirá al estudiante tener <strong>elegibilidad para el PEAF, Préstamos Federales y otras ayudas</strong> disponibles para estudiantes graduados.</li>



<li>El estudiante que decida <strong>no continuar</strong> en el programa BYMF luego de haber tomado los 18 créditos de nivel 6000 de clases electivas requeridos, <strong>puede terminar su bachillerato</strong>, pero <strong>no puede utilizar esos 18 créditos de nivel 6000</strong> si desea continuar una maestría fuera del programa combinado.</li>
</ul>



<h2 class="wp-block-heading has-vivid-red-color has-text-color has-link-color wp-elements-e1b29ff62b6f0b68fe830ae97978f30b">Graduación:</h2>



<ul class="wp-block-list">
<li>Los estudiantes deben solicitar graduación en la <strong>fecha estipulada por la Oficina del Registrador </strong>cuando la evaluación indique que están próximos a completar el BYMF.</li>



<li>A los estudiantes <strong>se les otorgarán ambos</strong> grados en la misma colación.</li>
</ul>



<h2 class="wp-block-heading has-vivid-red-color has-text-color has-link-color wp-elements-a77de3eed2dcb46548bcf5e8720ee506">Estructura</h2>



<p>El/La estudiante que desea realizar el BYMF en el presente debe completar ciento cuarenta y un (<strong>141</strong>) créditos distribuidos de la siguiente manera: treinta y seis (36) créditos de cursos de educación general, treinta y seis (36) créditos de cursos medulares de la Facultad de Humanidades, treinta y nueve (39) créditos de cursos medulares de la concentración de Filosofía, y terinta (30) créditos en cursos graduados.</p>



<h2 class="wp-block-heading has-vivid-red-color has-text-color has-link-color wp-elements-7d419fd63421265d16699d056883a02e">Diseño curricular:</h2>



<figure class="wp-block-table"><table class="has-fixed-layout"><tbody><tr><td>DISEÑO CURRICULAR DEL BYMF</td><td>CRS</td></tr><tr><td><strong>Cursos medulares</strong></td><td><strong>72</strong></td></tr><tr><td>Cursos generales de bachillerato</td><td>36</td></tr><tr><td>Cursos medulares de la Facultad de Humanidades</td><td>36</td></tr><tr><td><strong>Cursos del BYMF: Medulares de Bachillerato</strong></td><td><strong>3</strong></td></tr><tr><td>Curso medular en Filosofía – FILO 4031: Lógica</td><td>3</td></tr><tr><td><strong>Cursos del BYMF: Requisitos de concentración del Bachillerato</strong></td><td><strong>21</strong></td></tr><tr><td>Filosofía Antigua – (Ejemplo: FILO 3015, FILO 4181)</td><td>6</td></tr><tr><td>Filosofía Moderna – (Ejemplo: FILO 4065, FILO 4245)</td><td>6</td></tr><tr><td>Filosofía del Siglo XX o Contemporánea – (Ejemplo: FILO 3177, FILO 4262)</td><td>6</td></tr><tr><td>Redacción y Estilo – (Ejemplo: ESPA 3028, INGL 3232)</td><td>3</td></tr><tr><td><strong>Cursos de selección dirigida en Filosofía de Bachillerato</strong></td><td><strong>15</strong></td></tr><tr><td>Cursos electivos en Filosofía de nivel subgraduado (Ejemplo: FILO 3003, FILO 4605)</td><td>15</td></tr><tr><td><strong>Los créditos de electivas libres del Bachillerato se utilizarán en el BYMF para tomar cursos de nivel de Maestría</strong></td><td><strong>-18</strong></td></tr><tr><td><strong>Subtotal de créditos del Bachillerato</strong></td><td><strong>111</strong></td></tr><tr><td><strong>Cursos del BYMF: Medulares de Maestría</strong></td><td><strong>15</strong></td></tr><tr><td>Área temática: Lógica o Filosofía del Lenguaje –(Ejemplo: FILO 6721, FILO 6025)</td><td>3</td></tr><tr><td>Área temática: Epistemología o Metafísica – (Ejemplo: FILO 6425, FILO 6731)</td><td>3</td></tr><tr><td>Área temática: Filosofía Práctica o Estética – (Ejemplo: FILO 6035, FILO 6993)</td><td>3</td></tr><tr><td>FILO 6060: Investigación y Redacción en Filosofía</td><td>3</td></tr><tr><td>FILO 6795: Proyecto de investigación en Filosofía</td><td>3</td></tr><tr><td><strong>Cursos de selección dirigida en Filosofía de Maestría</strong></td><td><strong>9</strong></td></tr><tr><td>Curso electivo de nivel 6000 en Filosofía – (Ejemplo: FILO 6206)</td><td>3</td></tr><tr><td>Curso electivo de nivel 6000 en Filosofía – (Ejemplo: FILO 6415)</td><td>3</td></tr><tr><td>Curso electivo de nivel 6000 en Filosofía – (Ejemplo: FILO 6998)</td><td>3</td></tr><tr><td><strong>Cursos del BYMF: Electivas de Maestría</strong></td><td><strong>6</strong></td></tr><tr><td>FILO 6002: ¿Qué es la Filosofía? o electiva libre de nivel graduado</td><td>3</td></tr><tr><td>Electiva libre de nivel graduado</td><td>3</td></tr><tr><td><strong>Subtotal de créditos de Maestría</strong></td><td><strong>30</strong></td></tr><tr><td><strong>TOTAL BYMF</strong></td><td><strong>141</strong></td></tr></tbody></table></figure>



<h2 class="wp-block-heading has-vivid-red-color has-text-color has-link-color wp-elements-950bb3bf2b6d838984e5f68f832cc363">Documentos de interés</h2>



<p class="has-medium-font-size"><a href="https://drive.google.com/file/d/19bCiercD6oN0pFUlJ6f_d5HGtjo6hmiF/view?usp=drive_link">Secuencia curricular</a></p>



<p></p>

<p>Requisitos del BYM en Filosofía Para ingresar al programa combinado de Bachillerato y Maestría en Filosofía (BYMF) todo estudiante debe cumplir con los requisitos de admisión al Recinto de Río Piedras, así como los requisitos específicos de la Facultad de Humanidades y del Departamento (IGS de 225 y promedio general &#8230;</p>
