{"id":38,"date":"2013-09-27T14:21:49","date_gmt":"2013-09-27T14:21:49","guid":{"rendered":"http:\/\/humanidades.uprrp.edu\/estudioshispanicos\/?page_id=38"},"modified":"2025-02-20T14:45:10","modified_gmt":"2025-02-20T14:45:10","slug":"segunda-concentraciones","status":"publish","type":"page","link":"https:\/\/humanidades.uprrp.edu\/estudioshispanicos\/?page_id=38","title":{"rendered":"Segundas Concentraciones"},"content":{"rendered":"<p style=\"text-align: center;\">\n<p>Un estudiante de cualquier Facultad puede hacer una segunda concentraci\u00f3n en Estudios Hisp\u00e1nicos, en cualquiera de sus \u00e1reas de \u00e9nfasis: Ling\u00fc\u00edstica hisp\u00e1nica, estudios hisp\u00e1nicos general, literaturas puertorrique\u00f1a e hispanoamericana o literatura espa\u00f1ola.<\/p>\n<p>Se les requieren los mismos treinta y seis (36) cr\u00e9ditos requisitos de la concentraci\u00f3n. La solicitud de la segunda concentraci\u00f3n se realiza en la Oficina del Registrador, en Plaza Universitaria.<\/p>\n<p>Las segundas concentraciones se detallan en los siguientes hiperv\u00ednculos:<\/p>\n<p style=\"padding-left: 30px;\"><a href=\"https:\/\/humanidades.uprrp.edu\/estudioshispanicos\/wp-content\/uploads\/2013\/09\/Segunda-concentracion-ESHI-General.pdf\">Segunda concentraci\u00f3n en Estudios Hisp\u00e1nicos (General)<\/a><\/p>\n<p style=\"padding-left: 30px;\"><a href=\"https:\/\/humanidades.uprrp.edu\/estudioshispanicos\/wp-content\/uploads\/2013\/09\/Segunda-concentracion-ESHI-Espanola.pdf\">Segunda concentraci\u00f3n en Literatura Espa\u00f1ola<\/a><\/p>\n<p style=\"padding-left: 30px;\"><a href=\"https:\/\/humanidades.uprrp.edu\/estudioshispanicos\/wp-content\/uploads\/2013\/09\/Segunda-concentracion-ESHI-PRHA.pdf\">Segunda concentraci\u00f3n en Literatura Hispanoamericana y Puertorrique\u00f1a<\/a><\/p>\n<p style=\"padding-left: 30px;\"><a href=\"https:\/\/humanidades.uprrp.edu\/estudioshispanicos\/wp-content\/uploads\/2013\/09\/Segunda-concentracion-ESHI-LINGUISTICA.pdf\">Segunda concentraci\u00f3n en Ling\u00fc\u00edstica<\/a><\/p>\n<p><span style=\"font-family: helvetica;\">\u00a0<\/span><\/p>\n","protected":false},"excerpt":{"rendered":"<p>Un estudiante de cualquier Facultad puede hacer una segunda concentraci\u00f3n en Estudios Hisp\u00e1nicos, en cualquiera de sus \u00e1reas de \u00e9nfasis: Ling\u00fc\u00edstica hisp\u00e1nica, estudios hisp\u00e1nicos general, literaturas puertorrique\u00f1a e hispanoamericana o literatura espa\u00f1ola. Se les requieren los mismos treinta y seis (36) cr\u00e9ditos requisitos de la concentraci\u00f3n. La solicitud de la segunda concentraci\u00f3n se realiza en la Oficina del Registrador, en Plaza Universitaria. Las segundas concentraciones se detallan en los siguientes hiperv\u00ednculos: Segunda concentraci\u00f3n en Estudios Hisp\u00e1nicos (General) Segunda concentraci\u00f3n en<\/p>\n","protected":false},"author":3,"featured_media":0,"parent":0,"menu_order":0,"comment_status":"closed","ping_status":"closed","template":"","meta":{"footnotes":""},"class_list":["post-38","page","type-page","status-publish","hentry"],"_links":{"self":[{"href":"https:\/\/humanidades.uprrp.edu\/estudioshispanicos\/index.php?rest_route=\/wp\/v2\/pages\/38","targetHints":{"allow":["GET"]}}],"collection":[{"href":"https:\/\/humanidades.uprrp.edu\/estudioshispanicos\/index.php?rest_route=\/wp\/v2\/pages"}],"about":[{"href":"https:\/\/humanidades.uprrp.edu\/estudioshispanicos\/index.php?rest_route=\/wp\/v2\/types\/page"}],"author":[{"embeddable":true,"href":"https:\/\/humanidades.uprrp.edu\/estudioshispanicos\/index.php?rest_route=\/wp\/v2\/users\/3"}],"replies":[{"embeddable":true,"href":"https:\/\/humanidades.uprrp.edu\/estudioshispanicos\/index.php?rest_route=%2Fwp%2Fv2%2Fcomments&post=38"}],"version-history":[{"count":8,"href":"https:\/\/humanidades.uprrp.edu\/estudioshispanicos\/index.php?rest_route=\/wp\/v2\/pages\/38\/revisions"}],"predecessor-version":[{"id":601,"href":"https:\/\/humanidades.uprrp.edu\/estudioshispanicos\/index.php?rest_route=\/wp\/v2\/pages\/38\/revisions\/601"}],"wp:attachment":[{"href":"https:\/\/humanidades.uprrp.edu\/estudioshispanicos\/index.php?rest_route=%2Fwp%2Fv2%2Fmedia&parent=38"}],"curies":[{"name":"wp","href":"https:\/\/api.w.org\/{rel}","templated":true}]}}