{"id":6,"date":"2021-03-31T19:04:52","date_gmt":"2021-03-31T19:04:52","guid":{"rendered":"https:\/\/humanidades.uprrp.edu\/drama\/?page_id=6"},"modified":"2021-04-07T13:58:12","modified_gmt":"2021-04-07T17:58:12","slug":"historia","status":"publish","type":"page","link":"https:\/\/humanidades.uprrp.edu\/drama\/?page_id=6","title":{"rendered":"Historia"},"content":{"rendered":"\n<p>El Departamento de Drama del Recinto de R\u00edo Piedras de la Universidad de Puerto Rico, adscrito a la Faculta de Humanidades fue fundado en 1941 como grupo dram\u00e1tico bajo la direcci\u00f3n del profesor Leopoldo Santiago Lavandero. Desde su fundaci\u00f3n el departamento se ha convertido en la escuela nacional del teatro puertorrique\u00f1o, responsable de la formaci\u00f3n de profesionales en todos los campos del arte teatral.\u00a0 Nuestros profesores y egresados han sido honrados nacional e internacionalmente en festivales teatrales, simposios, talleres y ponencias.\u00a0 El departamento de Drama ha educado estudiantes que han sido aceptados para continuar estudios graduados en universidades en Inglaterra, Escocia, Francia, Chile, Argentina, Espa\u00f1a y Estados Unidos.\u00a0 Desde su fundaci\u00f3n nuestro Departamento se ha ido desarrollando hasta convertirse en una unidad acad\u00e9mica altamente especializada en los campos de la Actuaci\u00f3n, el Dise\u00f1o Teatral, Literatura y Teor\u00eda Dram\u00e1tica.\u00a0<\/p>\n","protected":false},"excerpt":{"rendered":"<p>El Departamento de Drama del Recinto de R\u00edo Piedras de la Universidad de Puerto Rico, adscrito a la Faculta de Humanidades fue fundado en 1941 como grupo dram\u00e1tico bajo la direcci\u00f3n del profesor Leopoldo Santiago Lavandero. Desde su fundaci\u00f3n el departamento se ha convertido en la escuela nacional del teatro &#8230;<\/p>\n","protected":false},"author":1,"featured_media":0,"parent":0,"menu_order":0,"comment_status":"closed","ping_status":"closed","template":"","meta":{"footnotes":""},"class_list":["post-6","page","type-page","status-publish","hentry","column","twocol"],"_links":{"self":[{"href":"https:\/\/humanidades.uprrp.edu\/drama\/index.php?rest_route=\/wp\/v2\/pages\/6","targetHints":{"allow":["GET"]}}],"collection":[{"href":"https:\/\/humanidades.uprrp.edu\/drama\/index.php?rest_route=\/wp\/v2\/pages"}],"about":[{"href":"https:\/\/humanidades.uprrp.edu\/drama\/index.php?rest_route=\/wp\/v2\/types\/page"}],"author":[{"embeddable":true,"href":"https:\/\/humanidades.uprrp.edu\/drama\/index.php?rest_route=\/wp\/v2\/users\/1"}],"replies":[{"embeddable":true,"href":"https:\/\/humanidades.uprrp.edu\/drama\/index.php?rest_route=%2Fwp%2Fv2%2Fcomments&post=6"}],"version-history":[{"count":3,"href":"https:\/\/humanidades.uprrp.edu\/drama\/index.php?rest_route=\/wp\/v2\/pages\/6\/revisions"}],"predecessor-version":[{"id":127,"href":"https:\/\/humanidades.uprrp.edu\/drama\/index.php?rest_route=\/wp\/v2\/pages\/6\/revisions\/127"}],"wp:attachment":[{"href":"https:\/\/humanidades.uprrp.edu\/drama\/index.php?rest_route=%2Fwp%2Fv2%2Fmedia&parent=6"}],"curies":[{"name":"wp","href":"https:\/\/api.w.org\/{rel}","templated":true}]}}