{"id":293,"date":"2021-04-23T11:35:52","date_gmt":"2021-04-23T15:35:52","guid":{"rendered":"https:\/\/humanidades.uprrp.edu\/drama\/?page_id=293"},"modified":"2021-04-23T11:35:52","modified_gmt":"2021-04-23T15:35:52","slug":"viveca-vazquez","status":"publish","type":"page","link":"https:\/\/humanidades.uprrp.edu\/drama\/?page_id=293","title":{"rendered":"Viveca V\u00e1zquez"},"content":{"rendered":"\n<div class=\"wp-block-columns is-layout-flex wp-container-core-columns-is-layout-9d6595d7 wp-block-columns-is-layout-flex\">\n<div class=\"wp-block-column is-layout-flow wp-block-column-is-layout-flow\" style=\"flex-basis:33.33%\">\n<figure class=\"wp-block-image size-large\"><img loading=\"lazy\" decoding=\"async\" width=\"200\" height=\"300\" src=\"https:\/\/humanidades.uprrp.edu\/drama\/wp-content\/uploads\/2021\/04\/VVazquez-e1619189113817.png\" alt=\"\" class=\"wp-image-238\"\/><\/figure>\n<\/div>\n\n\n\n<div class=\"wp-block-column is-layout-flow wp-block-column-is-layout-flow\" style=\"flex-basis:66.66%\">\n<p><strong>Viveca V\u00e1zquez<\/strong><br>Catedr\u00e1tica Auxiliar, Facultad de Estudios Generales.<\/p>\n\n\n\n<p>MA Educaci\u00f3n en Danza New York, University<\/p>\n\n\n\n<p>Danza Contempor\u00e1nea para Actores I, II<\/p>\n\n\n\n<p>Viveca V\u00e1zquez ha establecido pautas para la pr\u00e1ctica esc\u00e9nica y la ense\u00f1anza de la danza experimental en Puerto&nbsp;Rico. Es catedr\u00e1tica en el Departamento de Humanidades de la facultad de Estudios Generales y creadora del curso de G\u00e9nero y Performance que imparte en el Programa de Estudios de Mujer y G\u00e9nero.&nbsp;Desde 1985 ha sido profesora de los cursos de danza contempor\u00e1nea para actores en el Departamento de Drama de la facultad de Humanidades.&nbsp;<\/p>\n\n\n\n<p>Curs\u00f3 escuela&nbsp;graduada en New York University. Ha recibido becas de la National Endowment for the Arts, el Instituto de Cultura Puertorrique\u00f1a y otras entidades. En el 2013 el Museo de Arte Contempor\u00e1neo de Puerto Rico celebr\u00f3 la retrospectiva de su trabajo, CONDUCTA, Coreograf\u00eda del Error.<\/p>\n<\/div>\n<\/div>\n","protected":false},"excerpt":{"rendered":"<p>Viveca V\u00e1zquezCatedr\u00e1tica Auxiliar, Facultad de Estudios Generales. MA Educaci\u00f3n en Danza New York, University Danza Contempor\u00e1nea para Actores I, II Viveca V\u00e1zquez ha establecido pautas para la pr\u00e1ctica esc\u00e9nica y la ense\u00f1anza de la danza experimental en Puerto&nbsp;Rico. Es catedr\u00e1tica en el Departamento de Humanidades de la facultad de Estudios &#8230;<\/p>\n","protected":false},"author":1,"featured_media":0,"parent":0,"menu_order":0,"comment_status":"closed","ping_status":"closed","template":"","meta":{"footnotes":""},"class_list":["post-293","page","type-page","status-publish","hentry","column","twocol"],"_links":{"self":[{"href":"https:\/\/humanidades.uprrp.edu\/drama\/index.php?rest_route=\/wp\/v2\/pages\/293","targetHints":{"allow":["GET"]}}],"collection":[{"href":"https:\/\/humanidades.uprrp.edu\/drama\/index.php?rest_route=\/wp\/v2\/pages"}],"about":[{"href":"https:\/\/humanidades.uprrp.edu\/drama\/index.php?rest_route=\/wp\/v2\/types\/page"}],"author":[{"embeddable":true,"href":"https:\/\/humanidades.uprrp.edu\/drama\/index.php?rest_route=\/wp\/v2\/users\/1"}],"replies":[{"embeddable":true,"href":"https:\/\/humanidades.uprrp.edu\/drama\/index.php?rest_route=%2Fwp%2Fv2%2Fcomments&post=293"}],"version-history":[{"count":1,"href":"https:\/\/humanidades.uprrp.edu\/drama\/index.php?rest_route=\/wp\/v2\/pages\/293\/revisions"}],"predecessor-version":[{"id":294,"href":"https:\/\/humanidades.uprrp.edu\/drama\/index.php?rest_route=\/wp\/v2\/pages\/293\/revisions\/294"}],"wp:attachment":[{"href":"https:\/\/humanidades.uprrp.edu\/drama\/index.php?rest_route=%2Fwp%2Fv2%2Fmedia&parent=293"}],"curies":[{"name":"wp","href":"https:\/\/api.w.org\/{rel}","templated":true}]}}