{"id":14,"date":"2021-03-31T19:07:48","date_gmt":"2021-03-31T19:07:48","guid":{"rendered":"https:\/\/humanidades.uprrp.edu\/drama\/?page_id=14"},"modified":"2021-04-23T11:48:03","modified_gmt":"2021-04-23T15:48:03","slug":"glorieta-santiago-veve","status":"publish","type":"page","link":"https:\/\/humanidades.uprrp.edu\/drama\/?page_id=14","title":{"rendered":"Glorieta Santiago Veve"},"content":{"rendered":"\n<p>La Glorieta es el espacio para montajes teatrales al aire libre.&nbsp; Desde su reconstrucci\u00f3n ha acogido producciones de autores cl\u00e1sicos y contempor\u00e1neos ofreciendo en cada presentaci\u00f3n la experiencia de presenciar y participar en obras fuera del edificio teatral tradicional.<\/p>\n\n\n\n<figure class=\"wp-block-image size-large\"><img loading=\"lazy\" decoding=\"async\" width=\"1024\" height=\"683\" src=\"https:\/\/humanidades.uprrp.edu\/drama\/wp-content\/uploads\/2021\/04\/Glorieta-scaled-e1619192707564-1024x683.jpg\" alt=\"\" class=\"wp-image-302\" srcset=\"https:\/\/humanidades.uprrp.edu\/drama\/wp-content\/uploads\/2021\/04\/Glorieta-scaled-e1619192707564-1024x683.jpg 1024w, https:\/\/humanidades.uprrp.edu\/drama\/wp-content\/uploads\/2021\/04\/Glorieta-scaled-e1619192707564-300x200.jpg 300w, https:\/\/humanidades.uprrp.edu\/drama\/wp-content\/uploads\/2021\/04\/Glorieta-scaled-e1619192707564-768x512.jpg 768w, https:\/\/humanidades.uprrp.edu\/drama\/wp-content\/uploads\/2021\/04\/Glorieta-scaled-e1619192707564-1536x1024.jpg 1536w, https:\/\/humanidades.uprrp.edu\/drama\/wp-content\/uploads\/2021\/04\/Glorieta-scaled-e1619192707564-2048x1366.jpg 2048w, https:\/\/humanidades.uprrp.edu\/drama\/wp-content\/uploads\/2021\/04\/Glorieta-scaled-e1619192707564-700x467.jpg 700w, https:\/\/humanidades.uprrp.edu\/drama\/wp-content\/uploads\/2021\/04\/Glorieta-scaled-e1619192707564-332x221.jpg 332w\" sizes=\"auto, (max-width: 1024px) 100vw, 1024px\" \/><\/figure>\n","protected":false},"excerpt":{"rendered":"<p>La Glorieta es el espacio para montajes teatrales al aire libre.&nbsp; Desde su reconstrucci\u00f3n ha acogido producciones de autores cl\u00e1sicos y contempor\u00e1neos ofreciendo en cada presentaci\u00f3n la experiencia de presenciar y participar en obras fuera del edificio teatral tradicional.<\/p>\n","protected":false},"author":1,"featured_media":0,"parent":0,"menu_order":0,"comment_status":"closed","ping_status":"closed","template":"","meta":{"footnotes":""},"class_list":["post-14","page","type-page","status-publish","hentry","column","twocol"],"_links":{"self":[{"href":"https:\/\/humanidades.uprrp.edu\/drama\/index.php?rest_route=\/wp\/v2\/pages\/14","targetHints":{"allow":["GET"]}}],"collection":[{"href":"https:\/\/humanidades.uprrp.edu\/drama\/index.php?rest_route=\/wp\/v2\/pages"}],"about":[{"href":"https:\/\/humanidades.uprrp.edu\/drama\/index.php?rest_route=\/wp\/v2\/types\/page"}],"author":[{"embeddable":true,"href":"https:\/\/humanidades.uprrp.edu\/drama\/index.php?rest_route=\/wp\/v2\/users\/1"}],"replies":[{"embeddable":true,"href":"https:\/\/humanidades.uprrp.edu\/drama\/index.php?rest_route=%2Fwp%2Fv2%2Fcomments&post=14"}],"version-history":[{"count":3,"href":"https:\/\/humanidades.uprrp.edu\/drama\/index.php?rest_route=\/wp\/v2\/pages\/14\/revisions"}],"predecessor-version":[{"id":307,"href":"https:\/\/humanidades.uprrp.edu\/drama\/index.php?rest_route=\/wp\/v2\/pages\/14\/revisions\/307"}],"wp:attachment":[{"href":"https:\/\/humanidades.uprrp.edu\/drama\/index.php?rest_route=%2Fwp%2Fv2%2Fmedia&parent=14"}],"curies":[{"name":"wp","href":"https:\/\/api.w.org\/{rel}","templated":true}]}}