{"id":89,"date":"2025-04-09T09:32:01","date_gmt":"2025-04-09T13:32:01","guid":{"rendered":"https:\/\/humanidades.uprrp.edu\/bellasartes\/?page_id=89"},"modified":"2025-04-09T11:58:24","modified_gmt":"2025-04-09T15:58:24","slug":"dr-fernando-paes","status":"publish","type":"page","link":"https:\/\/humanidades.uprrp.edu\/bellasartes\/dr-fernando-paes\/","title":{"rendered":"Dr. Fernando Paes Carvalho"},"content":{"rendered":"<div class=\"wp-block-image\">\n<figure class=\"alignleft size-medium\"><img fetchpriority=\"high\" decoding=\"async\" width=\"200\" height=\"300\" src=\"https:\/\/humanidades.uprrp.edu\/bellasartes\/wp-content\/uploads\/sites\/2\/2025\/04\/fernando-paes-200x300.png\" alt=\"\" class=\"wp-image-94\" srcset=\"https:\/\/humanidades.uprrp.edu\/bellasartes\/wp-content\/uploads\/sites\/2\/2025\/04\/fernando-paes-200x300.png 200w, https:\/\/humanidades.uprrp.edu\/bellasartes\/wp-content\/uploads\/sites\/2\/2025\/04\/fernando-paes-683x1024.png 683w, https:\/\/humanidades.uprrp.edu\/bellasartes\/wp-content\/uploads\/sites\/2\/2025\/04\/fernando-paes-768x1151.png 768w, https:\/\/humanidades.uprrp.edu\/bellasartes\/wp-content\/uploads\/sites\/2\/2025\/04\/fernando-paes-700x1049.png 700w, https:\/\/humanidades.uprrp.edu\/bellasartes\/wp-content\/uploads\/sites\/2\/2025\/04\/fernando-paes-332x498.png 332w, https:\/\/humanidades.uprrp.edu\/bellasartes\/wp-content\/uploads\/sites\/2\/2025\/04\/fernando-paes-600x899.png 600w, https:\/\/humanidades.uprrp.edu\/bellasartes\/wp-content\/uploads\/sites\/2\/2025\/04\/fernando-paes.png 834w\" sizes=\"(max-width: 200px) 100vw, 200px\" \/><\/figure>\n<\/div>\n\n\n<p><strong>Dr. Fernando Paes Carvalho (<\/strong>Brasilia, Brasil, 1967)<br>Pintura<br> <a href=\"mailto:fernando.paes@upr.edu\">fernando.paes@upr.edu<\/a><\/p>\n\n\n\n<p>&nbsp;Es un profesor y artista pl\u00e1stico brasileiro que vive y trabaja en San Juan, Puerto Rico desde 1995. Actualmente se desempe\u00f1a como Catedr\u00e1tico en el Departamento de Bellas Artes de la UPR-R\u00edo Piedras. Fue director del Departamento desde 2012 hasta 2020; Su obra pl\u00e1stica se centra mayormente en el medio de la pintura donde presenta un di\u00e1logo constante con el tiempo, la historia y los arquetipos modernos.<\/p>\n\n\n<div class=\"wp-block-image\">\n<figure class=\"alignright size-large is-resized\"><img decoding=\"async\" width=\"388\" height=\"1024\" src=\"https:\/\/humanidades.uprrp.edu\/bellasartes\/wp-content\/uploads\/sites\/2\/2025\/04\/Screenshot-2025-04-09-at-11.33.28\u202fAM-388x1024.png\" alt=\"\" class=\"wp-image-114\" style=\"width:171px;height:auto\" srcset=\"https:\/\/humanidades.uprrp.edu\/bellasartes\/wp-content\/uploads\/sites\/2\/2025\/04\/Screenshot-2025-04-09-at-11.33.28\u202fAM-388x1024.png 388w, https:\/\/humanidades.uprrp.edu\/bellasartes\/wp-content\/uploads\/sites\/2\/2025\/04\/Screenshot-2025-04-09-at-11.33.28\u202fAM-114x300.png 114w, https:\/\/humanidades.uprrp.edu\/bellasartes\/wp-content\/uploads\/sites\/2\/2025\/04\/Screenshot-2025-04-09-at-11.33.28\u202fAM-582x1536.png 582w, https:\/\/humanidades.uprrp.edu\/bellasartes\/wp-content\/uploads\/sites\/2\/2025\/04\/Screenshot-2025-04-09-at-11.33.28\u202fAM-700x1847.png 700w, https:\/\/humanidades.uprrp.edu\/bellasartes\/wp-content\/uploads\/sites\/2\/2025\/04\/Screenshot-2025-04-09-at-11.33.28\u202fAM-332x876.png 332w, https:\/\/humanidades.uprrp.edu\/bellasartes\/wp-content\/uploads\/sites\/2\/2025\/04\/Screenshot-2025-04-09-at-11.33.28\u202fAM-600x1583.png 600w, https:\/\/humanidades.uprrp.edu\/bellasartes\/wp-content\/uploads\/sites\/2\/2025\/04\/Screenshot-2025-04-09-at-11.33.28\u202fAM.png 714w\" sizes=\"(max-width: 388px) 100vw, 388px\" \/><\/figure>\n<\/div>\n\n\n<p>Estudi\u00f3 arte en la Escuela de Artes Visuales de Parque Lage en R\u00edo de Janeiro de 1987 hasta 1992. Form\u00f3 parte del N\u00facleo de Aprofundamento de esa Escuela en el a\u00f1o 1990. En 1993 viaja a M\u00e9xico para ingresar en la Academia de San Carlos en la Maestr\u00eda en Artes Visuales (MFA). En 1995, empieza a organizar su primera muestra en Puerto Rico titulada Navigare Necesse donde trabaja muchos de los conceptos de su tesis de maestr\u00eda. La muestra se inaugur\u00f3 en 1997 en el Antiguo Arsenal de La Puntilla en el Viejo San Juan.<\/p>\n\n\n\n<p>En ese momento integr\u00f3 el cuerpo docente de la Escuela de Artes Pl\u00e1sticas de San Juan, en el Departamento de Pintura. Ya en 1998 pasa a ser profesor de arte de la Universidad de Puerto Rico, en el Recinto de Cayey de la UPR. Organiz\u00f3 diversas exposiciones individuales entre 2001 y 2020, entre galer\u00edas como Ra\u00edces, \u00c1rea, Luiggi Marozzini, 356, entre otras. En el 2009 pasa a formar parte del cuerpo docente del Departamento de Bellas Artes en R\u00edo Piedras. En 2012 empez\u00f3 estudios doctorales en la Universidad Polit\u00e9cnica de Valencia en Espa\u00f1a. En el 2016 defiende con honores su tesis doctoral: <em>Marcas y restos: presencia y ausencia en la pintura contempor\u00e1nea.<\/em> Durante sus 30 a\u00f1os de pr\u00e1ctica art\u00edstica ha expuesto en v\u00e1rios pa\u00edses incluyendo M\u00e9xico, Brasil, Espa\u00f1a, Estados Unidos y Puerto Rico.<\/p>\n\n\n\n<figure class=\"wp-block-image size-large\"><img decoding=\"async\" width=\"1024\" height=\"527\" src=\"https:\/\/humanidades.uprrp.edu\/bellasartes\/wp-content\/uploads\/sites\/2\/2025\/04\/Screenshot-2025-04-09-at-11.32.33\u202fAM-1024x527.png\" alt=\"\" class=\"wp-image-113\" srcset=\"https:\/\/humanidades.uprrp.edu\/bellasartes\/wp-content\/uploads\/sites\/2\/2025\/04\/Screenshot-2025-04-09-at-11.32.33\u202fAM-1024x527.png 1024w, https:\/\/humanidades.uprrp.edu\/bellasartes\/wp-content\/uploads\/sites\/2\/2025\/04\/Screenshot-2025-04-09-at-11.32.33\u202fAM-300x154.png 300w, https:\/\/humanidades.uprrp.edu\/bellasartes\/wp-content\/uploads\/sites\/2\/2025\/04\/Screenshot-2025-04-09-at-11.32.33\u202fAM-768x395.png 768w, https:\/\/humanidades.uprrp.edu\/bellasartes\/wp-content\/uploads\/sites\/2\/2025\/04\/Screenshot-2025-04-09-at-11.32.33\u202fAM-1536x791.png 1536w, https:\/\/humanidades.uprrp.edu\/bellasartes\/wp-content\/uploads\/sites\/2\/2025\/04\/Screenshot-2025-04-09-at-11.32.33\u202fAM-700x360.png 700w, https:\/\/humanidades.uprrp.edu\/bellasartes\/wp-content\/uploads\/sites\/2\/2025\/04\/Screenshot-2025-04-09-at-11.32.33\u202fAM-332x171.png 332w, https:\/\/humanidades.uprrp.edu\/bellasartes\/wp-content\/uploads\/sites\/2\/2025\/04\/Screenshot-2025-04-09-at-11.32.33\u202fAM-600x309.png 600w, https:\/\/humanidades.uprrp.edu\/bellasartes\/wp-content\/uploads\/sites\/2\/2025\/04\/Screenshot-2025-04-09-at-11.32.33\u202fAM.png 1810w\" sizes=\"(max-width: 1024px) 100vw, 1024px\" \/><\/figure>\n","protected":false},"excerpt":{"rendered":"<p>Dr. Fernando Paes Carvalho (Brasilia, Brasil, 1967)Pintura fernando.paes@upr.edu &nbsp;Es un profesor y artista pl\u00e1stico brasileiro que vive y trabaja en San Juan, Puerto Rico desde 1995. Actualmente se desempe\u00f1a como Catedr\u00e1tico en el Departamento de Bellas Artes de la UPR-R\u00edo Piedras. Fue director del Departamento desde 2012 hasta 2020; Su &#8230;<\/p>\n","protected":false},"author":2,"featured_media":0,"parent":0,"menu_order":0,"comment_status":"closed","ping_status":"closed","template":"","meta":{"_eb_attr":"","_monsterinsights_skip_tracking":false,"_monsterinsights_sitenote_active":false,"_monsterinsights_sitenote_note":"","_monsterinsights_sitenote_category":0,"footnotes":""},"class_list":["post-89","page","type-page","status-publish","hentry","column","twocol"],"_links":{"self":[{"href":"https:\/\/humanidades.uprrp.edu\/bellasartes\/wp-json\/wp\/v2\/pages\/89","targetHints":{"allow":["GET"]}}],"collection":[{"href":"https:\/\/humanidades.uprrp.edu\/bellasartes\/wp-json\/wp\/v2\/pages"}],"about":[{"href":"https:\/\/humanidades.uprrp.edu\/bellasartes\/wp-json\/wp\/v2\/types\/page"}],"author":[{"embeddable":true,"href":"https:\/\/humanidades.uprrp.edu\/bellasartes\/wp-json\/wp\/v2\/users\/2"}],"replies":[{"embeddable":true,"href":"https:\/\/humanidades.uprrp.edu\/bellasartes\/wp-json\/wp\/v2\/comments?post=89"}],"version-history":[{"count":4,"href":"https:\/\/humanidades.uprrp.edu\/bellasartes\/wp-json\/wp\/v2\/pages\/89\/revisions"}],"predecessor-version":[{"id":126,"href":"https:\/\/humanidades.uprrp.edu\/bellasartes\/wp-json\/wp\/v2\/pages\/89\/revisions\/126"}],"wp:attachment":[{"href":"https:\/\/humanidades.uprrp.edu\/bellasartes\/wp-json\/wp\/v2\/media?parent=89"}],"curies":[{"name":"wp","href":"https:\/\/api.w.org\/{rel}","templated":true}]}}

<div class="wp-block-image">
<figure class="alignleft size-medium"><img fetchpriority="high" decoding="async" width="200" height="300" src="https://humanidades.uprrp.edu/bellasartes/wp-content/uploads/sites/2/2025/04/fernando-paes-200x300.png" alt="" class="wp-image-94" srcset="https://humanidades.uprrp.edu/bellasartes/wp-content/uploads/sites/2/2025/04/fernando-paes-200x300.png 200w, https://humanidades.uprrp.edu/bellasartes/wp-content/uploads/sites/2/2025/04/fernando-paes-683x1024.png 683w, https://humanidades.uprrp.edu/bellasartes/wp-content/uploads/sites/2/2025/04/fernando-paes-768x1151.png 768w, https://humanidades.uprrp.edu/bellasartes/wp-content/uploads/sites/2/2025/04/fernando-paes-700x1049.png 700w, https://humanidades.uprrp.edu/bellasartes/wp-content/uploads/sites/2/2025/04/fernando-paes-332x498.png 332w, https://humanidades.uprrp.edu/bellasartes/wp-content/uploads/sites/2/2025/04/fernando-paes-600x899.png 600w, https://humanidades.uprrp.edu/bellasartes/wp-content/uploads/sites/2/2025/04/fernando-paes.png 834w" sizes="(max-width: 200px) 100vw, 200px" /></figure>
</div>


<p><strong>Dr. Fernando Paes Carvalho (</strong>Brasilia, Brasil, 1967)<br>Pintura<br> <a href="mailto:fernando.paes@upr.edu">fernando.paes@upr.edu</a></p>



<p>&nbsp;Es un profesor y artista plástico brasileiro que vive y trabaja en San Juan, Puerto Rico desde 1995. Actualmente se desempeña como Catedrático en el Departamento de Bellas Artes de la UPR-Río Piedras. Fue director del Departamento desde 2012 hasta 2020; Su obra plástica se centra mayormente en el medio de la pintura donde presenta un diálogo constante con el tiempo, la historia y los arquetipos modernos.</p>


<div class="wp-block-image">
<figure class="alignright size-large is-resized"><img decoding="async" width="388" height="1024" src="https://humanidades.uprrp.edu/bellasartes/wp-content/uploads/sites/2/2025/04/Screenshot-2025-04-09-at-11.33.28 AM-388x1024.png" alt="" class="wp-image-114" style="width:171px;height:auto" srcset="https://humanidades.uprrp.edu/bellasartes/wp-content/uploads/sites/2/2025/04/Screenshot-2025-04-09-at-11.33.28 AM-388x1024.png 388w, https://humanidades.uprrp.edu/bellasartes/wp-content/uploads/sites/2/2025/04/Screenshot-2025-04-09-at-11.33.28 AM-114x300.png 114w, https://humanidades.uprrp.edu/bellasartes/wp-content/uploads/sites/2/2025/04/Screenshot-2025-04-09-at-11.33.28 AM-582x1536.png 582w, https://humanidades.uprrp.edu/bellasartes/wp-content/uploads/sites/2/2025/04/Screenshot-2025-04-09-at-11.33.28 AM-700x1847.png 700w, https://humanidades.uprrp.edu/bellasartes/wp-content/uploads/sites/2/2025/04/Screenshot-2025-04-09-at-11.33.28 AM-332x876.png 332w, https://humanidades.uprrp.edu/bellasartes/wp-content/uploads/sites/2/2025/04/Screenshot-2025-04-09-at-11.33.28 AM-600x1583.png 600w, https://humanidades.uprrp.edu/bellasartes/wp-content/uploads/sites/2/2025/04/Screenshot-2025-04-09-at-11.33.28 AM.png 714w" sizes="(max-width: 388px) 100vw, 388px" /></figure>
</div>


<p>Estudió arte en la Escuela de Artes Visuales de Parque Lage en Río de Janeiro de 1987 hasta 1992. Formó parte del Núcleo de Aprofundamento de esa Escuela en el año 1990. En 1993 viaja a México para ingresar en la Academia de San Carlos en la Maestría en Artes Visuales (MFA). En 1995, empieza a organizar su primera muestra en Puerto Rico titulada Navigare Necesse donde trabaja muchos de los conceptos de su tesis de maestría. La muestra se inauguró en 1997 en el Antiguo Arsenal de La Puntilla en el Viejo San Juan.</p>



<p>En ese momento integró el cuerpo docente de la Escuela de Artes Plásticas de San Juan, en el Departamento de Pintura. Ya en 1998 pasa a ser profesor de arte de la Universidad de Puerto Rico, en el Recinto de Cayey de la UPR. Organizó diversas exposiciones individuales entre 2001 y 2020, entre galerías como Raíces, Área, Luiggi Marozzini, 356, entre otras. En el 2009 pasa a formar parte del cuerpo docente del Departamento de Bellas Artes en Río Piedras. En 2012 empezó estudios doctorales en la Universidad Politécnica de Valencia en España. En el 2016 defiende con honores su tesis doctoral: <em>Marcas y restos: presencia y ausencia en la pintura contemporánea.</em> Durante sus 30 años de práctica artística ha expuesto en vários países incluyendo México, Brasil, España, Estados Unidos y Puerto Rico.</p>



<figure class="wp-block-image size-large"><img decoding="async" width="1024" height="527" src="https://humanidades.uprrp.edu/bellasartes/wp-content/uploads/sites/2/2025/04/Screenshot-2025-04-09-at-11.32.33 AM-1024x527.png" alt="" class="wp-image-113" srcset="https://humanidades.uprrp.edu/bellasartes/wp-content/uploads/sites/2/2025/04/Screenshot-2025-04-09-at-11.32.33 AM-1024x527.png 1024w, https://humanidades.uprrp.edu/bellasartes/wp-content/uploads/sites/2/2025/04/Screenshot-2025-04-09-at-11.32.33 AM-300x154.png 300w, https://humanidades.uprrp.edu/bellasartes/wp-content/uploads/sites/2/2025/04/Screenshot-2025-04-09-at-11.32.33 AM-768x395.png 768w, https://humanidades.uprrp.edu/bellasartes/wp-content/uploads/sites/2/2025/04/Screenshot-2025-04-09-at-11.32.33 AM-1536x791.png 1536w, https://humanidades.uprrp.edu/bellasartes/wp-content/uploads/sites/2/2025/04/Screenshot-2025-04-09-at-11.32.33 AM-700x360.png 700w, https://humanidades.uprrp.edu/bellasartes/wp-content/uploads/sites/2/2025/04/Screenshot-2025-04-09-at-11.32.33 AM-332x171.png 332w, https://humanidades.uprrp.edu/bellasartes/wp-content/uploads/sites/2/2025/04/Screenshot-2025-04-09-at-11.32.33 AM-600x309.png 600w, https://humanidades.uprrp.edu/bellasartes/wp-content/uploads/sites/2/2025/04/Screenshot-2025-04-09-at-11.32.33 AM.png 1810w" sizes="(max-width: 1024px) 100vw, 1024px" /></figure>

<p>Dr. Fernando Paes Carvalho (Brasilia, Brasil, 1967)Pintura fernando.paes@upr.edu &nbsp;Es un profesor y artista plástico brasileiro que vive y trabaja en San Juan, Puerto Rico desde 1995. Actualmente se desempeña como Catedrático en el Departamento de Bellas Artes de la UPR-Río Piedras. Fue director del Departamento desde 2012 hasta 2020; Su &#8230;</p>
