{"id":59,"date":"2024-09-19T14:25:23","date_gmt":"2024-09-19T18:25:23","guid":{"rendered":"https:\/\/humanidades.uprrp.edu\/bellasartes\/?page_id=59"},"modified":"2024-09-20T08:32:13","modified_gmt":"2024-09-20T12:32:13","slug":"sobre-nosotros","status":"publish","type":"page","link":"https:\/\/humanidades.uprrp.edu\/bellasartes\/","title":{"rendered":"Sobre nosotros"},"content":{"rendered":"\n<h2 class=\"wp-block-heading\">Misi\u00f3n<\/h2>\n\n\n\n<p>Proveer una formaci\u00f3n integral del conocimiento que armonice la educaci\u00f3n general human\u00edstica con la especializada en las Artes Pl\u00e1sticas. Las estrategias educativas de este programa van dirigidas a desarrollar el estudio, la creaci\u00f3n y la investigaci\u00f3n independiente en las Artes Pl\u00e1sticas. Tambi\u00e9n propicia la difusi\u00f3n de proyectos de investigaci\u00f3n y creaci\u00f3n dirigidos a la comunidad local y global, y promueve la responsabilidad social a trav\u00e9s de las manifestaciones art\u00edsticas.<\/p>\n\n\n\n<figure class=\"wp-block-image size-full\"><img fetchpriority=\"high\" decoding=\"async\" width=\"720\" height=\"404\" src=\"https:\/\/humanidades.uprrp.edu\/bellasartes\/wp-content\/uploads\/sites\/2\/2024\/09\/Edificio-de-Bellas-Artes.jpg\" alt=\"\" class=\"wp-image-71\" srcset=\"https:\/\/humanidades.uprrp.edu\/bellasartes\/wp-content\/uploads\/sites\/2\/2024\/09\/Edificio-de-Bellas-Artes.jpg 720w, https:\/\/humanidades.uprrp.edu\/bellasartes\/wp-content\/uploads\/sites\/2\/2024\/09\/Edificio-de-Bellas-Artes-300x168.jpg 300w, https:\/\/humanidades.uprrp.edu\/bellasartes\/wp-content\/uploads\/sites\/2\/2024\/09\/Edificio-de-Bellas-Artes-700x393.jpg 700w, https:\/\/humanidades.uprrp.edu\/bellasartes\/wp-content\/uploads\/sites\/2\/2024\/09\/Edificio-de-Bellas-Artes-332x186.jpg 332w, https:\/\/humanidades.uprrp.edu\/bellasartes\/wp-content\/uploads\/sites\/2\/2024\/09\/Edificio-de-Bellas-Artes-600x337.jpg 600w\" sizes=\"(max-width: 720px) 100vw, 720px\" \/><\/figure>\n","protected":false},"excerpt":{"rendered":"<p>Misi\u00f3n Proveer una formaci\u00f3n integral del conocimiento que armonice la educaci\u00f3n general human\u00edstica con la especializada en las Artes Pl\u00e1sticas. Las estrategias educativas de este programa van dirigidas a desarrollar el estudio, la creaci\u00f3n y la investigaci\u00f3n independiente en las Artes Pl\u00e1sticas. Tambi\u00e9n propicia la difusi\u00f3n de proyectos de investigaci\u00f3n &#8230;<\/p>\n","protected":false},"author":2,"featured_media":0,"parent":0,"menu_order":0,"comment_status":"closed","ping_status":"closed","template":"template-content-sidebar.php","meta":{"_eb_attr":"","_monsterinsights_skip_tracking":false,"_monsterinsights_sitenote_active":false,"_monsterinsights_sitenote_note":"","_monsterinsights_sitenote_category":0,"footnotes":""},"class_list":["post-59","page","type-page","status-publish","hentry","column","twocol"],"_links":{"self":[{"href":"https:\/\/humanidades.uprrp.edu\/bellasartes\/wp-json\/wp\/v2\/pages\/59","targetHints":{"allow":["GET"]}}],"collection":[{"href":"https:\/\/humanidades.uprrp.edu\/bellasartes\/wp-json\/wp\/v2\/pages"}],"about":[{"href":"https:\/\/humanidades.uprrp.edu\/bellasartes\/wp-json\/wp\/v2\/types\/page"}],"author":[{"embeddable":true,"href":"https:\/\/humanidades.uprrp.edu\/bellasartes\/wp-json\/wp\/v2\/users\/2"}],"replies":[{"embeddable":true,"href":"https:\/\/humanidades.uprrp.edu\/bellasartes\/wp-json\/wp\/v2\/comments?post=59"}],"version-history":[{"count":3,"href":"https:\/\/humanidades.uprrp.edu\/bellasartes\/wp-json\/wp\/v2\/pages\/59\/revisions"}],"predecessor-version":[{"id":72,"href":"https:\/\/humanidades.uprrp.edu\/bellasartes\/wp-json\/wp\/v2\/pages\/59\/revisions\/72"}],"wp:attachment":[{"href":"https:\/\/humanidades.uprrp.edu\/bellasartes\/wp-json\/wp\/v2\/media?parent=59"}],"curies":[{"name":"wp","href":"https:\/\/api.w.org\/{rel}","templated":true}]}}

<h2 class="wp-block-heading">Misión</h2>



<p>Proveer una formación integral del conocimiento que armonice la educación general humanística con la especializada en las Artes Plásticas. Las estrategias educativas de este programa van dirigidas a desarrollar el estudio, la creación y la investigación independiente en las Artes Plásticas. También propicia la difusión de proyectos de investigación y creación dirigidos a la comunidad local y global, y promueve la responsabilidad social a través de las manifestaciones artísticas.</p>



<figure class="wp-block-image size-full"><img fetchpriority="high" decoding="async" width="720" height="404" src="https://humanidades.uprrp.edu/bellasartes/wp-content/uploads/sites/2/2024/09/Edificio-de-Bellas-Artes.jpg" alt="" class="wp-image-71" srcset="https://humanidades.uprrp.edu/bellasartes/wp-content/uploads/sites/2/2024/09/Edificio-de-Bellas-Artes.jpg 720w, https://humanidades.uprrp.edu/bellasartes/wp-content/uploads/sites/2/2024/09/Edificio-de-Bellas-Artes-300x168.jpg 300w, https://humanidades.uprrp.edu/bellasartes/wp-content/uploads/sites/2/2024/09/Edificio-de-Bellas-Artes-700x393.jpg 700w, https://humanidades.uprrp.edu/bellasartes/wp-content/uploads/sites/2/2024/09/Edificio-de-Bellas-Artes-332x186.jpg 332w, https://humanidades.uprrp.edu/bellasartes/wp-content/uploads/sites/2/2024/09/Edificio-de-Bellas-Artes-600x337.jpg 600w" sizes="(max-width: 720px) 100vw, 720px" /></figure>

<p>Misión Proveer una formación integral del conocimiento que armonice la educación general humanística con la especializada en las Artes Plásticas. Las estrategias educativas de este programa van dirigidas a desarrollar el estudio, la creación y la investigación independiente en las Artes Plásticas. También propicia la difusión de proyectos de investigación &#8230;</p>
