{"id":186,"date":"2025-04-09T15:16:34","date_gmt":"2025-04-09T19:16:34","guid":{"rendered":"https:\/\/humanidades.uprrp.edu\/bellasartes\/?page_id=186"},"modified":"2025-04-09T15:28:55","modified_gmt":"2025-04-09T19:28:55","slug":"carlos-r-vega-guzman","status":"publish","type":"page","link":"https:\/\/humanidades.uprrp.edu\/bellasartes\/carlos-r-vega-guzman\/","title":{"rendered":"Carlos R. Vega Guzm\u00e1n"},"content":{"rendered":"<div class=\"wp-block-image\">\n<figure class=\"alignleft size-medium\"><img fetchpriority=\"high\" decoding=\"async\" width=\"200\" height=\"300\" src=\"https:\/\/humanidades.uprrp.edu\/bellasartes\/wp-content\/uploads\/sites\/2\/2025\/04\/Carlos-Guzman-200x300.png\" alt=\"\" class=\"wp-image-98\" srcset=\"https:\/\/humanidades.uprrp.edu\/bellasartes\/wp-content\/uploads\/sites\/2\/2025\/04\/Carlos-Guzman-200x300.png 200w, https:\/\/humanidades.uprrp.edu\/bellasartes\/wp-content\/uploads\/sites\/2\/2025\/04\/Carlos-Guzman-683x1024.png 683w, https:\/\/humanidades.uprrp.edu\/bellasartes\/wp-content\/uploads\/sites\/2\/2025\/04\/Carlos-Guzman-768x1151.png 768w, https:\/\/humanidades.uprrp.edu\/bellasartes\/wp-content\/uploads\/sites\/2\/2025\/04\/Carlos-Guzman-700x1049.png 700w, https:\/\/humanidades.uprrp.edu\/bellasartes\/wp-content\/uploads\/sites\/2\/2025\/04\/Carlos-Guzman-332x498.png 332w, https:\/\/humanidades.uprrp.edu\/bellasartes\/wp-content\/uploads\/sites\/2\/2025\/04\/Carlos-Guzman-600x899.png 600w, https:\/\/humanidades.uprrp.edu\/bellasartes\/wp-content\/uploads\/sites\/2\/2025\/04\/Carlos-Guzman.png 834w\" sizes=\"(max-width: 200px) 100vw, 200px\" \/><\/figure>\n<\/div>\n\n\n<p><strong>Carlos R. Vega Guzm\u00e1n\u00a0\u00a0 (<\/strong>Luquillo, Puerto Rico,1968<strong>)<\/strong><br>Escultura<br><a href=\"mailto:carlos.vega57@upr.edu\">carlos.vega57@upr.edu<\/a> <\/p>\n\n\n\n<p>En 1986 ingresa a la Universidad de Puerto Rico, donde realiza un Bachillerato en Humanidades del Departamento de Bellas Arte y concentraci\u00f3n en Escultura. En 1987 ingresa al taller del maestro escultor Pablo Rubio y perfecciona t\u00e9cnicas de escultura, obra p\u00fablica, dibujo y pintura durante 8 a\u00f1os. Trabaja y se hace ayudante principal de Rubio llevando a cabo importantes monumentos de \u00e9ste, entre los cuales se pueden destacar: \u201cCristales de la Paz\u201d Sevilla, Espa\u00f1a 1992 y \u201cEncuentro en Tiempo y Espacio\u201d, Se\u00fal, Corea 1988.<\/p>\n\n\n\n<p>Con m\u00e1s de una treintena de exposiciones colectivas, 15 exposiciones individuales y 26 proyectos de arte p\u00fablico y urbano, Carlos Guzm\u00e1n se ha mantenido activo durante 28 a\u00f1os de carrera ininterrumpida. Para el 1999 es miembro fundador de la Asociaci\u00f3n de Artistas Pl\u00e1sticos de Puerto Rico (APAP)-(AIAP) UNESCO como tesorero y co-coordinador de la exposici\u00f3n Puerto Rico en Paris UNESCO.<\/p>\n\n\n\n<p>Desde su graduaci\u00f3n en 1991, ha llevado a cabo importantes proyectos de arte p\u00fablico de los cuales merece mencionar \u201cPerfiles de Luis A Ferr\u00e9\u201d en PR-52, \u201cGalatea\u201d Marriott Court Yard en Miramar, \u201cHomenaje a Labra\u201d cede del Museo de Arte Contempor\u00e1neo (MAC), \u201cCard\u00famen On\u00edrico\u201d Plaza Rafael Escudero en el Condado, \u201c\u00d1\u00e1ngaro\u201d Autopista Nueva Esparta-Isla Margarita en Venezuela, \u201cLuna de Korea\u201d Korea del Sur, \u201cMundos Paralelos\u201d Guadalajara M\u00e9xico y \u201cTintorera\u201d en Luquillo, su pueblo natal entre otros.<\/p>\n\n\n\n<p>Actualmente es considerado por la cr\u00edtica local e internacional como uno de los escultores m\u00e1s importantes de Puerto Rico, por sus ejecutorias a intervenir con esculturas en espacios urbanos y p\u00fablicos tanto localmente como a nivel internacional.<strong>&nbsp;<\/strong><\/p>\n\n\n\n<figure class=\"wp-block-gallery has-nested-images columns-default is-cropped wp-block-gallery-1 is-layout-flex wp-block-gallery-is-layout-flex\">\n<figure class=\"wp-block-image size-large\"><img decoding=\"async\" width=\"644\" height=\"1024\" data-id=\"189\" src=\"https:\/\/humanidades.uprrp.edu\/bellasartes\/wp-content\/uploads\/sites\/2\/2025\/04\/Screenshot-2025-04-09-at-3.17.48\u202fPM-644x1024.png\" alt=\"\" class=\"wp-image-189\" srcset=\"https:\/\/humanidades.uprrp.edu\/bellasartes\/wp-content\/uploads\/sites\/2\/2025\/04\/Screenshot-2025-04-09-at-3.17.48\u202fPM-644x1024.png 644w, https:\/\/humanidades.uprrp.edu\/bellasartes\/wp-content\/uploads\/sites\/2\/2025\/04\/Screenshot-2025-04-09-at-3.17.48\u202fPM-189x300.png 189w, https:\/\/humanidades.uprrp.edu\/bellasartes\/wp-content\/uploads\/sites\/2\/2025\/04\/Screenshot-2025-04-09-at-3.17.48\u202fPM-768x1221.png 768w, https:\/\/humanidades.uprrp.edu\/bellasartes\/wp-content\/uploads\/sites\/2\/2025\/04\/Screenshot-2025-04-09-at-3.17.48\u202fPM-966x1536.png 966w, https:\/\/humanidades.uprrp.edu\/bellasartes\/wp-content\/uploads\/sites\/2\/2025\/04\/Screenshot-2025-04-09-at-3.17.48\u202fPM-700x1113.png 700w, https:\/\/humanidades.uprrp.edu\/bellasartes\/wp-content\/uploads\/sites\/2\/2025\/04\/Screenshot-2025-04-09-at-3.17.48\u202fPM-332x528.png 332w, https:\/\/humanidades.uprrp.edu\/bellasartes\/wp-content\/uploads\/sites\/2\/2025\/04\/Screenshot-2025-04-09-at-3.17.48\u202fPM-600x954.png 600w, https:\/\/humanidades.uprrp.edu\/bellasartes\/wp-content\/uploads\/sites\/2\/2025\/04\/Screenshot-2025-04-09-at-3.17.48\u202fPM.png 974w\" sizes=\"(max-width: 644px) 100vw, 644px\" \/><\/figure>\n\n\n\n<figure class=\"wp-block-image size-large\"><img decoding=\"async\" width=\"734\" height=\"1024\" data-id=\"190\" src=\"https:\/\/humanidades.uprrp.edu\/bellasartes\/wp-content\/uploads\/sites\/2\/2025\/04\/Screenshot-2025-04-09-at-3.18.07\u202fPM-734x1024.png\" alt=\"\" class=\"wp-image-190\" srcset=\"https:\/\/humanidades.uprrp.edu\/bellasartes\/wp-content\/uploads\/sites\/2\/2025\/04\/Screenshot-2025-04-09-at-3.18.07\u202fPM-734x1024.png 734w, https:\/\/humanidades.uprrp.edu\/bellasartes\/wp-content\/uploads\/sites\/2\/2025\/04\/Screenshot-2025-04-09-at-3.18.07\u202fPM-215x300.png 215w, https:\/\/humanidades.uprrp.edu\/bellasartes\/wp-content\/uploads\/sites\/2\/2025\/04\/Screenshot-2025-04-09-at-3.18.07\u202fPM-768x1071.png 768w, https:\/\/humanidades.uprrp.edu\/bellasartes\/wp-content\/uploads\/sites\/2\/2025\/04\/Screenshot-2025-04-09-at-3.18.07\u202fPM-1102x1536.png 1102w, https:\/\/humanidades.uprrp.edu\/bellasartes\/wp-content\/uploads\/sites\/2\/2025\/04\/Screenshot-2025-04-09-at-3.18.07\u202fPM-700x976.png 700w, https:\/\/humanidades.uprrp.edu\/bellasartes\/wp-content\/uploads\/sites\/2\/2025\/04\/Screenshot-2025-04-09-at-3.18.07\u202fPM-332x463.png 332w, https:\/\/humanidades.uprrp.edu\/bellasartes\/wp-content\/uploads\/sites\/2\/2025\/04\/Screenshot-2025-04-09-at-3.18.07\u202fPM-600x837.png 600w, https:\/\/humanidades.uprrp.edu\/bellasartes\/wp-content\/uploads\/sites\/2\/2025\/04\/Screenshot-2025-04-09-at-3.18.07\u202fPM.png 1172w\" sizes=\"(max-width: 734px) 100vw, 734px\" \/><\/figure>\n\n\n\n<figure class=\"wp-block-image size-large\"><img loading=\"lazy\" decoding=\"async\" width=\"585\" height=\"1024\" data-id=\"191\" src=\"https:\/\/humanidades.uprrp.edu\/bellasartes\/wp-content\/uploads\/sites\/2\/2025\/04\/Screenshot-2025-04-09-at-3.18.23\u202fPM-585x1024.png\" alt=\"\" class=\"wp-image-191\" srcset=\"https:\/\/humanidades.uprrp.edu\/bellasartes\/wp-content\/uploads\/sites\/2\/2025\/04\/Screenshot-2025-04-09-at-3.18.23\u202fPM-585x1024.png 585w, https:\/\/humanidades.uprrp.edu\/bellasartes\/wp-content\/uploads\/sites\/2\/2025\/04\/Screenshot-2025-04-09-at-3.18.23\u202fPM-171x300.png 171w, https:\/\/humanidades.uprrp.edu\/bellasartes\/wp-content\/uploads\/sites\/2\/2025\/04\/Screenshot-2025-04-09-at-3.18.23\u202fPM-768x1345.png 768w, https:\/\/humanidades.uprrp.edu\/bellasartes\/wp-content\/uploads\/sites\/2\/2025\/04\/Screenshot-2025-04-09-at-3.18.23\u202fPM-877x1536.png 877w, https:\/\/humanidades.uprrp.edu\/bellasartes\/wp-content\/uploads\/sites\/2\/2025\/04\/Screenshot-2025-04-09-at-3.18.23\u202fPM-700x1226.png 700w, https:\/\/humanidades.uprrp.edu\/bellasartes\/wp-content\/uploads\/sites\/2\/2025\/04\/Screenshot-2025-04-09-at-3.18.23\u202fPM-332x581.png 332w, https:\/\/humanidades.uprrp.edu\/bellasartes\/wp-content\/uploads\/sites\/2\/2025\/04\/Screenshot-2025-04-09-at-3.18.23\u202fPM-600x1051.png 600w, https:\/\/humanidades.uprrp.edu\/bellasartes\/wp-content\/uploads\/sites\/2\/2025\/04\/Screenshot-2025-04-09-at-3.18.23\u202fPM.png 1062w\" sizes=\"(max-width: 585px) 100vw, 585px\" \/><\/figure>\n<\/figure>\n","protected":false},"excerpt":{"rendered":"<p>Carlos R. Vega Guzm\u00e1n\u00a0\u00a0 (Luquillo, Puerto Rico,1968)Esculturacarlos.vega57@upr.edu En 1986 ingresa a la Universidad de Puerto Rico, donde realiza un Bachillerato en Humanidades del Departamento de Bellas Arte y concentraci\u00f3n en Escultura. En 1987 ingresa al taller del maestro escultor Pablo Rubio y perfecciona t\u00e9cnicas de escultura, obra p\u00fablica, dibujo y &#8230;<\/p>\n","protected":false},"author":2,"featured_media":0,"parent":0,"menu_order":0,"comment_status":"closed","ping_status":"closed","template":"","meta":{"_eb_attr":"","_monsterinsights_skip_tracking":false,"_monsterinsights_sitenote_active":false,"_monsterinsights_sitenote_note":"","_monsterinsights_sitenote_category":0,"footnotes":""},"class_list":["post-186","page","type-page","status-publish","hentry","column","twocol"],"_links":{"self":[{"href":"https:\/\/humanidades.uprrp.edu\/bellasartes\/wp-json\/wp\/v2\/pages\/186","targetHints":{"allow":["GET"]}}],"collection":[{"href":"https:\/\/humanidades.uprrp.edu\/bellasartes\/wp-json\/wp\/v2\/pages"}],"about":[{"href":"https:\/\/humanidades.uprrp.edu\/bellasartes\/wp-json\/wp\/v2\/types\/page"}],"author":[{"embeddable":true,"href":"https:\/\/humanidades.uprrp.edu\/bellasartes\/wp-json\/wp\/v2\/users\/2"}],"replies":[{"embeddable":true,"href":"https:\/\/humanidades.uprrp.edu\/bellasartes\/wp-json\/wp\/v2\/comments?post=186"}],"version-history":[{"count":4,"href":"https:\/\/humanidades.uprrp.edu\/bellasartes\/wp-json\/wp\/v2\/pages\/186\/revisions"}],"predecessor-version":[{"id":206,"href":"https:\/\/humanidades.uprrp.edu\/bellasartes\/wp-json\/wp\/v2\/pages\/186\/revisions\/206"}],"wp:attachment":[{"href":"https:\/\/humanidades.uprrp.edu\/bellasartes\/wp-json\/wp\/v2\/media?parent=186"}],"curies":[{"name":"wp","href":"https:\/\/api.w.org\/{rel}","templated":true}]}}

Carlos R. Vega Guzmán

<div class="wp-block-image">
<figure class="alignleft size-medium"><img fetchpriority="high" decoding="async" width="200" height="300" src="https://humanidades.uprrp.edu/bellasartes/wp-content/uploads/sites/2/2025/04/Carlos-Guzman-200x300.png" alt="" class="wp-image-98" srcset="https://humanidades.uprrp.edu/bellasartes/wp-content/uploads/sites/2/2025/04/Carlos-Guzman-200x300.png 200w, https://humanidades.uprrp.edu/bellasartes/wp-content/uploads/sites/2/2025/04/Carlos-Guzman-683x1024.png 683w, https://humanidades.uprrp.edu/bellasartes/wp-content/uploads/sites/2/2025/04/Carlos-Guzman-768x1151.png 768w, https://humanidades.uprrp.edu/bellasartes/wp-content/uploads/sites/2/2025/04/Carlos-Guzman-700x1049.png 700w, https://humanidades.uprrp.edu/bellasartes/wp-content/uploads/sites/2/2025/04/Carlos-Guzman-332x498.png 332w, https://humanidades.uprrp.edu/bellasartes/wp-content/uploads/sites/2/2025/04/Carlos-Guzman-600x899.png 600w, https://humanidades.uprrp.edu/bellasartes/wp-content/uploads/sites/2/2025/04/Carlos-Guzman.png 834w" sizes="(max-width: 200px) 100vw, 200px" /></figure>
</div>


<p><strong>Carlos R. Vega Guzmán   (</strong>Luquillo, Puerto Rico,1968<strong>)</strong><br>Escultura<br><a href="mailto:carlos.vega57@upr.edu">carlos.vega57@upr.edu</a> </p>



<p>En 1986 ingresa a la Universidad de Puerto Rico, donde realiza un Bachillerato en Humanidades del Departamento de Bellas Arte y concentración en Escultura. En 1987 ingresa al taller del maestro escultor Pablo Rubio y perfecciona técnicas de escultura, obra pública, dibujo y pintura durante 8 años. Trabaja y se hace ayudante principal de Rubio llevando a cabo importantes monumentos de éste, entre los cuales se pueden destacar: “Cristales de la Paz” Sevilla, España 1992 y “Encuentro en Tiempo y Espacio”, Seúl, Corea 1988.</p>



<p>Con más de una treintena de exposiciones colectivas, 15 exposiciones individuales y 26 proyectos de arte público y urbano, Carlos Guzmán se ha mantenido activo durante 28 años de carrera ininterrumpida. Para el 1999 es miembro fundador de la Asociación de Artistas Plásticos de Puerto Rico (APAP)-(AIAP) UNESCO como tesorero y co-coordinador de la exposición Puerto Rico en Paris UNESCO.</p>



<p>Desde su graduación en 1991, ha llevado a cabo importantes proyectos de arte público de los cuales merece mencionar “Perfiles de Luis A Ferré” en PR-52, “Galatea” Marriott Court Yard en Miramar, “Homenaje a Labra” cede del Museo de Arte Contemporáneo (MAC), “Cardúmen Onírico” Plaza Rafael Escudero en el Condado, “Ñángaro” Autopista Nueva Esparta-Isla Margarita en Venezuela, “Luna de Korea” Korea del Sur, “Mundos Paralelos” Guadalajara México y “Tintorera” en Luquillo, su pueblo natal entre otros.</p>



<p>Actualmente es considerado por la crítica local e internacional como uno de los escultores más importantes de Puerto Rico, por sus ejecutorias a intervenir con esculturas en espacios urbanos y públicos tanto localmente como a nivel internacional.<strong>&nbsp;</strong></p>



<figure class="wp-block-gallery has-nested-images columns-default is-cropped wp-block-gallery-1 is-layout-flex wp-block-gallery-is-layout-flex">
<figure class="wp-block-image size-large"><img decoding="async" width="644" height="1024" data-id="189" src="https://humanidades.uprrp.edu/bellasartes/wp-content/uploads/sites/2/2025/04/Screenshot-2025-04-09-at-3.17.48 PM-644x1024.png" alt="" class="wp-image-189" srcset="https://humanidades.uprrp.edu/bellasartes/wp-content/uploads/sites/2/2025/04/Screenshot-2025-04-09-at-3.17.48 PM-644x1024.png 644w, https://humanidades.uprrp.edu/bellasartes/wp-content/uploads/sites/2/2025/04/Screenshot-2025-04-09-at-3.17.48 PM-189x300.png 189w, https://humanidades.uprrp.edu/bellasartes/wp-content/uploads/sites/2/2025/04/Screenshot-2025-04-09-at-3.17.48 PM-768x1221.png 768w, https://humanidades.uprrp.edu/bellasartes/wp-content/uploads/sites/2/2025/04/Screenshot-2025-04-09-at-3.17.48 PM-966x1536.png 966w, https://humanidades.uprrp.edu/bellasartes/wp-content/uploads/sites/2/2025/04/Screenshot-2025-04-09-at-3.17.48 PM-700x1113.png 700w, https://humanidades.uprrp.edu/bellasartes/wp-content/uploads/sites/2/2025/04/Screenshot-2025-04-09-at-3.17.48 PM-332x528.png 332w, https://humanidades.uprrp.edu/bellasartes/wp-content/uploads/sites/2/2025/04/Screenshot-2025-04-09-at-3.17.48 PM-600x954.png 600w, https://humanidades.uprrp.edu/bellasartes/wp-content/uploads/sites/2/2025/04/Screenshot-2025-04-09-at-3.17.48 PM.png 974w" sizes="(max-width: 644px) 100vw, 644px" /></figure>



<figure class="wp-block-image size-large"><img decoding="async" width="734" height="1024" data-id="190" src="https://humanidades.uprrp.edu/bellasartes/wp-content/uploads/sites/2/2025/04/Screenshot-2025-04-09-at-3.18.07 PM-734x1024.png" alt="" class="wp-image-190" srcset="https://humanidades.uprrp.edu/bellasartes/wp-content/uploads/sites/2/2025/04/Screenshot-2025-04-09-at-3.18.07 PM-734x1024.png 734w, https://humanidades.uprrp.edu/bellasartes/wp-content/uploads/sites/2/2025/04/Screenshot-2025-04-09-at-3.18.07 PM-215x300.png 215w, https://humanidades.uprrp.edu/bellasartes/wp-content/uploads/sites/2/2025/04/Screenshot-2025-04-09-at-3.18.07 PM-768x1071.png 768w, https://humanidades.uprrp.edu/bellasartes/wp-content/uploads/sites/2/2025/04/Screenshot-2025-04-09-at-3.18.07 PM-1102x1536.png 1102w, https://humanidades.uprrp.edu/bellasartes/wp-content/uploads/sites/2/2025/04/Screenshot-2025-04-09-at-3.18.07 PM-700x976.png 700w, https://humanidades.uprrp.edu/bellasartes/wp-content/uploads/sites/2/2025/04/Screenshot-2025-04-09-at-3.18.07 PM-332x463.png 332w, https://humanidades.uprrp.edu/bellasartes/wp-content/uploads/sites/2/2025/04/Screenshot-2025-04-09-at-3.18.07 PM-600x837.png 600w, https://humanidades.uprrp.edu/bellasartes/wp-content/uploads/sites/2/2025/04/Screenshot-2025-04-09-at-3.18.07 PM.png 1172w" sizes="(max-width: 734px) 100vw, 734px" /></figure>



<figure class="wp-block-image size-large"><img loading="lazy" decoding="async" width="585" height="1024" data-id="191" src="https://humanidades.uprrp.edu/bellasartes/wp-content/uploads/sites/2/2025/04/Screenshot-2025-04-09-at-3.18.23 PM-585x1024.png" alt="" class="wp-image-191" srcset="https://humanidades.uprrp.edu/bellasartes/wp-content/uploads/sites/2/2025/04/Screenshot-2025-04-09-at-3.18.23 PM-585x1024.png 585w, https://humanidades.uprrp.edu/bellasartes/wp-content/uploads/sites/2/2025/04/Screenshot-2025-04-09-at-3.18.23 PM-171x300.png 171w, https://humanidades.uprrp.edu/bellasartes/wp-content/uploads/sites/2/2025/04/Screenshot-2025-04-09-at-3.18.23 PM-768x1345.png 768w, https://humanidades.uprrp.edu/bellasartes/wp-content/uploads/sites/2/2025/04/Screenshot-2025-04-09-at-3.18.23 PM-877x1536.png 877w, https://humanidades.uprrp.edu/bellasartes/wp-content/uploads/sites/2/2025/04/Screenshot-2025-04-09-at-3.18.23 PM-700x1226.png 700w, https://humanidades.uprrp.edu/bellasartes/wp-content/uploads/sites/2/2025/04/Screenshot-2025-04-09-at-3.18.23 PM-332x581.png 332w, https://humanidades.uprrp.edu/bellasartes/wp-content/uploads/sites/2/2025/04/Screenshot-2025-04-09-at-3.18.23 PM-600x1051.png 600w, https://humanidades.uprrp.edu/bellasartes/wp-content/uploads/sites/2/2025/04/Screenshot-2025-04-09-at-3.18.23 PM.png 1062w" sizes="(max-width: 585px) 100vw, 585px" /></figure>
</figure>

<p>Carlos R. Vega Guzmán   (Luquillo, Puerto Rico,1968)Esculturacarlos.vega57@upr.edu En 1986 ingresa a la Universidad de Puerto Rico, donde realiza un Bachillerato en Humanidades del Departamento de Bellas Arte y concentración en Escultura. En 1987 ingresa al taller del maestro escultor Pablo Rubio y perfecciona técnicas de escultura, obra pública, dibujo y &#8230;</p>
