{"id":174,"date":"2025-04-09T15:14:22","date_gmt":"2025-04-09T19:14:22","guid":{"rendered":"https:\/\/humanidades.uprrp.edu\/bellasartes\/?page_id=174"},"modified":"2025-04-09T15:22:13","modified_gmt":"2025-04-09T19:22:13","slug":"anna-nilda-nicholson-rivera","status":"publish","type":"page","link":"https:\/\/humanidades.uprrp.edu\/bellasartes\/anna-nilda-nicholson-rivera\/","title":{"rendered":"Anna Nilda Nicholson Rivera"},"content":{"rendered":"<div class=\"wp-block-image\">\n<figure class=\"alignleft size-medium\"><img fetchpriority=\"high\" decoding=\"async\" width=\"200\" height=\"300\" src=\"https:\/\/humanidades.uprrp.edu\/bellasartes\/wp-content\/uploads\/sites\/2\/2025\/04\/Nicholson-200x300.png\" alt=\"\" class=\"wp-image-92\" srcset=\"https:\/\/humanidades.uprrp.edu\/bellasartes\/wp-content\/uploads\/sites\/2\/2025\/04\/Nicholson-200x300.png 200w, https:\/\/humanidades.uprrp.edu\/bellasartes\/wp-content\/uploads\/sites\/2\/2025\/04\/Nicholson-683x1024.png 683w, https:\/\/humanidades.uprrp.edu\/bellasartes\/wp-content\/uploads\/sites\/2\/2025\/04\/Nicholson-768x1151.png 768w, https:\/\/humanidades.uprrp.edu\/bellasartes\/wp-content\/uploads\/sites\/2\/2025\/04\/Nicholson-700x1049.png 700w, https:\/\/humanidades.uprrp.edu\/bellasartes\/wp-content\/uploads\/sites\/2\/2025\/04\/Nicholson-332x498.png 332w, https:\/\/humanidades.uprrp.edu\/bellasartes\/wp-content\/uploads\/sites\/2\/2025\/04\/Nicholson-600x899.png 600w, https:\/\/humanidades.uprrp.edu\/bellasartes\/wp-content\/uploads\/sites\/2\/2025\/04\/Nicholson.png 834w\" sizes=\"(max-width: 200px) 100vw, 200px\" \/><\/figure>\n<\/div>\n\n\n<p><strong>Anna Nilda Nicholson Rivera<\/strong><br>Grabado<br><a href=\"mailto:anna.nicholson@upr.edu\">anna.nicholson@upr.edu<\/a><\/p>\n\n\n\n<p>Es una artista internacional puertorrique\u00f1a, residente en San Juan, Puerto Rico. Anna es profesora de la Universidad de Puerto Rico Recinto de R\u00edo Piedras desde 2016 ofrece talleres independientes en el Atelier 277. Estudi\u00f3 en la Universidad de Puerto Rico (BFA 1982-86); Universidad Aut\u00f3noma de M\u00e9xico, (Grabado y Pintura 1992-93); Universidad de Buenos Aires, Escuela Superior Ernesto de la C\u00e1rcova (M.F.A Grabado 1994-99) y complet\u00f3 su Maestr\u00eda en Dise\u00f1o Digital Atlantic University College. Desde 1986 participa activamente exhibiendo sus obras en las Fiestas de la Calle San Sebasti\u00e1n, Cuartel de Ballaj\u00e1, Instituto de Cultura Puertorrique\u00f1a. Este conmemor\u00f3 40 a\u00f1os de participaci\u00f3n continua. Anna investiga la identidad de las texturas en sus grabados y litograf\u00edas mientras explora figuras femeninas y los temas de la ciudad en sus pinturas.<\/p>\n\n\n\n<p>&nbsp;Ha exhibido extensamente en cerca de 60 exhibiciones colectivas e individuales desde 1977. Sus trabajos han recibido premios internacionales y han sido seleccionados para su inclusi\u00f3n en muchas exhibiciones prestigiosas y bienales en Espa\u00f1a, Portugal, Finlandia, Bulgaria, Italia, Reino Unido, Francia, Eslovenia,Croacia, Jap\u00f3n, Corea, China, M\u00e9xico, Panam\u00e1, Rep\u00fablica Dominicana, Estados Unidos y Puerto Rico. Ha sido comisionada a realizar esculturas monumentales para el Proyecto de Arte P\u00fablico 2002-2004. Es co-fundadora del Taller 34, Inc., una empresa constructora de Arte y Arquitectura que tiene como base la ciudad de San Juan, Puerto Rico. Nicholson ha realizado m\u00e1s de 50 carteles para distintas entidades para sus celebraciones conmemorativas, recordatorios de bodas e invitaciones corporativas.<\/p>\n\n\n\n<p>En el 2010, Anna fue seleccionada finalista para los premios de honor en la Bienal de Tokio. En abril de 2011, fue invitada a exponer sus obras y a ofrecer un taller de grabado en la Universidad de Texas Pan-American. En marzo de 2014, fue elegida por votaci\u00f3n Member at Large de la Junta de Directores de la organizaci\u00f3n de conferencias anuales de la Southern Graphics Council International Conference como tambi\u00e9n miembro de las Jornadas del Grabado Puertorrique\u00f1o y la Asociaci\u00f3n de Graduadas de la Universidad de Puerto Rico. Anna Nicholson es miembro vocal de la Junta de Directores de la Entidad Familias Capaces, llevando el arte como medio de terapia en la comunidad de San Juan. Anna dona su tiempo libre a entidades como la Casa de la Providencia en el Viejo San Juan, Colecci\u00f3n de las Artes Sistema de Bibliotecas Universidad de Puerto Rico y ofrece talleres a j\u00f3venes confinados en el sistema penitenciario de Ponce y Bayam\u00f3n.<\/p>\n\n\n\n<p>En 2020 funda junto a Nydia Fernanez Toledo el Atelier 277, una entidad sin fines de lucro que tiene como misi\u00f3n fomentar iniciativas culturales relacionadas con el arte contempor\u00e1neo. Desde el 2002 se inici\u00f3 como profesora en la Universidad Interamericana de San Germ\u00e1n, impartiendo cursos de grabado en el Programa de Maestr\u00eda en Artes. Luego, ejerci\u00f3 como profesora en cursos de Fundamentos del Grabado en la Escuela de Artes Pl\u00e1sticas. Desde el 2016 ofrece cursos de colograf\u00eda, litograf\u00eda, taller de papel hecho a mano y dise\u00f1o digital en la Universidad de Puerto Rico, Recinto de R\u00edo Piedras Departamento de Bellas Artes.<\/p>\n\n\n\n<figure class=\"wp-block-gallery has-nested-images columns-default is-cropped wp-block-gallery-1 is-layout-flex wp-block-gallery-is-layout-flex\">\n<figure class=\"wp-block-image size-large\"><img decoding=\"async\" width=\"753\" height=\"1024\" data-id=\"175\" src=\"https:\/\/humanidades.uprrp.edu\/bellasartes\/wp-content\/uploads\/sites\/2\/2025\/04\/Screenshot-2025-04-09-at-3.12.58\u202fPM-753x1024.png\" alt=\"\" class=\"wp-image-175\" srcset=\"https:\/\/humanidades.uprrp.edu\/bellasartes\/wp-content\/uploads\/sites\/2\/2025\/04\/Screenshot-2025-04-09-at-3.12.58\u202fPM-753x1024.png 753w, https:\/\/humanidades.uprrp.edu\/bellasartes\/wp-content\/uploads\/sites\/2\/2025\/04\/Screenshot-2025-04-09-at-3.12.58\u202fPM-221x300.png 221w, https:\/\/humanidades.uprrp.edu\/bellasartes\/wp-content\/uploads\/sites\/2\/2025\/04\/Screenshot-2025-04-09-at-3.12.58\u202fPM-768x1044.png 768w, https:\/\/humanidades.uprrp.edu\/bellasartes\/wp-content\/uploads\/sites\/2\/2025\/04\/Screenshot-2025-04-09-at-3.12.58\u202fPM-1130x1536.png 1130w, https:\/\/humanidades.uprrp.edu\/bellasartes\/wp-content\/uploads\/sites\/2\/2025\/04\/Screenshot-2025-04-09-at-3.12.58\u202fPM-700x951.png 700w, https:\/\/humanidades.uprrp.edu\/bellasartes\/wp-content\/uploads\/sites\/2\/2025\/04\/Screenshot-2025-04-09-at-3.12.58\u202fPM-332x451.png 332w, https:\/\/humanidades.uprrp.edu\/bellasartes\/wp-content\/uploads\/sites\/2\/2025\/04\/Screenshot-2025-04-09-at-3.12.58\u202fPM-600x815.png 600w, https:\/\/humanidades.uprrp.edu\/bellasartes\/wp-content\/uploads\/sites\/2\/2025\/04\/Screenshot-2025-04-09-at-3.12.58\u202fPM.png 1376w\" sizes=\"(max-width: 753px) 100vw, 753px\" \/><\/figure>\n\n\n\n<figure class=\"wp-block-image size-large\"><img decoding=\"async\" width=\"1024\" height=\"789\" data-id=\"176\" src=\"https:\/\/humanidades.uprrp.edu\/bellasartes\/wp-content\/uploads\/sites\/2\/2025\/04\/Screenshot-2025-04-09-at-3.13.14\u202fPM-1024x789.png\" alt=\"\" class=\"wp-image-176\" srcset=\"https:\/\/humanidades.uprrp.edu\/bellasartes\/wp-content\/uploads\/sites\/2\/2025\/04\/Screenshot-2025-04-09-at-3.13.14\u202fPM-1024x789.png 1024w, https:\/\/humanidades.uprrp.edu\/bellasartes\/wp-content\/uploads\/sites\/2\/2025\/04\/Screenshot-2025-04-09-at-3.13.14\u202fPM-300x231.png 300w, https:\/\/humanidades.uprrp.edu\/bellasartes\/wp-content\/uploads\/sites\/2\/2025\/04\/Screenshot-2025-04-09-at-3.13.14\u202fPM-768x591.png 768w, https:\/\/humanidades.uprrp.edu\/bellasartes\/wp-content\/uploads\/sites\/2\/2025\/04\/Screenshot-2025-04-09-at-3.13.14\u202fPM-1536x1183.png 1536w, https:\/\/humanidades.uprrp.edu\/bellasartes\/wp-content\/uploads\/sites\/2\/2025\/04\/Screenshot-2025-04-09-at-3.13.14\u202fPM-700x539.png 700w, https:\/\/humanidades.uprrp.edu\/bellasartes\/wp-content\/uploads\/sites\/2\/2025\/04\/Screenshot-2025-04-09-at-3.13.14\u202fPM-332x256.png 332w, https:\/\/humanidades.uprrp.edu\/bellasartes\/wp-content\/uploads\/sites\/2\/2025\/04\/Screenshot-2025-04-09-at-3.13.14\u202fPM-600x462.png 600w, https:\/\/humanidades.uprrp.edu\/bellasartes\/wp-content\/uploads\/sites\/2\/2025\/04\/Screenshot-2025-04-09-at-3.13.14\u202fPM.png 1766w\" sizes=\"(max-width: 1024px) 100vw, 1024px\" \/><\/figure>\n\n\n\n<figure class=\"wp-block-image size-large\"><img loading=\"lazy\" decoding=\"async\" width=\"1024\" height=\"916\" data-id=\"177\" src=\"https:\/\/humanidades.uprrp.edu\/bellasartes\/wp-content\/uploads\/sites\/2\/2025\/04\/Screenshot-2025-04-09-at-3.13.38\u202fPM-1024x916.png\" alt=\"\" class=\"wp-image-177\" srcset=\"https:\/\/humanidades.uprrp.edu\/bellasartes\/wp-content\/uploads\/sites\/2\/2025\/04\/Screenshot-2025-04-09-at-3.13.38\u202fPM-1024x916.png 1024w, https:\/\/humanidades.uprrp.edu\/bellasartes\/wp-content\/uploads\/sites\/2\/2025\/04\/Screenshot-2025-04-09-at-3.13.38\u202fPM-300x268.png 300w, https:\/\/humanidades.uprrp.edu\/bellasartes\/wp-content\/uploads\/sites\/2\/2025\/04\/Screenshot-2025-04-09-at-3.13.38\u202fPM-768x687.png 768w, https:\/\/humanidades.uprrp.edu\/bellasartes\/wp-content\/uploads\/sites\/2\/2025\/04\/Screenshot-2025-04-09-at-3.13.38\u202fPM-1536x1374.png 1536w, https:\/\/humanidades.uprrp.edu\/bellasartes\/wp-content\/uploads\/sites\/2\/2025\/04\/Screenshot-2025-04-09-at-3.13.38\u202fPM-700x626.png 700w, https:\/\/humanidades.uprrp.edu\/bellasartes\/wp-content\/uploads\/sites\/2\/2025\/04\/Screenshot-2025-04-09-at-3.13.38\u202fPM-332x297.png 332w, https:\/\/humanidades.uprrp.edu\/bellasartes\/wp-content\/uploads\/sites\/2\/2025\/04\/Screenshot-2025-04-09-at-3.13.38\u202fPM-600x537.png 600w, https:\/\/humanidades.uprrp.edu\/bellasartes\/wp-content\/uploads\/sites\/2\/2025\/04\/Screenshot-2025-04-09-at-3.13.38\u202fPM.png 1764w\" sizes=\"(max-width: 1024px) 100vw, 1024px\" \/><\/figure>\n<\/figure>\n","protected":false},"excerpt":{"rendered":"<p>Anna Nilda Nicholson RiveraGrabadoanna.nicholson@upr.edu Es una artista internacional puertorrique\u00f1a, residente en San Juan, Puerto Rico. Anna es profesora de la Universidad de Puerto Rico Recinto de R\u00edo Piedras desde 2016 ofrece talleres independientes en el Atelier 277. Estudi\u00f3 en la Universidad de Puerto Rico (BFA 1982-86); Universidad Aut\u00f3noma de M\u00e9xico, &#8230;<\/p>\n","protected":false},"author":2,"featured_media":0,"parent":0,"menu_order":0,"comment_status":"closed","ping_status":"closed","template":"","meta":{"_eb_attr":"","_monsterinsights_skip_tracking":false,"_monsterinsights_sitenote_active":false,"_monsterinsights_sitenote_note":"","_monsterinsights_sitenote_category":0,"footnotes":""},"class_list":["post-174","page","type-page","status-publish","hentry","column","twocol"],"_links":{"self":[{"href":"https:\/\/humanidades.uprrp.edu\/bellasartes\/wp-json\/wp\/v2\/pages\/174","targetHints":{"allow":["GET"]}}],"collection":[{"href":"https:\/\/humanidades.uprrp.edu\/bellasartes\/wp-json\/wp\/v2\/pages"}],"about":[{"href":"https:\/\/humanidades.uprrp.edu\/bellasartes\/wp-json\/wp\/v2\/types\/page"}],"author":[{"embeddable":true,"href":"https:\/\/humanidades.uprrp.edu\/bellasartes\/wp-json\/wp\/v2\/users\/2"}],"replies":[{"embeddable":true,"href":"https:\/\/humanidades.uprrp.edu\/bellasartes\/wp-json\/wp\/v2\/comments?post=174"}],"version-history":[{"count":2,"href":"https:\/\/humanidades.uprrp.edu\/bellasartes\/wp-json\/wp\/v2\/pages\/174\/revisions"}],"predecessor-version":[{"id":197,"href":"https:\/\/humanidades.uprrp.edu\/bellasartes\/wp-json\/wp\/v2\/pages\/174\/revisions\/197"}],"wp:attachment":[{"href":"https:\/\/humanidades.uprrp.edu\/bellasartes\/wp-json\/wp\/v2\/media?parent=174"}],"curies":[{"name":"wp","href":"https:\/\/api.w.org\/{rel}","templated":true}]}}

<div class="wp-block-image">
<figure class="alignleft size-medium"><img fetchpriority="high" decoding="async" width="200" height="300" src="https://humanidades.uprrp.edu/bellasartes/wp-content/uploads/sites/2/2025/04/Nicholson-200x300.png" alt="" class="wp-image-92" srcset="https://humanidades.uprrp.edu/bellasartes/wp-content/uploads/sites/2/2025/04/Nicholson-200x300.png 200w, https://humanidades.uprrp.edu/bellasartes/wp-content/uploads/sites/2/2025/04/Nicholson-683x1024.png 683w, https://humanidades.uprrp.edu/bellasartes/wp-content/uploads/sites/2/2025/04/Nicholson-768x1151.png 768w, https://humanidades.uprrp.edu/bellasartes/wp-content/uploads/sites/2/2025/04/Nicholson-700x1049.png 700w, https://humanidades.uprrp.edu/bellasartes/wp-content/uploads/sites/2/2025/04/Nicholson-332x498.png 332w, https://humanidades.uprrp.edu/bellasartes/wp-content/uploads/sites/2/2025/04/Nicholson-600x899.png 600w, https://humanidades.uprrp.edu/bellasartes/wp-content/uploads/sites/2/2025/04/Nicholson.png 834w" sizes="(max-width: 200px) 100vw, 200px" /></figure>
</div>


<p><strong>Anna Nilda Nicholson Rivera</strong><br>Grabado<br><a href="mailto:anna.nicholson@upr.edu">anna.nicholson@upr.edu</a></p>



<p>Es una artista internacional puertorriqueña, residente en San Juan, Puerto Rico. Anna es profesora de la Universidad de Puerto Rico Recinto de Río Piedras desde 2016 ofrece talleres independientes en el Atelier 277. Estudió en la Universidad de Puerto Rico (BFA 1982-86); Universidad Autónoma de México, (Grabado y Pintura 1992-93); Universidad de Buenos Aires, Escuela Superior Ernesto de la Cárcova (M.F.A Grabado 1994-99) y completó su Maestría en Diseño Digital Atlantic University College. Desde 1986 participa activamente exhibiendo sus obras en las Fiestas de la Calle San Sebastián, Cuartel de Ballajá, Instituto de Cultura Puertorriqueña. Este conmemoró 40 años de participación continua. Anna investiga la identidad de las texturas en sus grabados y litografías mientras explora figuras femeninas y los temas de la ciudad en sus pinturas.</p>



<p>&nbsp;Ha exhibido extensamente en cerca de 60 exhibiciones colectivas e individuales desde 1977. Sus trabajos han recibido premios internacionales y han sido seleccionados para su inclusión en muchas exhibiciones prestigiosas y bienales en España, Portugal, Finlandia, Bulgaria, Italia, Reino Unido, Francia, Eslovenia,Croacia, Japón, Corea, China, México, Panamá, República Dominicana, Estados Unidos y Puerto Rico. Ha sido comisionada a realizar esculturas monumentales para el Proyecto de Arte Público 2002-2004. Es co-fundadora del Taller 34, Inc., una empresa constructora de Arte y Arquitectura que tiene como base la ciudad de San Juan, Puerto Rico. Nicholson ha realizado más de 50 carteles para distintas entidades para sus celebraciones conmemorativas, recordatorios de bodas e invitaciones corporativas.</p>



<p>En el 2010, Anna fue seleccionada finalista para los premios de honor en la Bienal de Tokio. En abril de 2011, fue invitada a exponer sus obras y a ofrecer un taller de grabado en la Universidad de Texas Pan-American. En marzo de 2014, fue elegida por votación Member at Large de la Junta de Directores de la organización de conferencias anuales de la Southern Graphics Council International Conference como también miembro de las Jornadas del Grabado Puertorriqueño y la Asociación de Graduadas de la Universidad de Puerto Rico. Anna Nicholson es miembro vocal de la Junta de Directores de la Entidad Familias Capaces, llevando el arte como medio de terapia en la comunidad de San Juan. Anna dona su tiempo libre a entidades como la Casa de la Providencia en el Viejo San Juan, Colección de las Artes Sistema de Bibliotecas Universidad de Puerto Rico y ofrece talleres a jóvenes confinados en el sistema penitenciario de Ponce y Bayamón.</p>



<p>En 2020 funda junto a Nydia Fernanez Toledo el Atelier 277, una entidad sin fines de lucro que tiene como misión fomentar iniciativas culturales relacionadas con el arte contemporáneo. Desde el 2002 se inició como profesora en la Universidad Interamericana de San Germán, impartiendo cursos de grabado en el Programa de Maestría en Artes. Luego, ejerció como profesora en cursos de Fundamentos del Grabado en la Escuela de Artes Plásticas. Desde el 2016 ofrece cursos de colografía, litografía, taller de papel hecho a mano y diseño digital en la Universidad de Puerto Rico, Recinto de Río Piedras Departamento de Bellas Artes.</p>



<figure class="wp-block-gallery has-nested-images columns-default is-cropped wp-block-gallery-1 is-layout-flex wp-block-gallery-is-layout-flex">
<figure class="wp-block-image size-large"><img decoding="async" width="753" height="1024" data-id="175" src="https://humanidades.uprrp.edu/bellasartes/wp-content/uploads/sites/2/2025/04/Screenshot-2025-04-09-at-3.12.58 PM-753x1024.png" alt="" class="wp-image-175" srcset="https://humanidades.uprrp.edu/bellasartes/wp-content/uploads/sites/2/2025/04/Screenshot-2025-04-09-at-3.12.58 PM-753x1024.png 753w, https://humanidades.uprrp.edu/bellasartes/wp-content/uploads/sites/2/2025/04/Screenshot-2025-04-09-at-3.12.58 PM-221x300.png 221w, https://humanidades.uprrp.edu/bellasartes/wp-content/uploads/sites/2/2025/04/Screenshot-2025-04-09-at-3.12.58 PM-768x1044.png 768w, https://humanidades.uprrp.edu/bellasartes/wp-content/uploads/sites/2/2025/04/Screenshot-2025-04-09-at-3.12.58 PM-1130x1536.png 1130w, https://humanidades.uprrp.edu/bellasartes/wp-content/uploads/sites/2/2025/04/Screenshot-2025-04-09-at-3.12.58 PM-700x951.png 700w, https://humanidades.uprrp.edu/bellasartes/wp-content/uploads/sites/2/2025/04/Screenshot-2025-04-09-at-3.12.58 PM-332x451.png 332w, https://humanidades.uprrp.edu/bellasartes/wp-content/uploads/sites/2/2025/04/Screenshot-2025-04-09-at-3.12.58 PM-600x815.png 600w, https://humanidades.uprrp.edu/bellasartes/wp-content/uploads/sites/2/2025/04/Screenshot-2025-04-09-at-3.12.58 PM.png 1376w" sizes="(max-width: 753px) 100vw, 753px" /></figure>



<figure class="wp-block-image size-large"><img decoding="async" width="1024" height="789" data-id="176" src="https://humanidades.uprrp.edu/bellasartes/wp-content/uploads/sites/2/2025/04/Screenshot-2025-04-09-at-3.13.14 PM-1024x789.png" alt="" class="wp-image-176" srcset="https://humanidades.uprrp.edu/bellasartes/wp-content/uploads/sites/2/2025/04/Screenshot-2025-04-09-at-3.13.14 PM-1024x789.png 1024w, https://humanidades.uprrp.edu/bellasartes/wp-content/uploads/sites/2/2025/04/Screenshot-2025-04-09-at-3.13.14 PM-300x231.png 300w, https://humanidades.uprrp.edu/bellasartes/wp-content/uploads/sites/2/2025/04/Screenshot-2025-04-09-at-3.13.14 PM-768x591.png 768w, https://humanidades.uprrp.edu/bellasartes/wp-content/uploads/sites/2/2025/04/Screenshot-2025-04-09-at-3.13.14 PM-1536x1183.png 1536w, https://humanidades.uprrp.edu/bellasartes/wp-content/uploads/sites/2/2025/04/Screenshot-2025-04-09-at-3.13.14 PM-700x539.png 700w, https://humanidades.uprrp.edu/bellasartes/wp-content/uploads/sites/2/2025/04/Screenshot-2025-04-09-at-3.13.14 PM-332x256.png 332w, https://humanidades.uprrp.edu/bellasartes/wp-content/uploads/sites/2/2025/04/Screenshot-2025-04-09-at-3.13.14 PM-600x462.png 600w, https://humanidades.uprrp.edu/bellasartes/wp-content/uploads/sites/2/2025/04/Screenshot-2025-04-09-at-3.13.14 PM.png 1766w" sizes="(max-width: 1024px) 100vw, 1024px" /></figure>



<figure class="wp-block-image size-large"><img loading="lazy" decoding="async" width="1024" height="916" data-id="177" src="https://humanidades.uprrp.edu/bellasartes/wp-content/uploads/sites/2/2025/04/Screenshot-2025-04-09-at-3.13.38 PM-1024x916.png" alt="" class="wp-image-177" srcset="https://humanidades.uprrp.edu/bellasartes/wp-content/uploads/sites/2/2025/04/Screenshot-2025-04-09-at-3.13.38 PM-1024x916.png 1024w, https://humanidades.uprrp.edu/bellasartes/wp-content/uploads/sites/2/2025/04/Screenshot-2025-04-09-at-3.13.38 PM-300x268.png 300w, https://humanidades.uprrp.edu/bellasartes/wp-content/uploads/sites/2/2025/04/Screenshot-2025-04-09-at-3.13.38 PM-768x687.png 768w, https://humanidades.uprrp.edu/bellasartes/wp-content/uploads/sites/2/2025/04/Screenshot-2025-04-09-at-3.13.38 PM-1536x1374.png 1536w, https://humanidades.uprrp.edu/bellasartes/wp-content/uploads/sites/2/2025/04/Screenshot-2025-04-09-at-3.13.38 PM-700x626.png 700w, https://humanidades.uprrp.edu/bellasartes/wp-content/uploads/sites/2/2025/04/Screenshot-2025-04-09-at-3.13.38 PM-332x297.png 332w, https://humanidades.uprrp.edu/bellasartes/wp-content/uploads/sites/2/2025/04/Screenshot-2025-04-09-at-3.13.38 PM-600x537.png 600w, https://humanidades.uprrp.edu/bellasartes/wp-content/uploads/sites/2/2025/04/Screenshot-2025-04-09-at-3.13.38 PM.png 1764w" sizes="(max-width: 1024px) 100vw, 1024px" /></figure>
</figure>

<p>Anna Nilda Nicholson RiveraGrabadoanna.nicholson@upr.edu Es una artista internacional puertorriqueña, residente en San Juan, Puerto Rico. Anna es profesora de la Universidad de Puerto Rico Recinto de Río Piedras desde 2016 ofrece talleres independientes en el Atelier 277. Estudió en la Universidad de Puerto Rico (BFA 1982-86); Universidad Autónoma de México, &#8230;</p>
