{"id":156,"date":"2025-04-09T15:02:58","date_gmt":"2025-04-09T19:02:58","guid":{"rendered":"https:\/\/humanidades.uprrp.edu\/bellasartes\/?page_id=156"},"modified":"2025-04-09T15:05:34","modified_gmt":"2025-04-09T19:05:34","slug":"javier-maldonado-ofarrill","status":"publish","type":"page","link":"https:\/\/humanidades.uprrp.edu\/bellasartes\/javier-maldonado-ofarrill\/","title":{"rendered":"Javier Maldonado O\u2019Farrill"},"content":{"rendered":"<div class=\"wp-block-image\">\n<figure class=\"alignleft size-medium\"><img fetchpriority=\"high\" decoding=\"async\" width=\"200\" height=\"300\" src=\"https:\/\/humanidades.uprrp.edu\/bellasartes\/wp-content\/uploads\/sites\/2\/2025\/04\/Javier-200x300.png\" alt=\"\" class=\"wp-image-91\" srcset=\"https:\/\/humanidades.uprrp.edu\/bellasartes\/wp-content\/uploads\/sites\/2\/2025\/04\/Javier-200x300.png 200w, https:\/\/humanidades.uprrp.edu\/bellasartes\/wp-content\/uploads\/sites\/2\/2025\/04\/Javier-683x1024.png 683w, https:\/\/humanidades.uprrp.edu\/bellasartes\/wp-content\/uploads\/sites\/2\/2025\/04\/Javier-768x1151.png 768w, https:\/\/humanidades.uprrp.edu\/bellasartes\/wp-content\/uploads\/sites\/2\/2025\/04\/Javier-700x1049.png 700w, https:\/\/humanidades.uprrp.edu\/bellasartes\/wp-content\/uploads\/sites\/2\/2025\/04\/Javier-332x498.png 332w, https:\/\/humanidades.uprrp.edu\/bellasartes\/wp-content\/uploads\/sites\/2\/2025\/04\/Javier-600x899.png 600w, https:\/\/humanidades.uprrp.edu\/bellasartes\/wp-content\/uploads\/sites\/2\/2025\/04\/Javier.png 834w\" sizes=\"(max-width: 200px) 100vw, 200px\" \/><\/figure>\n<\/div>\n\n\n<p><strong>Javier Maldonado O\u2019Farrill<\/strong> (Trujillo Alto, Puerto Rico1976)<br>Grabado<br><a href=\"mailto:javier.maldonado5@upr.edu\">javier.maldonado5@upr.edu<\/a><\/p>\n\n\n\n<p>Posee una Maestr\u00eda en Artes Pl\u00e1sticas (MFA), concentraci\u00f3n en Grabado No-T\u00f3xico&nbsp; y menor en pintura, del Rochester Institute of Technology, Nueva York; y un&nbsp; Bachillerato en Humanidades (BA), concentraci\u00f3n en Grabado, de la Universidad de Puerto Rico, recinto de R\u00edo Piedras. En 2004 se une al colectivo de prensa alternativa Indymedia Puerto Rico para colaborar como organizador y fotoperiodista. En 2006 pasa a ser parte del colectivo de teatro de t\u00edteres Papel Machete y posteriormente, uno de sus co-directores. Hoy d\u00eda es miembro de la Junta de Directores de la organizaci\u00f3n sin fines de lucro AgitArte.<\/p>\n\n\n\n<p>Con m\u00e1s de diez a\u00f1os de experiencia como profesor del departamento de Artes Gr\u00e1ficas en la Escuela de Artes Pl\u00e1sticas y Dise\u00f1o de Puerto Rico, hoy d\u00eda ofrece cursos en el \u00e1rea de grabado del Departamento de Bellas Artes de la Universidad de Puerto Rico en R\u00edo Piedras. Se ha destacado por traer un enfoque h\u00edbrido, integrando t\u00e9cnicas tradicionales con los nuevos medios digitales.<\/p>\n\n\n<div class=\"wp-block-image\">\n<figure class=\"alignright size-medium\"><img decoding=\"async\" width=\"201\" height=\"300\" src=\"https:\/\/humanidades.uprrp.edu\/bellasartes\/wp-content\/uploads\/sites\/2\/2025\/04\/Screenshot-2025-04-09-at-2.49.38\u202fPM-201x300.png\" alt=\"\" class=\"wp-image-158\" srcset=\"https:\/\/humanidades.uprrp.edu\/bellasartes\/wp-content\/uploads\/sites\/2\/2025\/04\/Screenshot-2025-04-09-at-2.49.38\u202fPM-201x300.png 201w, https:\/\/humanidades.uprrp.edu\/bellasartes\/wp-content\/uploads\/sites\/2\/2025\/04\/Screenshot-2025-04-09-at-2.49.38\u202fPM-685x1024.png 685w, https:\/\/humanidades.uprrp.edu\/bellasartes\/wp-content\/uploads\/sites\/2\/2025\/04\/Screenshot-2025-04-09-at-2.49.38\u202fPM-768x1149.png 768w, https:\/\/humanidades.uprrp.edu\/bellasartes\/wp-content\/uploads\/sites\/2\/2025\/04\/Screenshot-2025-04-09-at-2.49.38\u202fPM-1027x1536.png 1027w, https:\/\/humanidades.uprrp.edu\/bellasartes\/wp-content\/uploads\/sites\/2\/2025\/04\/Screenshot-2025-04-09-at-2.49.38\u202fPM-700x1047.png 700w, https:\/\/humanidades.uprrp.edu\/bellasartes\/wp-content\/uploads\/sites\/2\/2025\/04\/Screenshot-2025-04-09-at-2.49.38\u202fPM-332x497.png 332w, https:\/\/humanidades.uprrp.edu\/bellasartes\/wp-content\/uploads\/sites\/2\/2025\/04\/Screenshot-2025-04-09-at-2.49.38\u202fPM-600x898.png 600w, https:\/\/humanidades.uprrp.edu\/bellasartes\/wp-content\/uploads\/sites\/2\/2025\/04\/Screenshot-2025-04-09-at-2.49.38\u202fPM.png 1242w\" sizes=\"(max-width: 201px) 100vw, 201px\" \/><\/figure>\n<\/div>\n\n\n<p>&nbsp;La obra de Javier se ha exhibido internacionalmente en varias ciudades de Estados Unidos y pa\u00edses como Jap\u00f3n, Cuba, M\u00e9xico, Rep\u00fablica Dominicana, Espa\u00f1a y Portugal. Entre sus reconocimientos, est\u00e1 el <em>Premio Carlos Marichal por Excelencia en Grabado<\/em> de la UPR, el <em>Premio para Exhibici\u00f3n Individual<\/em> en la 5ta Bienal de \u00c9vora, Portugal y el <em>Premio de Adquisici\u00f3n<\/em> de la Biblioteca Wallace en el Rochester Institute of Technology en Nueva York. Tambi\u00e9n fue publicado en el libro <em>El Cartel: voz para la resistencia<\/em> del Museo de Historia, Antropolog\u00eda y Arte de la UPR., R\u00edo Piedras.<\/p>\n\n\n\n<p>Instagram: @jmofarrill<\/p>\n\n\n\n<div class=\"wp-block-columns is-layout-flex wp-container-core-columns-is-layout-9d6595d7 wp-block-columns-is-layout-flex\">\n<div class=\"wp-block-column is-layout-flow wp-block-column-is-layout-flow\">\n<figure class=\"wp-block-gallery has-nested-images columns-default is-cropped wp-block-gallery-1 is-layout-flex wp-block-gallery-is-layout-flex\">\n<figure class=\"wp-block-image size-large\"><img decoding=\"async\" width=\"1024\" height=\"737\" data-id=\"157\" src=\"https:\/\/humanidades.uprrp.edu\/bellasartes\/wp-content\/uploads\/sites\/2\/2025\/04\/Screenshot-2025-04-09-at-2.49.10\u202fPM-1024x737.png\" alt=\"\" class=\"wp-image-157\" srcset=\"https:\/\/humanidades.uprrp.edu\/bellasartes\/wp-content\/uploads\/sites\/2\/2025\/04\/Screenshot-2025-04-09-at-2.49.10\u202fPM-1024x737.png 1024w, https:\/\/humanidades.uprrp.edu\/bellasartes\/wp-content\/uploads\/sites\/2\/2025\/04\/Screenshot-2025-04-09-at-2.49.10\u202fPM-300x216.png 300w, https:\/\/humanidades.uprrp.edu\/bellasartes\/wp-content\/uploads\/sites\/2\/2025\/04\/Screenshot-2025-04-09-at-2.49.10\u202fPM-768x552.png 768w, https:\/\/humanidades.uprrp.edu\/bellasartes\/wp-content\/uploads\/sites\/2\/2025\/04\/Screenshot-2025-04-09-at-2.49.10\u202fPM-1536x1105.png 1536w, https:\/\/humanidades.uprrp.edu\/bellasartes\/wp-content\/uploads\/sites\/2\/2025\/04\/Screenshot-2025-04-09-at-2.49.10\u202fPM-2048x1473.png 2048w, https:\/\/humanidades.uprrp.edu\/bellasartes\/wp-content\/uploads\/sites\/2\/2025\/04\/Screenshot-2025-04-09-at-2.49.10\u202fPM-700x503.png 700w, https:\/\/humanidades.uprrp.edu\/bellasartes\/wp-content\/uploads\/sites\/2\/2025\/04\/Screenshot-2025-04-09-at-2.49.10\u202fPM-332x239.png 332w, https:\/\/humanidades.uprrp.edu\/bellasartes\/wp-content\/uploads\/sites\/2\/2025\/04\/Screenshot-2025-04-09-at-2.49.10\u202fPM-600x432.png 600w\" sizes=\"(max-width: 1024px) 100vw, 1024px\" \/><\/figure>\n\n\n\n<figure class=\"wp-block-image size-large\"><img loading=\"lazy\" decoding=\"async\" width=\"1024\" height=\"809\" data-id=\"159\" src=\"https:\/\/humanidades.uprrp.edu\/bellasartes\/wp-content\/uploads\/sites\/2\/2025\/04\/Screenshot-2025-04-09-at-2.49.59\u202fPM-1024x809.png\" alt=\"\" class=\"wp-image-159\" srcset=\"https:\/\/humanidades.uprrp.edu\/bellasartes\/wp-content\/uploads\/sites\/2\/2025\/04\/Screenshot-2025-04-09-at-2.49.59\u202fPM-1024x809.png 1024w, https:\/\/humanidades.uprrp.edu\/bellasartes\/wp-content\/uploads\/sites\/2\/2025\/04\/Screenshot-2025-04-09-at-2.49.59\u202fPM-300x237.png 300w, https:\/\/humanidades.uprrp.edu\/bellasartes\/wp-content\/uploads\/sites\/2\/2025\/04\/Screenshot-2025-04-09-at-2.49.59\u202fPM-768x607.png 768w, https:\/\/humanidades.uprrp.edu\/bellasartes\/wp-content\/uploads\/sites\/2\/2025\/04\/Screenshot-2025-04-09-at-2.49.59\u202fPM-1536x1213.png 1536w, https:\/\/humanidades.uprrp.edu\/bellasartes\/wp-content\/uploads\/sites\/2\/2025\/04\/Screenshot-2025-04-09-at-2.49.59\u202fPM-700x553.png 700w, https:\/\/humanidades.uprrp.edu\/bellasartes\/wp-content\/uploads\/sites\/2\/2025\/04\/Screenshot-2025-04-09-at-2.49.59\u202fPM-332x262.png 332w, https:\/\/humanidades.uprrp.edu\/bellasartes\/wp-content\/uploads\/sites\/2\/2025\/04\/Screenshot-2025-04-09-at-2.49.59\u202fPM-600x474.png 600w, https:\/\/humanidades.uprrp.edu\/bellasartes\/wp-content\/uploads\/sites\/2\/2025\/04\/Screenshot-2025-04-09-at-2.49.59\u202fPM.png 1674w\" sizes=\"(max-width: 1024px) 100vw, 1024px\" \/><\/figure>\n<\/figure>\n<\/div>\n<\/div>\n","protected":false},"excerpt":{"rendered":"<p>Javier Maldonado O\u2019Farrill (Trujillo Alto, Puerto Rico1976)Grabadojavier.maldonado5@upr.edu Posee una Maestr\u00eda en Artes Pl\u00e1sticas (MFA), concentraci\u00f3n en Grabado No-T\u00f3xico&nbsp; y menor en pintura, del Rochester Institute of Technology, Nueva York; y un&nbsp; Bachillerato en Humanidades (BA), concentraci\u00f3n en Grabado, de la Universidad de Puerto Rico, recinto de R\u00edo Piedras. En 2004 &#8230;<\/p>\n","protected":false},"author":2,"featured_media":0,"parent":0,"menu_order":0,"comment_status":"closed","ping_status":"closed","template":"","meta":{"_eb_attr":"","_monsterinsights_skip_tracking":false,"_monsterinsights_sitenote_active":false,"_monsterinsights_sitenote_note":"","_monsterinsights_sitenote_category":0,"footnotes":""},"class_list":["post-156","page","type-page","status-publish","hentry","column","twocol"],"_links":{"self":[{"href":"https:\/\/humanidades.uprrp.edu\/bellasartes\/wp-json\/wp\/v2\/pages\/156","targetHints":{"allow":["GET"]}}],"collection":[{"href":"https:\/\/humanidades.uprrp.edu\/bellasartes\/wp-json\/wp\/v2\/pages"}],"about":[{"href":"https:\/\/humanidades.uprrp.edu\/bellasartes\/wp-json\/wp\/v2\/types\/page"}],"author":[{"embeddable":true,"href":"https:\/\/humanidades.uprrp.edu\/bellasartes\/wp-json\/wp\/v2\/users\/2"}],"replies":[{"embeddable":true,"href":"https:\/\/humanidades.uprrp.edu\/bellasartes\/wp-json\/wp\/v2\/comments?post=156"}],"version-history":[{"count":3,"href":"https:\/\/humanidades.uprrp.edu\/bellasartes\/wp-json\/wp\/v2\/pages\/156\/revisions"}],"predecessor-version":[{"id":167,"href":"https:\/\/humanidades.uprrp.edu\/bellasartes\/wp-json\/wp\/v2\/pages\/156\/revisions\/167"}],"wp:attachment":[{"href":"https:\/\/humanidades.uprrp.edu\/bellasartes\/wp-json\/wp\/v2\/media?parent=156"}],"curies":[{"name":"wp","href":"https:\/\/api.w.org\/{rel}","templated":true}]}}