{"id":152,"date":"2025-04-09T15:23:16","date_gmt":"2025-04-09T19:23:16","guid":{"rendered":"https:\/\/humanidades.uprrp.edu\/bellasartes\/?page_id=152"},"modified":"2025-04-09T15:24:35","modified_gmt":"2025-04-09T19:24:35","slug":"raymond-cruz-corchado","status":"publish","type":"page","link":"https:\/\/humanidades.uprrp.edu\/bellasartes\/raymond-cruz-corchado\/","title":{"rendered":"Raymond Cruz Corchado"},"content":{"rendered":"<div class=\"wp-block-image\">\n<figure class=\"alignleft size-medium\"><img fetchpriority=\"high\" decoding=\"async\" width=\"200\" height=\"300\" src=\"https:\/\/humanidades.uprrp.edu\/bellasartes\/wp-content\/uploads\/sites\/2\/2025\/04\/Raymond-Cruz-200x300.png\" alt=\"\" class=\"wp-image-100\" srcset=\"https:\/\/humanidades.uprrp.edu\/bellasartes\/wp-content\/uploads\/sites\/2\/2025\/04\/Raymond-Cruz-200x300.png 200w, https:\/\/humanidades.uprrp.edu\/bellasartes\/wp-content\/uploads\/sites\/2\/2025\/04\/Raymond-Cruz-683x1024.png 683w, https:\/\/humanidades.uprrp.edu\/bellasartes\/wp-content\/uploads\/sites\/2\/2025\/04\/Raymond-Cruz-768x1151.png 768w, https:\/\/humanidades.uprrp.edu\/bellasartes\/wp-content\/uploads\/sites\/2\/2025\/04\/Raymond-Cruz-700x1049.png 700w, https:\/\/humanidades.uprrp.edu\/bellasartes\/wp-content\/uploads\/sites\/2\/2025\/04\/Raymond-Cruz-332x498.png 332w, https:\/\/humanidades.uprrp.edu\/bellasartes\/wp-content\/uploads\/sites\/2\/2025\/04\/Raymond-Cruz-600x899.png 600w, https:\/\/humanidades.uprrp.edu\/bellasartes\/wp-content\/uploads\/sites\/2\/2025\/04\/Raymond-Cruz.png 834w\" sizes=\"(max-width: 200px) 100vw, 200px\" \/><\/figure>\n<\/div>\n\n\n<p><strong>Raymond Cruz Corchado<\/strong> (Humacao, Puerto Rico, 1968)<br>Multidisciplinario<br><a href=\"mailto:raymond.cruz2@upr.edu\">raymond.cruz2@upr.edu<\/a><\/p>\n\n\n\n<p>Profesor, artista visual, muse\u00f3grafo. Estudi\u00f3 en el Departamento de Bellas Artes de la Universidad de Puerto Rico, Recinto de R\u00edo Piedras (UPRRP). Se gradu\u00f3 <em>magna cum laude<\/em> del Departamento de Humanidades con una concentraci\u00f3n en pintura. Posee una Maestr\u00eda en Gesti\u00f3n y Administraci\u00f3n Cultural (MAGAC) de la UPRRP. Fue premiado con la Medalla de Alta Distinci\u00f3n Acad\u00e9mica de MAGAC.&nbsp; Realiz\u00f3 un doctorado en Arte: producci\u00f3n e investigaci\u00f3n de la Universitat Polit\u00e8cnica de Val\u00e8ncia, Espa\u00f1a. Su tesis doctoral trata sobre <em>La pintura abstracta mat\u00e9rica en Puerto Rico, 1950-2020<\/em>, obtuvo la distinci\u00f3n <em>cum laude<\/em>.<\/p>\n\n\n\n<p>&nbsp;Se desempe\u00f1a como Catedr\u00e1tico auxiliar, profesor adjunto de la Facultad de Humanidades, UPRRP. Desde el 2023, realiza la labor de Coordinador del Departamento de Bellas Artes, UPRRRP. Colabora como Coordinador del Programa de Apoyo al Artista en Formaci\u00f3n (PAAF) del Centro de Recursos de Investigaci\u00f3n Interdisciplinaria y Aprendizaje Subgraduado (CRiiAS). Actualmente es el coordinador de la Galer\u00eda de Arte de CRIIAS y la Galer\u00eda de Arte Francisco Oller.<\/p>\n\n\n\n<p>Ha dictado los siguientes cursos: ARTE3911 Fundamentos de las artes visuales bidimensional, ARTE3912 Fundamentos de las artes visuales tridimensional, HARTE 5006 Principios Operacionales de Museos y Galer\u00edas, HARTE 5007 Pr\u00e1cticas Operacionales en Museos y Galer\u00edas, HARTE 4999 Estudios Independientes en Galer\u00edas Universitarias, ARTE 3009 Arte y arte sanaci\u00f3n, ARTE 4998 Temas de la Pr\u00e1ctica Art\u00edstica Contempor\u00e1nea, ARTE 4971 Taller de Investigaci\u00f3n Creativa I, ARTE 4972 Taller de Investigaci\u00f3n Creativa II, ARTE 3816 Procesos de Pintura II, GECU 6501 Introducci\u00f3n a la museolog\u00eda, GECU 6991 Supervisi\u00f3n de Internados en gesti\u00f3n cultural, GECU 6902 Proyecto de conclusi\u00f3n de Maestr\u00eda en Gesti\u00f3n y Administraci\u00f3n. Ha sido mentor del Programa de Estudios de Honor de la UPRRP. Tambi\u00e9n ha sido mentor de Investigaciones de MAGAC y lector de tesis doctoral.&nbsp; Como muse\u00f3grafo ha trabajado en m\u00e1s de 80 proyectos expositivos.<\/p>\n\n\n\n<p><a><\/a>Cruz ha participado en exposiciones colectivas e individuales: el Museo de Arte de Ponce, Museo de Arte de Puerto Rico, Museo de Arte de Bayam\u00f3n, Museo de Arte Caribbean University, Museo Casa Escut\u00e9 en Carolina, Museo Fort\u00edn Conde de Mirasol en Vieques, SalaFAR Fundaci\u00f3n \u00c1ngel Ramos, Galer\u00eda Francisco Oller de la UPRRP, Gata de Gorgos, Espa\u00f1a, entre otros. Su obra <em>La ola Rossby, <\/em>forma parte del documental <em>El Caribe en m\u00ed<\/em>, del cineasta Juan Carlos Garc\u00eda.<\/p>\n\n\n\n<p>Instagram: @rcruzart<\/p>\n","protected":false},"excerpt":{"rendered":"<p>Raymond Cruz Corchado (Humacao, Puerto Rico, 1968)Multidisciplinarioraymond.cruz2@upr.edu Profesor, artista visual, muse\u00f3grafo. Estudi\u00f3 en el Departamento de Bellas Artes de la Universidad de Puerto Rico, Recinto de R\u00edo Piedras (UPRRP). Se gradu\u00f3 magna cum laude del Departamento de Humanidades con una concentraci\u00f3n en pintura. Posee una Maestr\u00eda en Gesti\u00f3n y Administraci\u00f3n &#8230;<\/p>\n","protected":false},"author":2,"featured_media":0,"parent":0,"menu_order":0,"comment_status":"closed","ping_status":"closed","template":"","meta":{"_eb_attr":"","_monsterinsights_skip_tracking":false,"_monsterinsights_sitenote_active":false,"_monsterinsights_sitenote_note":"","_monsterinsights_sitenote_category":0,"footnotes":""},"class_list":["post-152","page","type-page","status-publish","hentry","column","twocol"],"_links":{"self":[{"href":"https:\/\/humanidades.uprrp.edu\/bellasartes\/wp-json\/wp\/v2\/pages\/152","targetHints":{"allow":["GET"]}}],"collection":[{"href":"https:\/\/humanidades.uprrp.edu\/bellasartes\/wp-json\/wp\/v2\/pages"}],"about":[{"href":"https:\/\/humanidades.uprrp.edu\/bellasartes\/wp-json\/wp\/v2\/types\/page"}],"author":[{"embeddable":true,"href":"https:\/\/humanidades.uprrp.edu\/bellasartes\/wp-json\/wp\/v2\/users\/2"}],"replies":[{"embeddable":true,"href":"https:\/\/humanidades.uprrp.edu\/bellasartes\/wp-json\/wp\/v2\/comments?post=152"}],"version-history":[{"count":2,"href":"https:\/\/humanidades.uprrp.edu\/bellasartes\/wp-json\/wp\/v2\/pages\/152\/revisions"}],"predecessor-version":[{"id":203,"href":"https:\/\/humanidades.uprrp.edu\/bellasartes\/wp-json\/wp\/v2\/pages\/152\/revisions\/203"}],"wp:attachment":[{"href":"https:\/\/humanidades.uprrp.edu\/bellasartes\/wp-json\/wp\/v2\/media?parent=152"}],"curies":[{"name":"wp","href":"https:\/\/api.w.org\/{rel}","templated":true}]}}

<div class="wp-block-image">
<figure class="alignleft size-medium"><img fetchpriority="high" decoding="async" width="200" height="300" src="https://humanidades.uprrp.edu/bellasartes/wp-content/uploads/sites/2/2025/04/Raymond-Cruz-200x300.png" alt="" class="wp-image-100" srcset="https://humanidades.uprrp.edu/bellasartes/wp-content/uploads/sites/2/2025/04/Raymond-Cruz-200x300.png 200w, https://humanidades.uprrp.edu/bellasartes/wp-content/uploads/sites/2/2025/04/Raymond-Cruz-683x1024.png 683w, https://humanidades.uprrp.edu/bellasartes/wp-content/uploads/sites/2/2025/04/Raymond-Cruz-768x1151.png 768w, https://humanidades.uprrp.edu/bellasartes/wp-content/uploads/sites/2/2025/04/Raymond-Cruz-700x1049.png 700w, https://humanidades.uprrp.edu/bellasartes/wp-content/uploads/sites/2/2025/04/Raymond-Cruz-332x498.png 332w, https://humanidades.uprrp.edu/bellasartes/wp-content/uploads/sites/2/2025/04/Raymond-Cruz-600x899.png 600w, https://humanidades.uprrp.edu/bellasartes/wp-content/uploads/sites/2/2025/04/Raymond-Cruz.png 834w" sizes="(max-width: 200px) 100vw, 200px" /></figure>
</div>


<p><strong>Raymond Cruz Corchado</strong> (Humacao, Puerto Rico, 1968)<br>Multidisciplinario<br><a href="mailto:raymond.cruz2@upr.edu">raymond.cruz2@upr.edu</a></p>



<p>Profesor, artista visual, museógrafo. Estudió en el Departamento de Bellas Artes de la Universidad de Puerto Rico, Recinto de Río Piedras (UPRRP). Se graduó <em>magna cum laude</em> del Departamento de Humanidades con una concentración en pintura. Posee una Maestría en Gestión y Administración Cultural (MAGAC) de la UPRRP. Fue premiado con la Medalla de Alta Distinción Académica de MAGAC.&nbsp; Realizó un doctorado en Arte: producción e investigación de la Universitat Politècnica de València, España. Su tesis doctoral trata sobre <em>La pintura abstracta matérica en Puerto Rico, 1950-2020</em>, obtuvo la distinción <em>cum laude</em>.</p>



<p>&nbsp;Se desempeña como Catedrático auxiliar, profesor adjunto de la Facultad de Humanidades, UPRRP. Desde el 2023, realiza la labor de Coordinador del Departamento de Bellas Artes, UPRRRP. Colabora como Coordinador del Programa de Apoyo al Artista en Formación (PAAF) del Centro de Recursos de Investigación Interdisciplinaria y Aprendizaje Subgraduado (CRiiAS). Actualmente es el coordinador de la Galería de Arte de CRIIAS y la Galería de Arte Francisco Oller.</p>



<p>Ha dictado los siguientes cursos: ARTE3911 Fundamentos de las artes visuales bidimensional, ARTE3912 Fundamentos de las artes visuales tridimensional, HARTE 5006 Principios Operacionales de Museos y Galerías, HARTE 5007 Prácticas Operacionales en Museos y Galerías, HARTE 4999 Estudios Independientes en Galerías Universitarias, ARTE 3009 Arte y arte sanación, ARTE 4998 Temas de la Práctica Artística Contemporánea, ARTE 4971 Taller de Investigación Creativa I, ARTE 4972 Taller de Investigación Creativa II, ARTE 3816 Procesos de Pintura II, GECU 6501 Introducción a la museología, GECU 6991 Supervisión de Internados en gestión cultural, GECU 6902 Proyecto de conclusión de Maestría en Gestión y Administración. Ha sido mentor del Programa de Estudios de Honor de la UPRRP. También ha sido mentor de Investigaciones de MAGAC y lector de tesis doctoral.&nbsp; Como museógrafo ha trabajado en más de 80 proyectos expositivos.</p>



<p><a></a>Cruz ha participado en exposiciones colectivas e individuales: el Museo de Arte de Ponce, Museo de Arte de Puerto Rico, Museo de Arte de Bayamón, Museo de Arte Caribbean University, Museo Casa Escuté en Carolina, Museo Fortín Conde de Mirasol en Vieques, SalaFAR Fundación Ángel Ramos, Galería Francisco Oller de la UPRRP, Gata de Gorgos, España, entre otros. Su obra <em>La ola Rossby, </em>forma parte del documental <em>El Caribe en mí</em>, del cineasta Juan Carlos García.</p>



<p>Instagram: @rcruzart</p>

<p>Raymond Cruz Corchado (Humacao, Puerto Rico, 1968)Multidisciplinarioraymond.cruz2@upr.edu Profesor, artista visual, museógrafo. Estudió en el Departamento de Bellas Artes de la Universidad de Puerto Rico, Recinto de Río Piedras (UPRRP). Se graduó magna cum laude del Departamento de Humanidades con una concentración en pintura. Posee una Maestría en Gestión y Administración &#8230;</p>
