{"id":143,"date":"2025-04-09T14:24:56","date_gmt":"2025-04-09T18:24:56","guid":{"rendered":"https:\/\/humanidades.uprrp.edu\/bellasartes\/?page_id=143"},"modified":"2025-04-09T15:27:33","modified_gmt":"2025-04-09T19:27:33","slug":"juan-bautista-climent-palmer","status":"publish","type":"page","link":"https:\/\/humanidades.uprrp.edu\/bellasartes\/juan-bautista-climent-palmer\/","title":{"rendered":"Juan Bautista Clim\u00e9nt Palmer"},"content":{"rendered":"<div class=\"wp-block-image\">\n<figure class=\"alignleft size-medium\"><img fetchpriority=\"high\" decoding=\"async\" width=\"200\" height=\"300\" src=\"https:\/\/humanidades.uprrp.edu\/bellasartes\/wp-content\/uploads\/sites\/2\/2025\/04\/Ciment-Palmer-200x300.png\" alt=\"\" class=\"wp-image-99\" srcset=\"https:\/\/humanidades.uprrp.edu\/bellasartes\/wp-content\/uploads\/sites\/2\/2025\/04\/Ciment-Palmer-200x300.png 200w, https:\/\/humanidades.uprrp.edu\/bellasartes\/wp-content\/uploads\/sites\/2\/2025\/04\/Ciment-Palmer-683x1024.png 683w, https:\/\/humanidades.uprrp.edu\/bellasartes\/wp-content\/uploads\/sites\/2\/2025\/04\/Ciment-Palmer-768x1151.png 768w, https:\/\/humanidades.uprrp.edu\/bellasartes\/wp-content\/uploads\/sites\/2\/2025\/04\/Ciment-Palmer-700x1049.png 700w, https:\/\/humanidades.uprrp.edu\/bellasartes\/wp-content\/uploads\/sites\/2\/2025\/04\/Ciment-Palmer-332x498.png 332w, https:\/\/humanidades.uprrp.edu\/bellasartes\/wp-content\/uploads\/sites\/2\/2025\/04\/Ciment-Palmer-600x899.png 600w, https:\/\/humanidades.uprrp.edu\/bellasartes\/wp-content\/uploads\/sites\/2\/2025\/04\/Ciment-Palmer.png 834w\" sizes=\"(max-width: 200px) 100vw, 200px\" \/><\/figure>\n<\/div>\n\n\n<p><strong>Juan Bautista Clim\u00e9nt Palmer <\/strong>(1989, M\u00e9xico)<br>Dibujo, pintura, escultura<br><a href=\"mailto:juan.climent1@upr.edu\">juan.climent1@upr.edu<\/a><\/p>\n\n\n\n<p>Juan Bautista Climent es un artista que centra su pr\u00e1ctica en el dibujo, la pintura y la escultura del cuerpo humano con el fin de contemplarlo en su estado original de inocencia. Climent dibuja al ser humano anterior a la civilizaci\u00f3n, libre de juicios morales, o bien, busca los breves asomos de gestos ingenuos en nuestra cotidianidad contempor\u00e1nea, cuando distra\u00eddos, nos olvidamos del juicio y la culpa aprendida, y nuestro cuerpo expresa por un instante a su verdadera naturaleza, que es la inocencia.<\/p>\n\n\n\n<p>Curs\u00f3 sus estudios en pintura en la Escuela de Artes Pl\u00e1sticas y Dise\u00f1o de Puerto Rico. Es Doctor Cum Laude en Historia y Artes por la Universidad de Granada, universidad con la que actualmente colabora formando parte del equipo de investigaci\u00f3n Remaker, dedicado a estudiar nuevos paradigmas de la artesan\u00eda tradicional en el arte contempor\u00e1neo. Es profesor en el Departamento de Bellas Artes de la Universidad de Puerto Rico (Recinto de R\u00edo Piedras). Ha mostrado su obra en numerosas exposiciones individuales y colectivas, en galer\u00edas, museos y espacios alternativos, en Estados Unidos, Puerto Rico, M\u00e9xico, Espa\u00f1a, Italia, y Alemania.<\/p>\n\n\n\n<figure class=\"wp-block-gallery has-nested-images columns-default is-cropped wp-block-gallery-1 is-layout-flex wp-block-gallery-is-layout-flex\">\n<figure class=\"wp-block-image size-large\"><img decoding=\"async\" width=\"1024\" height=\"750\" data-id=\"144\" src=\"https:\/\/humanidades.uprrp.edu\/bellasartes\/wp-content\/uploads\/sites\/2\/2025\/04\/ElDesahogodeUrayoan-1024x750.png\" alt=\"\" class=\"wp-image-144\" srcset=\"https:\/\/humanidades.uprrp.edu\/bellasartes\/wp-content\/uploads\/sites\/2\/2025\/04\/ElDesahogodeUrayoan-1024x750.png 1024w, https:\/\/humanidades.uprrp.edu\/bellasartes\/wp-content\/uploads\/sites\/2\/2025\/04\/ElDesahogodeUrayoan-300x220.png 300w, https:\/\/humanidades.uprrp.edu\/bellasartes\/wp-content\/uploads\/sites\/2\/2025\/04\/ElDesahogodeUrayoan-768x563.png 768w, https:\/\/humanidades.uprrp.edu\/bellasartes\/wp-content\/uploads\/sites\/2\/2025\/04\/ElDesahogodeUrayoan-1536x1126.png 1536w, https:\/\/humanidades.uprrp.edu\/bellasartes\/wp-content\/uploads\/sites\/2\/2025\/04\/ElDesahogodeUrayoan-700x513.png 700w, https:\/\/humanidades.uprrp.edu\/bellasartes\/wp-content\/uploads\/sites\/2\/2025\/04\/ElDesahogodeUrayoan-332x243.png 332w, https:\/\/humanidades.uprrp.edu\/bellasartes\/wp-content\/uploads\/sites\/2\/2025\/04\/ElDesahogodeUrayoan-600x440.png 600w, https:\/\/humanidades.uprrp.edu\/bellasartes\/wp-content\/uploads\/sites\/2\/2025\/04\/ElDesahogodeUrayoan.png 1718w\" sizes=\"(max-width: 1024px) 100vw, 1024px\" \/><figcaption class=\"wp-element-caption\">El Grabado del Sol en la Cueva<\/figcaption><\/figure>\n\n\n\n<figure class=\"wp-block-image size-large\"><img decoding=\"async\" width=\"1024\" height=\"752\" data-id=\"146\" src=\"https:\/\/humanidades.uprrp.edu\/bellasartes\/wp-content\/uploads\/sites\/2\/2025\/04\/Screenshot-2025-04-09-at-2.23.39\u202fPM-1024x752.png\" alt=\"\" class=\"wp-image-146\" srcset=\"https:\/\/humanidades.uprrp.edu\/bellasartes\/wp-content\/uploads\/sites\/2\/2025\/04\/Screenshot-2025-04-09-at-2.23.39\u202fPM-1024x752.png 1024w, https:\/\/humanidades.uprrp.edu\/bellasartes\/wp-content\/uploads\/sites\/2\/2025\/04\/Screenshot-2025-04-09-at-2.23.39\u202fPM-300x220.png 300w, https:\/\/humanidades.uprrp.edu\/bellasartes\/wp-content\/uploads\/sites\/2\/2025\/04\/Screenshot-2025-04-09-at-2.23.39\u202fPM-768x564.png 768w, https:\/\/humanidades.uprrp.edu\/bellasartes\/wp-content\/uploads\/sites\/2\/2025\/04\/Screenshot-2025-04-09-at-2.23.39\u202fPM-1536x1129.png 1536w, https:\/\/humanidades.uprrp.edu\/bellasartes\/wp-content\/uploads\/sites\/2\/2025\/04\/Screenshot-2025-04-09-at-2.23.39\u202fPM-2048x1505.png 2048w, https:\/\/humanidades.uprrp.edu\/bellasartes\/wp-content\/uploads\/sites\/2\/2025\/04\/Screenshot-2025-04-09-at-2.23.39\u202fPM-700x514.png 700w, https:\/\/humanidades.uprrp.edu\/bellasartes\/wp-content\/uploads\/sites\/2\/2025\/04\/Screenshot-2025-04-09-at-2.23.39\u202fPM-332x244.png 332w, https:\/\/humanidades.uprrp.edu\/bellasartes\/wp-content\/uploads\/sites\/2\/2025\/04\/Screenshot-2025-04-09-at-2.23.39\u202fPM-600x441.png 600w\" sizes=\"(max-width: 1024px) 100vw, 1024px\" \/><figcaption class=\"wp-element-caption\">El Desahogo de Urayoan<\/figcaption><\/figure>\n<\/figure>\n","protected":false},"excerpt":{"rendered":"<p>Juan Bautista Clim\u00e9nt Palmer (1989, M\u00e9xico)Dibujo, pintura, esculturajuan.climent1@upr.edu Juan Bautista Climent es un artista que centra su pr\u00e1ctica en el dibujo, la pintura y la escultura del cuerpo humano con el fin de contemplarlo en su estado original de inocencia. Climent dibuja al ser humano anterior a la civilizaci\u00f3n, libre &#8230;<\/p>\n","protected":false},"author":2,"featured_media":0,"parent":0,"menu_order":0,"comment_status":"closed","ping_status":"closed","template":"","meta":{"_eb_attr":"","_monsterinsights_skip_tracking":false,"_monsterinsights_sitenote_active":false,"_monsterinsights_sitenote_note":"","_monsterinsights_sitenote_category":0,"footnotes":""},"class_list":["post-143","page","type-page","status-publish","hentry","column","twocol"],"_links":{"self":[{"href":"https:\/\/humanidades.uprrp.edu\/bellasartes\/wp-json\/wp\/v2\/pages\/143","targetHints":{"allow":["GET"]}}],"collection":[{"href":"https:\/\/humanidades.uprrp.edu\/bellasartes\/wp-json\/wp\/v2\/pages"}],"about":[{"href":"https:\/\/humanidades.uprrp.edu\/bellasartes\/wp-json\/wp\/v2\/types\/page"}],"author":[{"embeddable":true,"href":"https:\/\/humanidades.uprrp.edu\/bellasartes\/wp-json\/wp\/v2\/users\/2"}],"replies":[{"embeddable":true,"href":"https:\/\/humanidades.uprrp.edu\/bellasartes\/wp-json\/wp\/v2\/comments?post=143"}],"version-history":[{"count":3,"href":"https:\/\/humanidades.uprrp.edu\/bellasartes\/wp-json\/wp\/v2\/pages\/143\/revisions"}],"predecessor-version":[{"id":205,"href":"https:\/\/humanidades.uprrp.edu\/bellasartes\/wp-json\/wp\/v2\/pages\/143\/revisions\/205"}],"wp:attachment":[{"href":"https:\/\/humanidades.uprrp.edu\/bellasartes\/wp-json\/wp\/v2\/media?parent=143"}],"curies":[{"name":"wp","href":"https:\/\/api.w.org\/{rel}","templated":true}]}}

Juan Bautista Climént Palmer

<div class="wp-block-image">
<figure class="alignleft size-medium"><img fetchpriority="high" decoding="async" width="200" height="300" src="https://humanidades.uprrp.edu/bellasartes/wp-content/uploads/sites/2/2025/04/Ciment-Palmer-200x300.png" alt="" class="wp-image-99" srcset="https://humanidades.uprrp.edu/bellasartes/wp-content/uploads/sites/2/2025/04/Ciment-Palmer-200x300.png 200w, https://humanidades.uprrp.edu/bellasartes/wp-content/uploads/sites/2/2025/04/Ciment-Palmer-683x1024.png 683w, https://humanidades.uprrp.edu/bellasartes/wp-content/uploads/sites/2/2025/04/Ciment-Palmer-768x1151.png 768w, https://humanidades.uprrp.edu/bellasartes/wp-content/uploads/sites/2/2025/04/Ciment-Palmer-700x1049.png 700w, https://humanidades.uprrp.edu/bellasartes/wp-content/uploads/sites/2/2025/04/Ciment-Palmer-332x498.png 332w, https://humanidades.uprrp.edu/bellasartes/wp-content/uploads/sites/2/2025/04/Ciment-Palmer-600x899.png 600w, https://humanidades.uprrp.edu/bellasartes/wp-content/uploads/sites/2/2025/04/Ciment-Palmer.png 834w" sizes="(max-width: 200px) 100vw, 200px" /></figure>
</div>


<p><strong>Juan Bautista Climént Palmer </strong>(1989, México)<br>Dibujo, pintura, escultura<br><a href="mailto:juan.climent1@upr.edu">juan.climent1@upr.edu</a></p>



<p>Juan Bautista Climent es un artista que centra su práctica en el dibujo, la pintura y la escultura del cuerpo humano con el fin de contemplarlo en su estado original de inocencia. Climent dibuja al ser humano anterior a la civilización, libre de juicios morales, o bien, busca los breves asomos de gestos ingenuos en nuestra cotidianidad contemporánea, cuando distraídos, nos olvidamos del juicio y la culpa aprendida, y nuestro cuerpo expresa por un instante a su verdadera naturaleza, que es la inocencia.</p>



<p>Cursó sus estudios en pintura en la Escuela de Artes Plásticas y Diseño de Puerto Rico. Es Doctor Cum Laude en Historia y Artes por la Universidad de Granada, universidad con la que actualmente colabora formando parte del equipo de investigación Remaker, dedicado a estudiar nuevos paradigmas de la artesanía tradicional en el arte contemporáneo. Es profesor en el Departamento de Bellas Artes de la Universidad de Puerto Rico (Recinto de Río Piedras). Ha mostrado su obra en numerosas exposiciones individuales y colectivas, en galerías, museos y espacios alternativos, en Estados Unidos, Puerto Rico, México, España, Italia, y Alemania.</p>



<figure class="wp-block-gallery has-nested-images columns-default is-cropped wp-block-gallery-1 is-layout-flex wp-block-gallery-is-layout-flex">
<figure class="wp-block-image size-large"><img decoding="async" width="1024" height="750" data-id="144" src="https://humanidades.uprrp.edu/bellasartes/wp-content/uploads/sites/2/2025/04/ElDesahogodeUrayoan-1024x750.png" alt="" class="wp-image-144" srcset="https://humanidades.uprrp.edu/bellasartes/wp-content/uploads/sites/2/2025/04/ElDesahogodeUrayoan-1024x750.png 1024w, https://humanidades.uprrp.edu/bellasartes/wp-content/uploads/sites/2/2025/04/ElDesahogodeUrayoan-300x220.png 300w, https://humanidades.uprrp.edu/bellasartes/wp-content/uploads/sites/2/2025/04/ElDesahogodeUrayoan-768x563.png 768w, https://humanidades.uprrp.edu/bellasartes/wp-content/uploads/sites/2/2025/04/ElDesahogodeUrayoan-1536x1126.png 1536w, https://humanidades.uprrp.edu/bellasartes/wp-content/uploads/sites/2/2025/04/ElDesahogodeUrayoan-700x513.png 700w, https://humanidades.uprrp.edu/bellasartes/wp-content/uploads/sites/2/2025/04/ElDesahogodeUrayoan-332x243.png 332w, https://humanidades.uprrp.edu/bellasartes/wp-content/uploads/sites/2/2025/04/ElDesahogodeUrayoan-600x440.png 600w, https://humanidades.uprrp.edu/bellasartes/wp-content/uploads/sites/2/2025/04/ElDesahogodeUrayoan.png 1718w" sizes="(max-width: 1024px) 100vw, 1024px" /><figcaption class="wp-element-caption">El Grabado del Sol en la Cueva</figcaption></figure>



<figure class="wp-block-image size-large"><img decoding="async" width="1024" height="752" data-id="146" src="https://humanidades.uprrp.edu/bellasartes/wp-content/uploads/sites/2/2025/04/Screenshot-2025-04-09-at-2.23.39 PM-1024x752.png" alt="" class="wp-image-146" srcset="https://humanidades.uprrp.edu/bellasartes/wp-content/uploads/sites/2/2025/04/Screenshot-2025-04-09-at-2.23.39 PM-1024x752.png 1024w, https://humanidades.uprrp.edu/bellasartes/wp-content/uploads/sites/2/2025/04/Screenshot-2025-04-09-at-2.23.39 PM-300x220.png 300w, https://humanidades.uprrp.edu/bellasartes/wp-content/uploads/sites/2/2025/04/Screenshot-2025-04-09-at-2.23.39 PM-768x564.png 768w, https://humanidades.uprrp.edu/bellasartes/wp-content/uploads/sites/2/2025/04/Screenshot-2025-04-09-at-2.23.39 PM-1536x1129.png 1536w, https://humanidades.uprrp.edu/bellasartes/wp-content/uploads/sites/2/2025/04/Screenshot-2025-04-09-at-2.23.39 PM-2048x1505.png 2048w, https://humanidades.uprrp.edu/bellasartes/wp-content/uploads/sites/2/2025/04/Screenshot-2025-04-09-at-2.23.39 PM-700x514.png 700w, https://humanidades.uprrp.edu/bellasartes/wp-content/uploads/sites/2/2025/04/Screenshot-2025-04-09-at-2.23.39 PM-332x244.png 332w, https://humanidades.uprrp.edu/bellasartes/wp-content/uploads/sites/2/2025/04/Screenshot-2025-04-09-at-2.23.39 PM-600x441.png 600w" sizes="(max-width: 1024px) 100vw, 1024px" /><figcaption class="wp-element-caption">El Desahogo de Urayoan</figcaption></figure>
</figure>

<p>Juan Bautista Climént Palmer (1989, México)Dibujo, pintura, esculturajuan.climent1@upr.edu Juan Bautista Climent es un artista que centra su práctica en el dibujo, la pintura y la escultura del cuerpo humano con el fin de contemplarlo en su estado original de inocencia. Climent dibuja al ser humano anterior a la civilización, libre &#8230;</p>
