{"id":127,"date":"2025-04-09T14:03:08","date_gmt":"2025-04-09T18:03:08","guid":{"rendered":"https:\/\/humanidades.uprrp.edu\/bellasartes\/?page_id=127"},"modified":"2025-04-09T14:03:10","modified_gmt":"2025-04-09T18:03:10","slug":"dr-pablo-rubio-sexto","status":"publish","type":"page","link":"https:\/\/humanidades.uprrp.edu\/bellasartes\/dr-pablo-rubio-sexto\/","title":{"rendered":"Dr. Pablo Rubio Sexto"},"content":{"rendered":"<div class=\"wp-block-image\">\n<figure class=\"alignleft size-medium\"><img fetchpriority=\"high\" decoding=\"async\" width=\"200\" height=\"300\" src=\"https:\/\/humanidades.uprrp.edu\/bellasartes\/wp-content\/uploads\/sites\/2\/2025\/04\/Rubio-200x300.png\" alt=\"\" class=\"wp-image-95\" srcset=\"https:\/\/humanidades.uprrp.edu\/bellasartes\/wp-content\/uploads\/sites\/2\/2025\/04\/Rubio-200x300.png 200w, https:\/\/humanidades.uprrp.edu\/bellasartes\/wp-content\/uploads\/sites\/2\/2025\/04\/Rubio-683x1024.png 683w, https:\/\/humanidades.uprrp.edu\/bellasartes\/wp-content\/uploads\/sites\/2\/2025\/04\/Rubio-768x1151.png 768w, https:\/\/humanidades.uprrp.edu\/bellasartes\/wp-content\/uploads\/sites\/2\/2025\/04\/Rubio-700x1049.png 700w, https:\/\/humanidades.uprrp.edu\/bellasartes\/wp-content\/uploads\/sites\/2\/2025\/04\/Rubio-332x498.png 332w, https:\/\/humanidades.uprrp.edu\/bellasartes\/wp-content\/uploads\/sites\/2\/2025\/04\/Rubio-600x899.png 600w, https:\/\/humanidades.uprrp.edu\/bellasartes\/wp-content\/uploads\/sites\/2\/2025\/04\/Rubio.png 834w\" sizes=\"(max-width: 200px) 100vw, 200px\" \/><\/figure>\n<\/div>\n\n\n<p><strong>Dr. Pablo Rubio Sexto <\/strong>(San Juan, Puerto Rico,1944)<br>Escultura \/ Dibujo<br><a href=\"mailto:pablo.rubio1@upr.edu\">pablo.rubio1@upr.edu<\/a><\/p>\n\n\n\n<p>Es un reconocido escultor monumental, pintor y grabador.&nbsp; Se desempe\u00f1a como Catedr\u00e1tico de la Universidad de Puerto Rico desde 1986. Obtiene una Maestr\u00eda en Artes de la State University of New York en Buffalo; un Bachillerato en Artes Pl\u00e1sticas de la Escuela de Artes Pl\u00e1sticas del Instituto de Cultura Puertorrique\u00f1a. y en el 2022 le fue conferido un Doctorado Honoris Causa por la Caribbean University. Es uno de los artistas puertorrique\u00f1os de mayor proyecci\u00f3n internacional, participando en bienales, simposios y eventos.&nbsp; Tiene esculturas monumentales y de gran formato en Suiza, Rep\u00fablica Dominicana, Corea, Guadalupe, Espa\u00f1a, Ecuador, Estados Unidos, Venezuela y otros.&nbsp; En Puerto Rico tiene su obra m\u00e1s larga, <strong><em>Estrella del Norte,<\/em><\/strong> que mide 616\u2019 pies de largo; una de las m\u00e1s altas: <strong><em>Ra\u00edces: La Ceiba <\/em><\/strong>que mide 100\u2019 pies de alto; el primer <em>m\u00f3vil monumental<\/em> de Puerto Rico, <strong><em>La Ni\u00f1a, la Pinta y la Santa Mar\u00eda<\/em><\/strong>, de 50\u2019, 35\u2019 y 27\u2019 respectivamente.<\/p>\n\n\n\n<p>Su compromiso con el arte de su pa\u00eds y del mundo lo ha llevado a armonizar tecnolog\u00eda, materia, espacio, sensibilidad y naturaleza dentro de una obra que logra destacarse por la monumentalidad en su creaci\u00f3n al rescate de espacios urbanos en conflicto. Sus ejecutorias como escultor, pintor, grabador, dise\u00f1ador, educador e incansable gestor de proyectos para el desarrollo de nuestra cultura latinoamericana, han influenciado y sentado pautas en la obra monumental, ambiental y urbana de su pa\u00eds y muchos pa\u00edses.<\/p>\n\n\n\n<p>Ha sido gestor y co-fundador de importantes organizaciones, congresos y eventos como: Primer Taller de Arte para Impedidos; la Asociaci\u00f3n de Escultores de Puerto Rico; I, II, y III Simposio Internacional de Escultura de Puerto Rico, entre muchos otros. Ha servido de jurado, curador y fue Comisario de la XXII Bienal de Sao Paulo Brasil.&nbsp; Ha participado en unas 130 Exhibiciones colectivas y 10 individuales.<\/p>\n\n\n\n<p>Le han conferido m\u00e1s de 70 premios y distinciones de m\u00e9rito nacional e internacional en Puerto Rico y el Museo Ol\u00edmpico de Suiza, Quito, Ecuador; nominado para el Kyoto Prize in Creative and Moral Sciences y el International Award for Public Art (AIAPA), la Asociaci\u00f3n de Cr\u00edticos de Arte de Puerto Rico (AICA) le ha conferido 4 premios siendo el m\u00e1s reciente&nbsp; &#8211; Premio Homenaje a la trayectoria en Artes Visuales en Escultura en 2019, entre muchos otros.&nbsp; En el 1996 la ciudad de Le Lamentin en Guadalupe, le confiere el homenaje de convertir su escultura (<strong><em>Coucher de Soleil en Guadeloupe<\/em><\/strong>) en el emblema y sello oficial de la ciudad. Ha escrito unos 86 ensayos, art\u00edculos y rese\u00f1as de los cuales le han publicado m\u00e1s de 30 en cat\u00e1logos, peri\u00f3dicos, revistas y cat\u00e1logos. Ha dise\u00f1ado 12 gu\u00edas curriculares para cursos, talleres y seminarios de escultura a nivel universitario entre las que est\u00e1n Procesos de Escultura I y II; Escultura Experimental; Escultura en Metal; Escultura en Madera; Escultura en Piedra; Escultura en Cemento; Escultura Monumental; Taller Avanzado de Escultura I,II,III; T\u00e9cnicas de Fundici\u00f3n, entre otros.&nbsp;<\/p>\n\n\n\n<figure class=\"wp-block-gallery has-nested-images columns-default is-cropped wp-block-gallery-1 is-layout-flex wp-block-gallery-is-layout-flex\">\n<figure class=\"wp-block-image size-large\"><img decoding=\"async\" width=\"1024\" height=\"791\" data-id=\"128\" src=\"https:\/\/humanidades.uprrp.edu\/bellasartes\/wp-content\/uploads\/sites\/2\/2025\/04\/Estrella-del-Norte.-acero-inox-60_-Alto-X-616_largo-X116_-P-Premio-Certamen-2003-Parque-PR-5-Bayamoi\u0300n-PR-2008-foto-Pedro-Martinez--1024x791.jpeg\" alt=\"\" class=\"wp-image-128\" srcset=\"https:\/\/humanidades.uprrp.edu\/bellasartes\/wp-content\/uploads\/sites\/2\/2025\/04\/Estrella-del-Norte.-acero-inox-60_-Alto-X-616_largo-X116_-P-Premio-Certamen-2003-Parque-PR-5-Bayamoi\u0300n-PR-2008-foto-Pedro-Martinez--1024x791.jpeg 1024w, https:\/\/humanidades.uprrp.edu\/bellasartes\/wp-content\/uploads\/sites\/2\/2025\/04\/Estrella-del-Norte.-acero-inox-60_-Alto-X-616_largo-X116_-P-Premio-Certamen-2003-Parque-PR-5-Bayamoi\u0300n-PR-2008-foto-Pedro-Martinez--300x232.jpeg 300w, https:\/\/humanidades.uprrp.edu\/bellasartes\/wp-content\/uploads\/sites\/2\/2025\/04\/Estrella-del-Norte.-acero-inox-60_-Alto-X-616_largo-X116_-P-Premio-Certamen-2003-Parque-PR-5-Bayamoi\u0300n-PR-2008-foto-Pedro-Martinez--768x593.jpeg 768w, https:\/\/humanidades.uprrp.edu\/bellasartes\/wp-content\/uploads\/sites\/2\/2025\/04\/Estrella-del-Norte.-acero-inox-60_-Alto-X-616_largo-X116_-P-Premio-Certamen-2003-Parque-PR-5-Bayamoi\u0300n-PR-2008-foto-Pedro-Martinez--1536x1187.jpeg 1536w, https:\/\/humanidades.uprrp.edu\/bellasartes\/wp-content\/uploads\/sites\/2\/2025\/04\/Estrella-del-Norte.-acero-inox-60_-Alto-X-616_largo-X116_-P-Premio-Certamen-2003-Parque-PR-5-Bayamoi\u0300n-PR-2008-foto-Pedro-Martinez--700x541.jpeg 700w, https:\/\/humanidades.uprrp.edu\/bellasartes\/wp-content\/uploads\/sites\/2\/2025\/04\/Estrella-del-Norte.-acero-inox-60_-Alto-X-616_largo-X116_-P-Premio-Certamen-2003-Parque-PR-5-Bayamoi\u0300n-PR-2008-foto-Pedro-Martinez--332x257.jpeg 332w, https:\/\/humanidades.uprrp.edu\/bellasartes\/wp-content\/uploads\/sites\/2\/2025\/04\/Estrella-del-Norte.-acero-inox-60_-Alto-X-616_largo-X116_-P-Premio-Certamen-2003-Parque-PR-5-Bayamoi\u0300n-PR-2008-foto-Pedro-Martinez--600x464.jpeg 600w, https:\/\/humanidades.uprrp.edu\/bellasartes\/wp-content\/uploads\/sites\/2\/2025\/04\/Estrella-del-Norte.-acero-inox-60_-Alto-X-616_largo-X116_-P-Premio-Certamen-2003-Parque-PR-5-Bayamoi\u0300n-PR-2008-foto-Pedro-Martinez-.jpeg 1553w\" sizes=\"(max-width: 1024px) 100vw, 1024px\" \/><figcaption class=\"wp-element-caption\">Estrella del Norte, 2008<\/figcaption><\/figure>\n\n\n\n<figure class=\"wp-block-image size-large\"><img decoding=\"async\" width=\"621\" height=\"1024\" data-id=\"129\" src=\"https:\/\/humanidades.uprrp.edu\/bellasartes\/wp-content\/uploads\/sites\/2\/2025\/04\/Screenshot-2025-04-09-at-1.57.29\u202fPM-621x1024.png\" alt=\"\" class=\"wp-image-129\" srcset=\"https:\/\/humanidades.uprrp.edu\/bellasartes\/wp-content\/uploads\/sites\/2\/2025\/04\/Screenshot-2025-04-09-at-1.57.29\u202fPM-621x1024.png 621w, https:\/\/humanidades.uprrp.edu\/bellasartes\/wp-content\/uploads\/sites\/2\/2025\/04\/Screenshot-2025-04-09-at-1.57.29\u202fPM-182x300.png 182w, https:\/\/humanidades.uprrp.edu\/bellasartes\/wp-content\/uploads\/sites\/2\/2025\/04\/Screenshot-2025-04-09-at-1.57.29\u202fPM-768x1266.png 768w, https:\/\/humanidades.uprrp.edu\/bellasartes\/wp-content\/uploads\/sites\/2\/2025\/04\/Screenshot-2025-04-09-at-1.57.29\u202fPM-932x1536.png 932w, https:\/\/humanidades.uprrp.edu\/bellasartes\/wp-content\/uploads\/sites\/2\/2025\/04\/Screenshot-2025-04-09-at-1.57.29\u202fPM-700x1154.png 700w, https:\/\/humanidades.uprrp.edu\/bellasartes\/wp-content\/uploads\/sites\/2\/2025\/04\/Screenshot-2025-04-09-at-1.57.29\u202fPM-332x547.png 332w, https:\/\/humanidades.uprrp.edu\/bellasartes\/wp-content\/uploads\/sites\/2\/2025\/04\/Screenshot-2025-04-09-at-1.57.29\u202fPM-600x989.png 600w, https:\/\/humanidades.uprrp.edu\/bellasartes\/wp-content\/uploads\/sites\/2\/2025\/04\/Screenshot-2025-04-09-at-1.57.29\u202fPM.png 1132w\" sizes=\"(max-width: 621px) 100vw, 621px\" \/><figcaption class=\"wp-element-caption\">Flamboy\u00e1n, 1999<\/figcaption><\/figure>\n\n\n\n<figure class=\"wp-block-image size-large\"><img loading=\"lazy\" decoding=\"async\" width=\"473\" height=\"1024\" data-id=\"130\" src=\"https:\/\/humanidades.uprrp.edu\/bellasartes\/wp-content\/uploads\/sites\/2\/2025\/04\/Screenshot-2025-04-09-at-1.58.20\u202fPM-473x1024.png\" alt=\"\" class=\"wp-image-130\" srcset=\"https:\/\/humanidades.uprrp.edu\/bellasartes\/wp-content\/uploads\/sites\/2\/2025\/04\/Screenshot-2025-04-09-at-1.58.20\u202fPM-473x1024.png 473w, https:\/\/humanidades.uprrp.edu\/bellasartes\/wp-content\/uploads\/sites\/2\/2025\/04\/Screenshot-2025-04-09-at-1.58.20\u202fPM-139x300.png 139w, https:\/\/humanidades.uprrp.edu\/bellasartes\/wp-content\/uploads\/sites\/2\/2025\/04\/Screenshot-2025-04-09-at-1.58.20\u202fPM-768x1661.png 768w, https:\/\/humanidades.uprrp.edu\/bellasartes\/wp-content\/uploads\/sites\/2\/2025\/04\/Screenshot-2025-04-09-at-1.58.20\u202fPM-710x1536.png 710w, https:\/\/humanidades.uprrp.edu\/bellasartes\/wp-content\/uploads\/sites\/2\/2025\/04\/Screenshot-2025-04-09-at-1.58.20\u202fPM-700x1514.png 700w, https:\/\/humanidades.uprrp.edu\/bellasartes\/wp-content\/uploads\/sites\/2\/2025\/04\/Screenshot-2025-04-09-at-1.58.20\u202fPM-332x718.png 332w, https:\/\/humanidades.uprrp.edu\/bellasartes\/wp-content\/uploads\/sites\/2\/2025\/04\/Screenshot-2025-04-09-at-1.58.20\u202fPM-600x1298.png 600w, https:\/\/humanidades.uprrp.edu\/bellasartes\/wp-content\/uploads\/sites\/2\/2025\/04\/Screenshot-2025-04-09-at-1.58.20\u202fPM.png 860w\" sizes=\"(max-width: 473px) 100vw, 473px\" \/><figcaption class=\"wp-element-caption\">Honor al Tiempo, 1985<\/figcaption><\/figure>\n<\/figure>\n\n\n\n<p><\/p>\n","protected":false},"excerpt":{"rendered":"<p>Dr. Pablo Rubio Sexto (San Juan, Puerto Rico,1944)Escultura \/ Dibujopablo.rubio1@upr.edu Es un reconocido escultor monumental, pintor y grabador.&nbsp; Se desempe\u00f1a como Catedr\u00e1tico de la Universidad de Puerto Rico desde 1986. Obtiene una Maestr\u00eda en Artes de la State University of New York en Buffalo; un Bachillerato en Artes Pl\u00e1sticas de &#8230;<\/p>\n","protected":false},"author":2,"featured_media":0,"parent":0,"menu_order":0,"comment_status":"closed","ping_status":"closed","template":"","meta":{"_eb_attr":"","_monsterinsights_skip_tracking":false,"_monsterinsights_sitenote_active":false,"_monsterinsights_sitenote_note":"","_monsterinsights_sitenote_category":0,"footnotes":""},"class_list":["post-127","page","type-page","status-publish","hentry","column","twocol"],"_links":{"self":[{"href":"https:\/\/humanidades.uprrp.edu\/bellasartes\/wp-json\/wp\/v2\/pages\/127","targetHints":{"allow":["GET"]}}],"collection":[{"href":"https:\/\/humanidades.uprrp.edu\/bellasartes\/wp-json\/wp\/v2\/pages"}],"about":[{"href":"https:\/\/humanidades.uprrp.edu\/bellasartes\/wp-json\/wp\/v2\/types\/page"}],"author":[{"embeddable":true,"href":"https:\/\/humanidades.uprrp.edu\/bellasartes\/wp-json\/wp\/v2\/users\/2"}],"replies":[{"embeddable":true,"href":"https:\/\/humanidades.uprrp.edu\/bellasartes\/wp-json\/wp\/v2\/comments?post=127"}],"version-history":[{"count":1,"href":"https:\/\/humanidades.uprrp.edu\/bellasartes\/wp-json\/wp\/v2\/pages\/127\/revisions"}],"predecessor-version":[{"id":131,"href":"https:\/\/humanidades.uprrp.edu\/bellasartes\/wp-json\/wp\/v2\/pages\/127\/revisions\/131"}],"wp:attachment":[{"href":"https:\/\/humanidades.uprrp.edu\/bellasartes\/wp-json\/wp\/v2\/media?parent=127"}],"curies":[{"name":"wp","href":"https:\/\/api.w.org\/{rel}","templated":true}]}}

<div class="wp-block-image">
<figure class="alignleft size-medium"><img fetchpriority="high" decoding="async" width="200" height="300" src="https://humanidades.uprrp.edu/bellasartes/wp-content/uploads/sites/2/2025/04/Rubio-200x300.png" alt="" class="wp-image-95" srcset="https://humanidades.uprrp.edu/bellasartes/wp-content/uploads/sites/2/2025/04/Rubio-200x300.png 200w, https://humanidades.uprrp.edu/bellasartes/wp-content/uploads/sites/2/2025/04/Rubio-683x1024.png 683w, https://humanidades.uprrp.edu/bellasartes/wp-content/uploads/sites/2/2025/04/Rubio-768x1151.png 768w, https://humanidades.uprrp.edu/bellasartes/wp-content/uploads/sites/2/2025/04/Rubio-700x1049.png 700w, https://humanidades.uprrp.edu/bellasartes/wp-content/uploads/sites/2/2025/04/Rubio-332x498.png 332w, https://humanidades.uprrp.edu/bellasartes/wp-content/uploads/sites/2/2025/04/Rubio-600x899.png 600w, https://humanidades.uprrp.edu/bellasartes/wp-content/uploads/sites/2/2025/04/Rubio.png 834w" sizes="(max-width: 200px) 100vw, 200px" /></figure>
</div>


<p><strong>Dr. Pablo Rubio Sexto </strong>(San Juan, Puerto Rico,1944)<br>Escultura / Dibujo<br><a href="mailto:pablo.rubio1@upr.edu">pablo.rubio1@upr.edu</a></p>



<p>Es un reconocido escultor monumental, pintor y grabador.&nbsp; Se desempeña como Catedrático de la Universidad de Puerto Rico desde 1986. Obtiene una Maestría en Artes de la State University of New York en Buffalo; un Bachillerato en Artes Plásticas de la Escuela de Artes Plásticas del Instituto de Cultura Puertorriqueña. y en el 2022 le fue conferido un Doctorado Honoris Causa por la Caribbean University. Es uno de los artistas puertorriqueños de mayor proyección internacional, participando en bienales, simposios y eventos.&nbsp; Tiene esculturas monumentales y de gran formato en Suiza, República Dominicana, Corea, Guadalupe, España, Ecuador, Estados Unidos, Venezuela y otros.&nbsp; En Puerto Rico tiene su obra más larga, <strong><em>Estrella del Norte,</em></strong> que mide 616’ pies de largo; una de las más altas: <strong><em>Raíces: La Ceiba </em></strong>que mide 100’ pies de alto; el primer <em>móvil monumental</em> de Puerto Rico, <strong><em>La Niña, la Pinta y la Santa María</em></strong>, de 50’, 35’ y 27’ respectivamente.</p>



<p>Su compromiso con el arte de su país y del mundo lo ha llevado a armonizar tecnología, materia, espacio, sensibilidad y naturaleza dentro de una obra que logra destacarse por la monumentalidad en su creación al rescate de espacios urbanos en conflicto. Sus ejecutorias como escultor, pintor, grabador, diseñador, educador e incansable gestor de proyectos para el desarrollo de nuestra cultura latinoamericana, han influenciado y sentado pautas en la obra monumental, ambiental y urbana de su país y muchos países.</p>



<p>Ha sido gestor y co-fundador de importantes organizaciones, congresos y eventos como: Primer Taller de Arte para Impedidos; la Asociación de Escultores de Puerto Rico; I, II, y III Simposio Internacional de Escultura de Puerto Rico, entre muchos otros. Ha servido de jurado, curador y fue Comisario de la XXII Bienal de Sao Paulo Brasil.&nbsp; Ha participado en unas 130 Exhibiciones colectivas y 10 individuales.</p>



<p>Le han conferido más de 70 premios y distinciones de mérito nacional e internacional en Puerto Rico y el Museo Olímpico de Suiza, Quito, Ecuador; nominado para el Kyoto Prize in Creative and Moral Sciences y el International Award for Public Art (AIAPA), la Asociación de Críticos de Arte de Puerto Rico (AICA) le ha conferido 4 premios siendo el más reciente&nbsp; &#8211; Premio Homenaje a la trayectoria en Artes Visuales en Escultura en 2019, entre muchos otros.&nbsp; En el 1996 la ciudad de Le Lamentin en Guadalupe, le confiere el homenaje de convertir su escultura (<strong><em>Coucher de Soleil en Guadeloupe</em></strong>) en el emblema y sello oficial de la ciudad. Ha escrito unos 86 ensayos, artículos y reseñas de los cuales le han publicado más de 30 en catálogos, periódicos, revistas y catálogos. Ha diseñado 12 guías curriculares para cursos, talleres y seminarios de escultura a nivel universitario entre las que están Procesos de Escultura I y II; Escultura Experimental; Escultura en Metal; Escultura en Madera; Escultura en Piedra; Escultura en Cemento; Escultura Monumental; Taller Avanzado de Escultura I,II,III; Técnicas de Fundición, entre otros.&nbsp;</p>



<figure class="wp-block-gallery has-nested-images columns-default is-cropped wp-block-gallery-1 is-layout-flex wp-block-gallery-is-layout-flex">
<figure class="wp-block-image size-large"><img decoding="async" width="1024" height="791" data-id="128" src="https://humanidades.uprrp.edu/bellasartes/wp-content/uploads/sites/2/2025/04/Estrella-del-Norte.-acero-inox-60_-Alto-X-616_largo-X116_-P-Premio-Certamen-2003-Parque-PR-5-Bayamoìn-PR-2008-foto-Pedro-Martinez--1024x791.jpeg" alt="" class="wp-image-128" srcset="https://humanidades.uprrp.edu/bellasartes/wp-content/uploads/sites/2/2025/04/Estrella-del-Norte.-acero-inox-60_-Alto-X-616_largo-X116_-P-Premio-Certamen-2003-Parque-PR-5-Bayamoìn-PR-2008-foto-Pedro-Martinez--1024x791.jpeg 1024w, https://humanidades.uprrp.edu/bellasartes/wp-content/uploads/sites/2/2025/04/Estrella-del-Norte.-acero-inox-60_-Alto-X-616_largo-X116_-P-Premio-Certamen-2003-Parque-PR-5-Bayamoìn-PR-2008-foto-Pedro-Martinez--300x232.jpeg 300w, https://humanidades.uprrp.edu/bellasartes/wp-content/uploads/sites/2/2025/04/Estrella-del-Norte.-acero-inox-60_-Alto-X-616_largo-X116_-P-Premio-Certamen-2003-Parque-PR-5-Bayamoìn-PR-2008-foto-Pedro-Martinez--768x593.jpeg 768w, https://humanidades.uprrp.edu/bellasartes/wp-content/uploads/sites/2/2025/04/Estrella-del-Norte.-acero-inox-60_-Alto-X-616_largo-X116_-P-Premio-Certamen-2003-Parque-PR-5-Bayamoìn-PR-2008-foto-Pedro-Martinez--1536x1187.jpeg 1536w, https://humanidades.uprrp.edu/bellasartes/wp-content/uploads/sites/2/2025/04/Estrella-del-Norte.-acero-inox-60_-Alto-X-616_largo-X116_-P-Premio-Certamen-2003-Parque-PR-5-Bayamoìn-PR-2008-foto-Pedro-Martinez--700x541.jpeg 700w, https://humanidades.uprrp.edu/bellasartes/wp-content/uploads/sites/2/2025/04/Estrella-del-Norte.-acero-inox-60_-Alto-X-616_largo-X116_-P-Premio-Certamen-2003-Parque-PR-5-Bayamoìn-PR-2008-foto-Pedro-Martinez--332x257.jpeg 332w, https://humanidades.uprrp.edu/bellasartes/wp-content/uploads/sites/2/2025/04/Estrella-del-Norte.-acero-inox-60_-Alto-X-616_largo-X116_-P-Premio-Certamen-2003-Parque-PR-5-Bayamoìn-PR-2008-foto-Pedro-Martinez--600x464.jpeg 600w, https://humanidades.uprrp.edu/bellasartes/wp-content/uploads/sites/2/2025/04/Estrella-del-Norte.-acero-inox-60_-Alto-X-616_largo-X116_-P-Premio-Certamen-2003-Parque-PR-5-Bayamoìn-PR-2008-foto-Pedro-Martinez-.jpeg 1553w" sizes="(max-width: 1024px) 100vw, 1024px" /><figcaption class="wp-element-caption">Estrella del Norte, 2008</figcaption></figure>



<figure class="wp-block-image size-large"><img decoding="async" width="621" height="1024" data-id="129" src="https://humanidades.uprrp.edu/bellasartes/wp-content/uploads/sites/2/2025/04/Screenshot-2025-04-09-at-1.57.29 PM-621x1024.png" alt="" class="wp-image-129" srcset="https://humanidades.uprrp.edu/bellasartes/wp-content/uploads/sites/2/2025/04/Screenshot-2025-04-09-at-1.57.29 PM-621x1024.png 621w, https://humanidades.uprrp.edu/bellasartes/wp-content/uploads/sites/2/2025/04/Screenshot-2025-04-09-at-1.57.29 PM-182x300.png 182w, https://humanidades.uprrp.edu/bellasartes/wp-content/uploads/sites/2/2025/04/Screenshot-2025-04-09-at-1.57.29 PM-768x1266.png 768w, https://humanidades.uprrp.edu/bellasartes/wp-content/uploads/sites/2/2025/04/Screenshot-2025-04-09-at-1.57.29 PM-932x1536.png 932w, https://humanidades.uprrp.edu/bellasartes/wp-content/uploads/sites/2/2025/04/Screenshot-2025-04-09-at-1.57.29 PM-700x1154.png 700w, https://humanidades.uprrp.edu/bellasartes/wp-content/uploads/sites/2/2025/04/Screenshot-2025-04-09-at-1.57.29 PM-332x547.png 332w, https://humanidades.uprrp.edu/bellasartes/wp-content/uploads/sites/2/2025/04/Screenshot-2025-04-09-at-1.57.29 PM-600x989.png 600w, https://humanidades.uprrp.edu/bellasartes/wp-content/uploads/sites/2/2025/04/Screenshot-2025-04-09-at-1.57.29 PM.png 1132w" sizes="(max-width: 621px) 100vw, 621px" /><figcaption class="wp-element-caption">Flamboyán, 1999</figcaption></figure>



<figure class="wp-block-image size-large"><img loading="lazy" decoding="async" width="473" height="1024" data-id="130" src="https://humanidades.uprrp.edu/bellasartes/wp-content/uploads/sites/2/2025/04/Screenshot-2025-04-09-at-1.58.20 PM-473x1024.png" alt="" class="wp-image-130" srcset="https://humanidades.uprrp.edu/bellasartes/wp-content/uploads/sites/2/2025/04/Screenshot-2025-04-09-at-1.58.20 PM-473x1024.png 473w, https://humanidades.uprrp.edu/bellasartes/wp-content/uploads/sites/2/2025/04/Screenshot-2025-04-09-at-1.58.20 PM-139x300.png 139w, https://humanidades.uprrp.edu/bellasartes/wp-content/uploads/sites/2/2025/04/Screenshot-2025-04-09-at-1.58.20 PM-768x1661.png 768w, https://humanidades.uprrp.edu/bellasartes/wp-content/uploads/sites/2/2025/04/Screenshot-2025-04-09-at-1.58.20 PM-710x1536.png 710w, https://humanidades.uprrp.edu/bellasartes/wp-content/uploads/sites/2/2025/04/Screenshot-2025-04-09-at-1.58.20 PM-700x1514.png 700w, https://humanidades.uprrp.edu/bellasartes/wp-content/uploads/sites/2/2025/04/Screenshot-2025-04-09-at-1.58.20 PM-332x718.png 332w, https://humanidades.uprrp.edu/bellasartes/wp-content/uploads/sites/2/2025/04/Screenshot-2025-04-09-at-1.58.20 PM-600x1298.png 600w, https://humanidades.uprrp.edu/bellasartes/wp-content/uploads/sites/2/2025/04/Screenshot-2025-04-09-at-1.58.20 PM.png 860w" sizes="(max-width: 473px) 100vw, 473px" /><figcaption class="wp-element-caption">Honor al Tiempo, 1985</figcaption></figure>
</figure>



<p></p>

<p>Dr. Pablo Rubio Sexto (San Juan, Puerto Rico,1944)Escultura / Dibujopablo.rubio1@upr.edu Es un reconocido escultor monumental, pintor y grabador.&nbsp; Se desempeña como Catedrático de la Universidad de Puerto Rico desde 1986. Obtiene una Maestría en Artes de la State University of New York en Buffalo; un Bachillerato en Artes Plásticas de &#8230;</p>
