{"id":640,"date":"2013-09-18T15:41:25","date_gmt":"2013-09-18T15:41:25","guid":{"rendered":"https:\/\/humanidades.uprrp.edu\/asuntosestudiantiles\/?page_id=640"},"modified":"2023-11-16T09:53:28","modified_gmt":"2023-11-16T13:53:28","slug":"directorio-2","status":"publish","type":"page","link":"https:\/\/humanidades.uprrp.edu\/asuntosestudiantiles\/directorio-2\/","title":{"rendered":"Directorio"},"content":{"rendered":"<p><strong>Julissa Rodr\u00edguez Rivera<\/strong><br \/>\n<span style=\"color: #000000;\">Decana Auxiliar de Asuntos Estudiantiles<\/span><br \/>\n<span style=\"color: #000000;\"> Facultad de Humanidades<\/span><br \/>\n<span style=\"color: #000000;\"> (787) 764-0000 Ext. 89384<\/span><br \/>\n<a href=\"mailto:julissa.rodriguez2@upr.edu\"> julissa.rodriguez2@upr.edu\u00a0<\/a><\/p>\n<p><strong>Nidia Liz Ramos Garc\u00eda<\/strong><br \/>\nOficial de Asuntos Estudiantiles I<br \/>\n(787) 764-0000 Ext. 89385<br \/>\n<a href=\"mailto:nidia.ramos1@upr.edu\">nidia.ramos1@upr.edu<\/a><\/p>\n<p><strong>Ana C. Nev\u00e1rez B\u00e1ez<\/strong><br \/>\n<span style=\"color: #000000;\">Oficial de Informaci\u00f3n<\/span><br \/>\n<span style=\"color: #000000;\"> (787) 764-0000 Ext. 89380<\/span><\/p>\n","protected":false},"excerpt":{"rendered":"<p>Julissa Rodr\u00edguez Rivera Decana Auxiliar de Asuntos Estudiantiles Facultad de Humanidades (787) 764-0000 Ext. 89384 julissa.rodriguez2@upr.edu\u00a0 Nidia Liz Ramos Garc\u00eda Oficial de Asuntos Estudiantiles I (787) 764-0000 Ext. 89385 nidia.ramos1@upr.edu Ana C. Nev\u00e1rez B\u00e1ez Oficial de Informaci\u00f3n (787) 764-0000 Ext. 89380<\/p>\n","protected":false},"author":3,"featured_media":0,"parent":0,"menu_order":0,"comment_status":"closed","ping_status":"closed","template":"","meta":{"footnotes":""},"class_list":["post-640","page","type-page","status-publish","hentry","column","onecol"],"_links":{"self":[{"href":"https:\/\/humanidades.uprrp.edu\/asuntosestudiantiles\/wp-json\/wp\/v2\/pages\/640","targetHints":{"allow":["GET"]}}],"collection":[{"href":"https:\/\/humanidades.uprrp.edu\/asuntosestudiantiles\/wp-json\/wp\/v2\/pages"}],"about":[{"href":"https:\/\/humanidades.uprrp.edu\/asuntosestudiantiles\/wp-json\/wp\/v2\/types\/page"}],"author":[{"embeddable":true,"href":"https:\/\/humanidades.uprrp.edu\/asuntosestudiantiles\/wp-json\/wp\/v2\/users\/3"}],"replies":[{"embeddable":true,"href":"https:\/\/humanidades.uprrp.edu\/asuntosestudiantiles\/wp-json\/wp\/v2\/comments?post=640"}],"version-history":[{"count":25,"href":"https:\/\/humanidades.uprrp.edu\/asuntosestudiantiles\/wp-json\/wp\/v2\/pages\/640\/revisions"}],"predecessor-version":[{"id":2852,"href":"https:\/\/humanidades.uprrp.edu\/asuntosestudiantiles\/wp-json\/wp\/v2\/pages\/640\/revisions\/2852"}],"wp:attachment":[{"href":"https:\/\/humanidades.uprrp.edu\/asuntosestudiantiles\/wp-json\/wp\/v2\/media?parent=640"}],"curies":[{"name":"wp","href":"https:\/\/api.w.org\/{rel}","templated":true}]}}